[Date Prev][Date Next][Thread Prev][Thread Next][Date Index][Thread Index] [xen-unstable-smoke test] 176005: tolerable all pass - PUSHED
flight 176005 xen-unstable-smoke real [real] http://logs.test-lab.xenproject.org/osstest/logs/176005/ Failures :-/ but no regressions. Tests which did not succeed, but are not blocking: test-amd64-amd64-libvirt 15 migrate-support-check fail never pass test-armhf-armhf-xl 15 migrate-support-check fail never pass test-armhf-armhf-xl 16 saverestore-support-check fail never pass test-arm64-arm64-xl-xsm 15 migrate-support-check fail never pass test-arm64-arm64-xl-xsm 16 saverestore-support-check fail never pass version targeted for testing: xen 56f3782633c252dcec9c96eb345f95fb9557cea7 baseline version: xen 93017efd7c441420318e46443a06e40fa6f1b6d4 Last test of basis 176001 2023-01-20 16:04:11 Z 0 days Testing same since 176005 2023-01-20 21:01:59 Z 0 days 1 attempts ------------------------------------------------------------ People who touched revisions under test: Julien Grall <jgrall@xxxxxxxxxx> jobs: build-arm64-xsm pass build-amd64 pass build-armhf pass build-amd64-libvirt pass test-armhf-armhf-xl pass test-arm64-arm64-xl-xsm pass test-amd64-amd64-xl-qemuu-debianhvm-amd64 pass test-amd64-amd64-libvirt pass ------------------------------------------------------------ sg-report-flight on osstest.test-lab.xenproject.org logs: /home/logs/logs images: /home/logs/images Logs, config files, etc. are available at http://logs.test-lab.xenproject.org/osstest/logs Explanation of these reports, and of osstest in general, is at http://xenbits.xen.org/gitweb/?p=osstest.git;a=blob;f=README.email;hb=master http://xenbits.xen.org/gitweb/?p=osstest.git;a=blob;f=README;hb=master Test harness code can be found at http://xenbits.xen.org/gitweb?p=osstest.git;a=summary Pushing revision : To xenbits.xen.org:/home/xen/git/xen.git 93017efd7c..56f3782633 56f3782633c252dcec9c96eb345f95fb9557cea7 -> smoke
|
Lists.xenproject.org is hosted with RackSpace, monitoring our |