[Date Prev][Date Next][Thread Prev][Thread Next][Date Index][Thread Index] [qemu-mainline test] 175735: regressions - FAIL
flight 175735 qemu-mainline real [real] flight 175742 qemu-mainline real-retest [real] http://logs.test-lab.xenproject.org/osstest/logs/175735/ http://logs.test-lab.xenproject.org/osstest/logs/175742/ Regressions :-( Tests which did not succeed and are blocking, including tests which could not be run: test-amd64-i386-qemuu-rhel6hvm-amd 7 xen-install fail REGR. vs. 175623 test-amd64-i386-xl-vhd 21 guest-start/debian.repeat fail REGR. vs. 175623 Tests which are failing intermittently (not blocking): test-amd64-i386-pair 10 xen-install/src_host fail in 175742 pass in 175735 test-amd64-i386-pair 11 xen-install/dst_host fail pass in 175742-retest Tests which did not succeed, but are not blocking: test-amd64-amd64-xl-qemuu-win7-amd64 19 guest-stop fail like 175623 test-armhf-armhf-libvirt 16 saverestore-support-check fail like 175623 test-amd64-i386-xl-qemuu-win7-amd64 19 guest-stop fail like 175623 test-amd64-amd64-xl-qemuu-ws16-amd64 19 guest-stop fail like 175623 test-armhf-armhf-libvirt-qcow2 15 saverestore-support-check fail like 175623 test-armhf-armhf-libvirt-raw 15 saverestore-support-check fail like 175623 test-amd64-i386-xl-qemuu-ws16-amd64 19 guest-stop fail like 175623 test-amd64-amd64-qemuu-nested-amd 20 debian-hvm-install/l1/l2 fail like 175623 test-amd64-i386-xl-pvshim 14 guest-start fail never pass test-amd64-amd64-libvirt-xsm 15 migrate-support-check fail never pass test-amd64-i386-libvirt 15 migrate-support-check fail never pass test-amd64-i386-libvirt-xsm 15 migrate-support-check fail never pass test-arm64-arm64-xl-seattle 15 migrate-support-check fail never pass test-arm64-arm64-xl-seattle 16 saverestore-support-check fail never pass test-amd64-amd64-libvirt 15 migrate-support-check fail never pass test-arm64-arm64-xl 15 migrate-support-check fail never pass test-arm64-arm64-xl 16 saverestore-support-check fail never pass test-arm64-arm64-xl-credit2 15 migrate-support-check fail never pass test-arm64-arm64-xl-credit2 16 saverestore-support-check fail never pass test-arm64-arm64-xl-xsm 15 migrate-support-check fail never pass test-arm64-arm64-xl-xsm 16 saverestore-support-check fail never pass test-arm64-arm64-xl-credit1 15 migrate-support-check fail never pass test-arm64-arm64-xl-credit1 16 saverestore-support-check fail never pass test-arm64-arm64-libvirt-xsm 15 migrate-support-check fail never pass test-arm64-arm64-libvirt-xsm 16 saverestore-support-check fail never pass test-arm64-arm64-xl-thunderx 15 migrate-support-check fail never pass test-arm64-arm64-xl-thunderx 16 saverestore-support-check fail never pass test-amd64-amd64-libvirt-qemuu-debianhvm-amd64-xsm 13 migrate-support-check fail never pass test-amd64-i386-libvirt-qemuu-debianhvm-amd64-xsm 13 migrate-support-check fail never pass test-amd64-i386-libvirt-raw 14 migrate-support-check fail never pass test-arm64-arm64-libvirt-raw 14 migrate-support-check fail never pass test-arm64-arm64-libvirt-raw 15 saverestore-support-check fail never pass test-armhf-armhf-xl-rtds 15 migrate-support-check fail never pass test-armhf-armhf-xl-rtds 16 saverestore-support-check fail never pass test-amd64-amd64-libvirt-vhd 14 migrate-support-check fail never pass test-armhf-armhf-xl-credit1 15 migrate-support-check fail never pass test-armhf-armhf-xl-credit1 16 saverestore-support-check fail never pass test-armhf-armhf-xl-multivcpu 15 migrate-support-check fail never pass test-armhf-armhf-xl-multivcpu 16 saverestore-support-check fail never pass test-armhf-armhf-xl-cubietruck 15 migrate-support-check fail never pass test-armhf-armhf-xl-cubietruck 16 saverestore-support-check fail never pass test-armhf-armhf-libvirt 15 migrate-support-check fail never pass test-arm64-arm64-xl-vhd 14 migrate-support-check fail never pass test-arm64-arm64-xl-vhd 15 saverestore-support-check fail never pass test-armhf-armhf-xl-credit2 15 migrate-support-check fail never pass test-armhf-armhf-xl-credit2 16 saverestore-support-check fail never pass test-armhf-armhf-libvirt-qcow2 14 migrate-support-check fail never pass test-armhf-armhf-xl-arndale 15 migrate-support-check fail never pass test-armhf-armhf-xl-arndale 16 saverestore-support-check fail never pass test-armhf-armhf-libvirt-raw 14 migrate-support-check fail never pass test-armhf-armhf-xl 15 migrate-support-check fail never pass test-armhf-armhf-xl 16 saverestore-support-check fail never pass test-armhf-armhf-xl-vhd 14 migrate-support-check fail never pass test-armhf-armhf-xl-vhd 15 saverestore-support-check fail never pass version targeted for testing: qemuu aa96ab7c9df59c615ca82b49c9062819e0a1c287 baseline version: qemuu 0ab12aa32462817f0a53fa6f6ce4baf664ef1713 Last test of basis 175623 2023-01-07 23:09:00 Z 4 days Failing since 175627 2023-01-08 14:40:14 Z 3 days 20 attempts Testing same since 175654 2023-01-09 18:08:58 Z 2 days 15 attempts ------------------------------------------------------------ People who touched revisions under test: Ard Biesheuvel <ardb@xxxxxxxxxx> Bernhard Beschow <shentey@xxxxxxxxx> Christian Borntraeger <borntraeger@xxxxxxxxxxxxx> Cindy Lu <lulu@xxxxxxxxxx> Dongli Zhang <dongli.zhang@xxxxxxxxxx> Eugenio Pérez <eperezma@xxxxxxxxxx> Greg Kurz <groug@xxxxxxxx> Guoyi Tu <tugy@xxxxxxxxxxxxxxx> Hyman Huang(黄勇) <huangy81@xxxxxxxxxxxxxxx> Igor Mammedov <imammedo@xxxxxxxxxx> Jason Wang <jasowang@xxxxxxxxxx> Jonathan Cameron <Jonathan.Cameron@xxxxxxxxxx> Kai Huang <kai.huang@xxxxxxxxx> Laszlo Ersek <lersek@xxxxxxxxxx> Lei Xiang <leixiang@xxxxxxxxxx> leixiang <leixiang@xxxxxxxxxx> Liuxiangdong <liuxiangdong5@xxxxxxxxxx> Longpeng <longpeng2@xxxxxxxxxx> Lubomir Rintel <lkundrak@xxxxx> Marc-André Lureau <marcandre.lureau@xxxxxxxxxx> Markus Armbruster <armbru@xxxxxxxxxx> Michael S. Tsirkin <mst@xxxxxxxxxx> Nikita Ivanov <nivanov@xxxxxxxxxxxxxx> Paolo Bonzini <pbonzini@xxxxxxxxxx> Peter Maydell <peter.maydell@xxxxxxxxxx> Philippe Mathieu-Daudé <philmd@xxxxxxxxxx> Richard Henderson <richard.henderson@xxxxxxxxxx> Thomas Huth <thuth@xxxxxxxxxx> Yanan Wang <wangyanan55@xxxxxxxxxx> Yicong Yang <yangyicong@xxxxxxxxxxxxx> Zeng Chi <zengchi@xxxxxxxxxx> jobs: build-amd64-xsm pass build-arm64-xsm pass build-i386-xsm pass build-amd64 pass build-arm64 pass build-armhf pass build-i386 pass build-amd64-libvirt pass build-arm64-libvirt pass build-armhf-libvirt pass build-i386-libvirt pass build-amd64-pvops pass build-arm64-pvops pass build-armhf-pvops pass build-i386-pvops pass test-amd64-amd64-xl pass test-amd64-coresched-amd64-xl pass test-arm64-arm64-xl pass test-armhf-armhf-xl pass test-amd64-i386-xl pass test-amd64-coresched-i386-xl pass test-amd64-amd64-libvirt-qemuu-debianhvm-amd64-xsm pass test-amd64-i386-libvirt-qemuu-debianhvm-amd64-xsm pass test-amd64-amd64-xl-qemuu-debianhvm-i386-xsm pass test-amd64-i386-xl-qemuu-debianhvm-i386-xsm pass test-amd64-amd64-libvirt-xsm pass test-arm64-arm64-libvirt-xsm pass test-amd64-i386-libvirt-xsm pass test-amd64-amd64-xl-xsm pass test-arm64-arm64-xl-xsm pass test-amd64-i386-xl-xsm pass test-amd64-amd64-qemuu-nested-amd fail test-amd64-amd64-xl-pvhv2-amd pass test-amd64-i386-qemuu-rhel6hvm-amd fail test-amd64-amd64-dom0pvh-xl-amd pass test-amd64-amd64-xl-qemuu-debianhvm-amd64 pass test-amd64-i386-xl-qemuu-debianhvm-amd64 pass test-amd64-i386-freebsd10-amd64 pass test-amd64-amd64-qemuu-freebsd11-amd64 pass test-amd64-amd64-qemuu-freebsd12-amd64 pass test-amd64-amd64-xl-qemuu-ovmf-amd64 pass test-amd64-i386-xl-qemuu-ovmf-amd64 pass test-amd64-amd64-xl-qemuu-win7-amd64 fail test-amd64-i386-xl-qemuu-win7-amd64 fail test-amd64-amd64-xl-qemuu-ws16-amd64 fail test-amd64-i386-xl-qemuu-ws16-amd64 fail test-armhf-armhf-xl-arndale pass test-amd64-amd64-xl-credit1 pass test-arm64-arm64-xl-credit1 pass test-armhf-armhf-xl-credit1 pass test-amd64-amd64-xl-credit2 pass test-arm64-arm64-xl-credit2 pass test-armhf-armhf-xl-credit2 pass test-armhf-armhf-xl-cubietruck pass test-amd64-amd64-xl-qemuu-dmrestrict-amd64-dmrestrict pass test-amd64-i386-xl-qemuu-dmrestrict-amd64-dmrestrict pass test-amd64-i386-freebsd10-i386 pass test-amd64-amd64-qemuu-nested-intel pass test-amd64-amd64-xl-pvhv2-intel pass test-amd64-i386-qemuu-rhel6hvm-intel pass test-amd64-amd64-dom0pvh-xl-intel pass test-amd64-amd64-libvirt pass test-armhf-armhf-libvirt pass test-amd64-i386-libvirt pass test-amd64-amd64-xl-multivcpu pass test-armhf-armhf-xl-multivcpu pass test-amd64-amd64-pair pass test-amd64-i386-pair fail test-amd64-amd64-libvirt-pair pass test-amd64-i386-libvirt-pair pass test-amd64-amd64-xl-pvshim pass test-amd64-i386-xl-pvshim fail test-amd64-amd64-pygrub pass test-armhf-armhf-libvirt-qcow2 pass test-amd64-amd64-xl-qcow2 pass test-arm64-arm64-libvirt-raw pass test-armhf-armhf-libvirt-raw pass test-amd64-i386-libvirt-raw pass test-amd64-amd64-xl-rtds pass test-armhf-armhf-xl-rtds pass test-arm64-arm64-xl-seattle pass test-amd64-amd64-xl-qemuu-debianhvm-amd64-shadow pass test-amd64-i386-xl-qemuu-debianhvm-amd64-shadow pass test-amd64-amd64-xl-shadow pass test-amd64-i386-xl-shadow pass test-arm64-arm64-xl-thunderx pass test-amd64-amd64-libvirt-vhd pass test-arm64-arm64-xl-vhd pass test-armhf-armhf-xl-vhd pass test-amd64-i386-xl-vhd fail ------------------------------------------------------------ sg-report-flight on osstest.test-lab.xenproject.org logs: /home/logs/logs images: /home/logs/images Logs, config files, etc. are available at http://logs.test-lab.xenproject.org/osstest/logs Explanation of these reports, and of osstest in general, is at http://xenbits.xen.org/gitweb/?p=osstest.git;a=blob;f=README.email;hb=master http://xenbits.xen.org/gitweb/?p=osstest.git;a=blob;f=README;hb=master Test harness code can be found at http://xenbits.xen.org/gitweb?p=osstest.git;a=summary Not pushing. (No revision log; it would be 2556 lines long.)
|
![]() |
Lists.xenproject.org is hosted with RackSpace, monitoring our |