[Date Prev][Date Next][Thread Prev][Thread Next][Date Index][Thread Index] [xen-unstable-smoke test] 175589: tolerable all pass - PUSHED
flight 175589 xen-unstable-smoke real [real] http://logs.test-lab.xenproject.org/osstest/logs/175589/ Failures :-/ but no regressions. Tests which did not succeed, but are not blocking: test-amd64-amd64-libvirt 15 migrate-support-check fail never pass test-arm64-arm64-xl-xsm 15 migrate-support-check fail never pass test-arm64-arm64-xl-xsm 16 saverestore-support-check fail never pass test-armhf-armhf-xl 15 migrate-support-check fail never pass test-armhf-armhf-xl 16 saverestore-support-check fail never pass version targeted for testing: xen 671f50ffab3329c5497208da89620322b9721a77 baseline version: xen c1df06afe578f698ebe91a1e3817463b9d165123 Last test of basis 175568 2023-01-04 14:00:26 Z 1 days Testing same since 175589 2023-01-05 16:01:55 Z 0 days 1 attempts ------------------------------------------------------------ People who touched revisions under test: Demi Marie Obenour <demi@xxxxxxxxxxxxxxxxxxxxxx> Jan Beulich <jbeulich@xxxxxxxx> jobs: build-arm64-xsm pass build-amd64 pass build-armhf pass build-amd64-libvirt pass test-armhf-armhf-xl pass test-arm64-arm64-xl-xsm pass test-amd64-amd64-xl-qemuu-debianhvm-amd64 pass test-amd64-amd64-libvirt pass ------------------------------------------------------------ sg-report-flight on osstest.test-lab.xenproject.org logs: /home/logs/logs images: /home/logs/images Logs, config files, etc. are available at http://logs.test-lab.xenproject.org/osstest/logs Explanation of these reports, and of osstest in general, is at http://xenbits.xen.org/gitweb/?p=osstest.git;a=blob;f=README.email;hb=master http://xenbits.xen.org/gitweb/?p=osstest.git;a=blob;f=README;hb=master Test harness code can be found at http://xenbits.xen.org/gitweb?p=osstest.git;a=summary Pushing revision : To xenbits.xen.org:/home/xen/git/xen.git c1df06afe5..671f50ffab 671f50ffab3329c5497208da89620322b9721a77 -> smoke
|
![]() |
Lists.xenproject.org is hosted with RackSpace, monitoring our |