[Date Prev][Date Next][Thread Prev][Thread Next][Date Index][Thread Index] [linux-linus test] 173462: tolerable FAIL - PUSHED
flight 173462 linux-linus real [real] flight 173467 linux-linus real-retest [real] http://logs.test-lab.xenproject.org/osstest/logs/173462/ http://logs.test-lab.xenproject.org/osstest/logs/173467/ Failures :-/ but no regressions. Tests which are failing intermittently (not blocking): test-amd64-amd64-pair 21 debian-fixup/dst_host fail pass in 173467-retest Tests which did not succeed, but are not blocking: test-amd64-amd64-xl-qemut-win7-amd64 19 guest-stop fail like 173456 test-amd64-amd64-xl-qemuu-ws16-amd64 19 guest-stop fail like 173456 test-amd64-amd64-xl-qemuu-win7-amd64 19 guest-stop fail like 173456 test-amd64-amd64-qemuu-nested-amd 20 debian-hvm-install/l1/l2 fail like 173456 test-armhf-armhf-libvirt-qcow2 15 saverestore-support-check fail like 173456 test-armhf-armhf-libvirt-raw 15 saverestore-support-check fail like 173456 test-armhf-armhf-libvirt 16 saverestore-support-check fail like 173456 test-amd64-amd64-xl-qemut-ws16-amd64 19 guest-stop fail like 173456 test-amd64-amd64-libvirt 15 migrate-support-check fail never pass test-amd64-amd64-libvirt-xsm 15 migrate-support-check fail never pass test-arm64-arm64-xl-seattle 15 migrate-support-check fail never pass test-arm64-arm64-xl-seattle 16 saverestore-support-check fail never pass test-arm64-arm64-xl-thunderx 15 migrate-support-check fail never pass test-arm64-arm64-xl-thunderx 16 saverestore-support-check fail never pass test-arm64-arm64-xl-xsm 15 migrate-support-check fail never pass test-arm64-arm64-xl 15 migrate-support-check fail never pass test-arm64-arm64-xl-xsm 16 saverestore-support-check fail never pass test-arm64-arm64-xl 16 saverestore-support-check fail never pass test-arm64-arm64-libvirt-xsm 15 migrate-support-check fail never pass test-arm64-arm64-libvirt-xsm 16 saverestore-support-check fail never pass test-arm64-arm64-xl-credit2 15 migrate-support-check fail never pass test-arm64-arm64-xl-credit2 16 saverestore-support-check fail never pass test-arm64-arm64-xl-credit1 15 migrate-support-check fail never pass test-arm64-arm64-xl-credit1 16 saverestore-support-check fail never pass test-amd64-amd64-libvirt-qemuu-debianhvm-amd64-xsm 13 migrate-support-check fail never pass test-amd64-amd64-libvirt-qcow2 14 migrate-support-check fail never pass test-amd64-amd64-libvirt-raw 14 migrate-support-check fail never pass test-arm64-arm64-libvirt-raw 14 migrate-support-check fail never pass test-arm64-arm64-libvirt-raw 15 saverestore-support-check fail never pass test-arm64-arm64-xl-vhd 14 migrate-support-check fail never pass test-arm64-arm64-xl-vhd 15 saverestore-support-check fail never pass test-armhf-armhf-xl-credit2 15 migrate-support-check fail never pass test-armhf-armhf-xl-credit2 16 saverestore-support-check fail never pass test-armhf-armhf-xl-multivcpu 15 migrate-support-check fail never pass test-armhf-armhf-xl-multivcpu 16 saverestore-support-check fail never pass test-armhf-armhf-xl-credit1 15 migrate-support-check fail never pass test-armhf-armhf-xl-credit1 16 saverestore-support-check fail never pass test-armhf-armhf-xl 15 migrate-support-check fail never pass test-armhf-armhf-xl 16 saverestore-support-check fail never pass test-armhf-armhf-xl-rtds 15 migrate-support-check fail never pass test-armhf-armhf-xl-rtds 16 saverestore-support-check fail never pass test-armhf-armhf-xl-vhd 14 migrate-support-check fail never pass test-armhf-armhf-xl-vhd 15 saverestore-support-check fail never pass test-armhf-armhf-libvirt-qcow2 14 migrate-support-check fail never pass test-armhf-armhf-libvirt-raw 14 migrate-support-check fail never pass test-armhf-armhf-libvirt 15 migrate-support-check fail never pass test-armhf-armhf-xl-arndale 15 migrate-support-check fail never pass test-armhf-armhf-xl-arndale 16 saverestore-support-check fail never pass test-armhf-armhf-xl-cubietruck 15 migrate-support-check fail never pass test-armhf-armhf-xl-cubietruck 16 saverestore-support-check fail never pass version targeted for testing: linux 9d84bb40bcb30a7fa16f33baa967aeb9953dda78 baseline version: linux 4c86114194e644b6da9107d75910635c9e87179e Last test of basis 173456 2022-10-07 08:23:54 Z 0 days Testing same since 173462 2022-10-07 18:41:45 Z 0 days 1 attempts ------------------------------------------------------------ People who touched revisions under test: Al Viro <viro@xxxxxxxxxxxxxxxxxx> Anuj Gupta <anuj20.g@xxxxxxxxxxx> Atte Heikkilä <atteh.mailbox@xxxxxxxxx> Bart Van Assche <bvanassche@xxxxxxx> Christian Brauner (Microsoft) <brauner@xxxxxxxxxx> Christian Brauner <brauner@xxxxxxxxxx> Christoph Böhmwalder <christoph.boehmwalder@xxxxxxxxxx> Christoph Hellwig <hch@xxxxxx> Coly Li <colyli@xxxxxxx> Daniel Wagner <dwagner@xxxxxxx> Dave Airlie <airlied@xxxxxxxxxx> David Sloan <david.sloan@xxxxxxxxxxxxx> David Sterba <dsterba@xxxxxxxx> Douglas Miller <dougmill@xxxxxxxxxxxxxxxxxx> dougmill@xxxxxxxxxxxxxxxxxx <dougmill@xxxxxxxxxxxxxxxxxx> Dylan Yudaken <dylany@xxxxxx> Fabio M. De Francesco <fmdefrancesco@xxxxxxxxx> Gao Xiang <hsiangkao@xxxxxxxxxxxxxxxxx> Gaosheng Cui <cuigaosheng1@xxxxxxxxxx> Geert Uytterhoeven <geert+renesas@xxxxxxxxx> Genjian Zhang <zhanggenjian@xxxxxxxxxx> Geoff Levand <geoff@xxxxxxxxxxxxx> Guixin Liu <kanie@xxxxxxxxxxxxxxxxx> Guoqing Jiang <guoqing.jiang@xxxxxxxxx> Hannes Reinecke <hare@xxxxxxx> Hugh Dickins <hughd@xxxxxxxxxx> Hyunchul Lee <hyc.lee@xxxxxxxxx> Jack Wang <jinpu.wang@xxxxxxxxx> Jackie Liu <liuyun01@xxxxxxxxxx> Jan Kara <jack@xxxxxxx> Jens Axboe <axboe@xxxxxxxxx> Jiangshan Yi <yijiangshan@xxxxxxxxxx> Jiapeng Chong <jiapeng.chong@xxxxxxxxxxxxxxxxx> Jilin Yuan <yuanjilin@xxxxxxxxxx> Johannes Weiner <hannes@xxxxxxxxxxx> Jules Maselbas <jmaselbas@xxxxxxxxx> Kanchan Joshi <joshi.k@xxxxxxxxxxx> Keith Busch <kbusch@xxxxxxxxxx> Li Jinlin <lijinlin3@xxxxxxxxxx> Li Lei <lilei@xxxxxxxxxxxxxxx> Li zeming <zeming@xxxxxxxxxxxx> Lin Feng <linf@xxxxxxxxxx> Linjun Bao <meljbao@xxxxxxxxx> Linus Torvalds <torvalds@xxxxxxxxxxxxxxxxxxxx> Liu Shixin <liushixin2@xxxxxxxxxx> Liu Song <liusong@xxxxxxxxxxxxxxxxx> Logan Gunthorpe <logang@xxxxxxxxxxxx> Luca Boccassi <bluca@xxxxxxxxxx> Martin Belanger <martin.belanger@xxxxxxxx> Md Haris Iqbal <haris.iqbal@xxxxxxxxx> Miaohe Lin <linmiaohe@xxxxxxxxxx> Mickaël Salaün <mic@xxxxxxxxxxx> Minghao Chi <chi.minghao@xxxxxxxxxx> Mingzhe Zou <mingzhe.zou@xxxxxxxxxxxx> Namjae Jeon <linkinjeon@xxxxxxxxxx> Pankaj Raghav <p.raghav@xxxxxxxxxxx> Paul Menzel <pmenzel@xxxxxxxxxxxxx> Pavel Begunkov <asml.silence@xxxxxxxxx> Ping-Xiang Chen <p.x.chen.1005@xxxxxxxxx> Ping-Xiang Chen <p.x.chen@xxxxxxx> Rishabh Bhatnagar <risbhat@xxxxxxxxxx> Sagi Grimberg <sagi@xxxxxxxxxxx> Santosh Pradhan <santosh.pradhan@xxxxxxxxx> Saurabh Sengar <ssengar@xxxxxxxxxxxxxxxxxxx> Shigeru Yoshida <syoshida@xxxxxxxxxx> Song Liu <song@xxxxxxxxxx> Stefan Haberland <sth@xxxxxxxxxxxxx> Stefan Metzmacher <metze@xxxxxxxxx> Steve French <stfrench@xxxxxxxxxxxxx> Tejun Heo <tj@xxxxxxxxxx> Tom Talpey <tom@xxxxxxxxxx> Uros Bizjak <ubizjak@xxxxxxxxx> Varun Prakash <varun@xxxxxxxxxxx> Wolfram Sang <wsa+renesas@xxxxxxxxxxxxxxxxxxxx> XU pengfei <xupengfei@xxxxxxxxxxxx> ye xingchen <ye.xingchen@xxxxxxxxxx> Yu Kuai <yukuai3@xxxxxxxxxx> Zhang Xiaoxu <zhangxiaoxu5@xxxxxxxxxx> zhenwei pi <pizhenwei@xxxxxxxxxxxxx> Zhihao Cheng <chengzhihao1@xxxxxxxxxx> Zhou nan <zhounan@xxxxxxxxxxxx> ZiyangZhang <ZiyangZhang@xxxxxxxxxxxxxxxxx> jobs: build-amd64-xsm pass build-arm64-xsm pass build-i386-xsm pass build-amd64 pass build-arm64 pass build-armhf pass build-i386 pass build-amd64-libvirt pass build-arm64-libvirt pass build-armhf-libvirt pass build-i386-libvirt pass build-amd64-pvops pass build-arm64-pvops pass build-armhf-pvops pass build-i386-pvops pass test-amd64-amd64-xl pass test-amd64-coresched-amd64-xl pass test-arm64-arm64-xl pass test-armhf-armhf-xl pass test-amd64-amd64-libvirt-qemuu-debianhvm-amd64-xsm pass test-amd64-amd64-xl-qemut-stubdom-debianhvm-amd64-xsm pass test-amd64-amd64-xl-qemut-debianhvm-i386-xsm pass test-amd64-amd64-xl-qemuu-debianhvm-i386-xsm pass test-amd64-amd64-libvirt-xsm pass test-arm64-arm64-libvirt-xsm pass test-amd64-amd64-xl-xsm pass test-arm64-arm64-xl-xsm pass test-amd64-amd64-qemuu-nested-amd fail test-amd64-amd64-xl-pvhv2-amd pass test-amd64-amd64-dom0pvh-xl-amd pass test-amd64-amd64-xl-qemut-debianhvm-amd64 pass test-amd64-amd64-xl-qemuu-debianhvm-amd64 pass test-amd64-amd64-freebsd11-amd64 pass test-amd64-amd64-freebsd12-amd64 pass test-amd64-amd64-xl-qemuu-ovmf-amd64 pass test-amd64-amd64-xl-qemut-win7-amd64 fail test-amd64-amd64-xl-qemuu-win7-amd64 fail test-amd64-amd64-xl-qemut-ws16-amd64 fail test-amd64-amd64-xl-qemuu-ws16-amd64 fail test-armhf-armhf-xl-arndale pass test-amd64-amd64-examine-bios pass test-amd64-amd64-xl-credit1 pass test-arm64-arm64-xl-credit1 pass test-armhf-armhf-xl-credit1 pass test-amd64-amd64-xl-credit2 pass test-arm64-arm64-xl-credit2 pass test-armhf-armhf-xl-credit2 pass test-armhf-armhf-xl-cubietruck pass test-amd64-amd64-xl-qemuu-dmrestrict-amd64-dmrestrict pass test-amd64-amd64-examine pass test-arm64-arm64-examine pass test-armhf-armhf-examine pass test-amd64-amd64-qemuu-nested-intel pass test-amd64-amd64-xl-pvhv2-intel pass test-amd64-amd64-dom0pvh-xl-intel pass test-amd64-amd64-libvirt pass test-armhf-armhf-libvirt pass test-amd64-amd64-xl-multivcpu pass test-armhf-armhf-xl-multivcpu pass test-amd64-amd64-pair fail test-amd64-amd64-libvirt-pair pass test-amd64-amd64-xl-pvshim pass test-amd64-amd64-pygrub pass test-amd64-amd64-libvirt-qcow2 pass test-armhf-armhf-libvirt-qcow2 pass test-amd64-amd64-libvirt-raw pass test-arm64-arm64-libvirt-raw pass test-armhf-armhf-libvirt-raw pass test-amd64-amd64-xl-rtds pass test-armhf-armhf-xl-rtds pass test-arm64-arm64-xl-seattle pass test-amd64-amd64-xl-qemuu-debianhvm-amd64-shadow pass test-amd64-amd64-xl-shadow pass test-arm64-arm64-xl-thunderx pass test-amd64-amd64-examine-uefi pass test-amd64-amd64-xl-vhd pass test-arm64-arm64-xl-vhd pass test-armhf-armhf-xl-vhd pass ------------------------------------------------------------ sg-report-flight on osstest.test-lab.xenproject.org logs: /home/logs/logs images: /home/logs/images Logs, config files, etc. are available at http://logs.test-lab.xenproject.org/osstest/logs Explanation of these reports, and of osstest in general, is at http://xenbits.xen.org/gitweb/?p=osstest.git;a=blob;f=README.email;hb=master http://xenbits.xen.org/gitweb/?p=osstest.git;a=blob;f=README;hb=master Test harness code can be found at http://xenbits.xen.org/gitweb?p=osstest.git;a=summary Pushing revision : hint: The 'hooks/update' hook was ignored because it's not set as executable. hint: You can disable this warning with `git config advice.ignoredHook false`. hint: The 'hooks/post-receive' hook was ignored because it's not set as executable. hint: You can disable this warning with `git config advice.ignoredHook false`. hint: The 'hooks/post-update' hook was ignored because it's not set as executable. hint: You can disable this warning with `git config advice.ignoredHook false`. To xenbits.xen.org:/home/xen/git/linux-pvops.git 4c86114194e6..9d84bb40bcb3 9d84bb40bcb30a7fa16f33baa967aeb9953dda78 -> tested/linux-linus
|
![]() |
Lists.xenproject.org is hosted with RackSpace, monitoring our |