[Date Prev][Date Next][Thread Prev][Thread Next][Date Index][Thread Index] [linux-linus test] 173405: tolerable FAIL - PUSHED
flight 173405 linux-linus real [real] flight 173409 linux-linus real-retest [real] http://logs.test-lab.xenproject.org/osstest/logs/173405/ http://logs.test-lab.xenproject.org/osstest/logs/173409/ Failures :-/ but no regressions. Tests which are failing intermittently (not blocking): test-amd64-amd64-freebsd11-amd64 21 guest-start/freebsd.repeat fail pass in 173409-retest Regressions which are regarded as allowable (not blocking): test-armhf-armhf-xl-rtds 18 guest-start/debian.repeat fail REGR. vs. 173401 Tests which did not succeed, but are not blocking: test-amd64-amd64-xl-qemut-win7-amd64 19 guest-stop fail like 173401 test-amd64-amd64-xl-qemuu-ws16-amd64 19 guest-stop fail like 173401 test-amd64-amd64-xl-qemuu-win7-amd64 19 guest-stop fail like 173401 test-amd64-amd64-qemuu-nested-amd 20 debian-hvm-install/l1/l2 fail like 173401 test-armhf-armhf-libvirt-qcow2 15 saverestore-support-check fail like 173401 test-armhf-armhf-libvirt 16 saverestore-support-check fail like 173401 test-armhf-armhf-libvirt-raw 15 saverestore-support-check fail like 173401 test-amd64-amd64-xl-qemut-ws16-amd64 19 guest-stop fail like 173401 test-amd64-amd64-libvirt 15 migrate-support-check fail never pass test-amd64-amd64-libvirt-xsm 15 migrate-support-check fail never pass test-arm64-arm64-xl-seattle 15 migrate-support-check fail never pass test-arm64-arm64-xl-seattle 16 saverestore-support-check fail never pass test-arm64-arm64-xl 15 migrate-support-check fail never pass test-arm64-arm64-xl 16 saverestore-support-check fail never pass test-arm64-arm64-xl-thunderx 15 migrate-support-check fail never pass test-arm64-arm64-xl-thunderx 16 saverestore-support-check fail never pass test-arm64-arm64-xl-credit1 15 migrate-support-check fail never pass test-arm64-arm64-xl-xsm 15 migrate-support-check fail never pass test-arm64-arm64-xl-credit1 16 saverestore-support-check fail never pass test-arm64-arm64-xl-xsm 16 saverestore-support-check fail never pass test-arm64-arm64-xl-credit2 15 migrate-support-check fail never pass test-arm64-arm64-libvirt-xsm 15 migrate-support-check fail never pass test-arm64-arm64-xl-credit2 16 saverestore-support-check fail never pass test-arm64-arm64-libvirt-xsm 16 saverestore-support-check fail never pass test-amd64-amd64-libvirt-qemuu-debianhvm-amd64-xsm 13 migrate-support-check fail never pass test-amd64-amd64-libvirt-qcow2 14 migrate-support-check fail never pass test-amd64-amd64-libvirt-raw 14 migrate-support-check fail never pass test-arm64-arm64-libvirt-raw 14 migrate-support-check fail never pass test-arm64-arm64-libvirt-raw 15 saverestore-support-check fail never pass test-arm64-arm64-xl-vhd 14 migrate-support-check fail never pass test-arm64-arm64-xl-vhd 15 saverestore-support-check fail never pass test-armhf-armhf-xl-arndale 15 migrate-support-check fail never pass test-armhf-armhf-xl-arndale 16 saverestore-support-check fail never pass test-armhf-armhf-xl-credit2 15 migrate-support-check fail never pass test-armhf-armhf-xl-credit2 16 saverestore-support-check fail never pass test-armhf-armhf-xl-multivcpu 15 migrate-support-check fail never pass test-armhf-armhf-xl-multivcpu 16 saverestore-support-check fail never pass test-armhf-armhf-xl-credit1 15 migrate-support-check fail never pass test-armhf-armhf-xl-credit1 16 saverestore-support-check fail never pass test-armhf-armhf-xl-rtds 15 migrate-support-check fail never pass test-armhf-armhf-xl-rtds 16 saverestore-support-check fail never pass test-armhf-armhf-xl-cubietruck 15 migrate-support-check fail never pass test-armhf-armhf-xl-cubietruck 16 saverestore-support-check fail never pass test-armhf-armhf-xl 15 migrate-support-check fail never pass test-armhf-armhf-xl 16 saverestore-support-check fail never pass test-armhf-armhf-xl-vhd 14 migrate-support-check fail never pass test-armhf-armhf-xl-vhd 15 saverestore-support-check fail never pass test-armhf-armhf-libvirt-qcow2 14 migrate-support-check fail never pass test-armhf-armhf-libvirt 15 migrate-support-check fail never pass test-armhf-armhf-libvirt-raw 14 migrate-support-check fail never pass version targeted for testing: linux f3dfe925f9548a4337883926db542ccf4ca55fe1 baseline version: linux 4fe89d07dcc2804c8b562f6c7896a45643d34b2f Last test of basis 173401 2022-10-02 23:12:09 Z 1 days Testing same since 173405 2022-10-03 17:40:10 Z 0 days 1 attempts ------------------------------------------------------------ People who touched revisions under test: Akhil Raj <lf32.dev@xxxxxxxxx> Akira Yokosawa <akiyks@xxxxxxxxx> Alan Stern <stern@xxxxxxxxxxxxxxxxxxx> Aleksander Jan Bajkowski <olek2@xxxxx> Bart Van Assche <bvanassche@xxxxxxx> Binbin Zhou <zhoubinbin@xxxxxxxxxxx> David Hildenbrand <david@xxxxxxxxxx> Dmitry Torokhov <dmitry.torokhov@xxxxxxxxx> Eric Lin <dslin1010@xxxxxxxxx> Fernanda Ma'rouf <fernandafmr12@xxxxxxxxxxx> Gaosheng Cui <cuigaosheng1@xxxxxxxxxx> Geert Uytterhoeven <geert@xxxxxxxxxxxxxx> Greg Ungerer <gerg@xxxxxxxxxxxxxx> Hoi Pok Wu <wuhoipok@xxxxxxxxx> Jani Nikula <jani.nikula@xxxxxxxxx> Jason A. Donenfeld <Jason@xxxxxxxxx> Jason Wang <wangborong@xxxxxxxxxx> Joel Fernandes (Google) <joel@xxxxxxxxxxxxxxxxx> Jonathan Corbet <corbet@xxxxxxx> JunChao Sun <sunjunchao2870@xxxxxxxxx> Kees Cook <keescook@xxxxxxxxxxxx> Kefeng Wang <wangkefeng.wang@xxxxxxxxxx> Konstantin Ryabitsev <konstantin@xxxxxxxxxxxxxxxxxxx> Kristen Carlson Accardi <kristen@xxxxxxxxxxxxxxx> Lin Yujun <linyujun809@xxxxxxxxxx> Linus Torvalds <torvalds@xxxxxxxxxxxxxxxxxxxx> Liu Shixin <liushixin2@xxxxxxxxxx> Lukas Bulwahn <lukas.bulwahn@xxxxxxxxx> Lukasz Luba <lukasz.luba@xxxxxxx> Mauro Carvalho Chehab <mchehab@xxxxxxxxxx> Michal Hocko <mhocko@xxxxxxxx> Paul E. McKenney <paulmck@xxxxxxxxxx> Paul Heidekrüger <paul.heidekrueger@xxxxxxxxx> Peter Chen <peter.chen@xxxxxxxxxx> Rafał Miłecki <rafal@xxxxxxxxxx> Randy Dunlap <rdunlap@xxxxxxxxxxxxx> Robert Elliott <elliott@xxxxxxx> Rong Tao <rtoax@xxxxxxxxxxx> Russell King (Oracle) <rmk+kernel@xxxxxxxxxxxxxxx> Salvatore Bonaccorso <carnil@xxxxxxxxxx> Sergey Ryazanov <ryazanov.s.a@xxxxxxxxx> Shao-Tse Hung <ccs100203@xxxxxxxxx> Shaomin Deng <dengshaomin@xxxxxxxxxx> Shuah Khan <skhan@xxxxxxxxxxxxxxxxxxx> Steven Rostedt (Google) <rostedt@xxxxxxxxxxx> Thomas Bogendoerfer <tsbogend@xxxxxxxxxxxxxxxx> Thorsten Leemhuis <linux@xxxxxxxxxxxxx> Tiezhu Yang <yangtiezhu@xxxxxxxxxxx> Tuo Cao <91tuocao@xxxxxxxxx> Uladzislau Rezki (Sony) <urezki@xxxxxxxxx> Vernon Yang <vernon2gm@xxxxxxxxx> Wang Kefeng <wangkefeng.wang@xxxxxxxxxx> Willy Tarreau <w@xxxxxx> Wolfram Sang <wsa+renesas@xxxxxxxxxxxxxxxxxxxx> Wu XiangCheng <bobwxc@xxxxxxxx> Yang Yingliang <yangyingliang@xxxxxxxxxx> Yanteng Si <siyanteng@xxxxxxxxxxx> Zhao Mengmeng <zhaomengmeng@xxxxxxxxxx> Zhen Lei <thunder.leizhen@xxxxxxxxxx> Zqiang <qiang1.zhang@xxxxxxxxx> jobs: build-amd64-xsm pass build-arm64-xsm pass build-i386-xsm pass build-amd64 pass build-arm64 pass build-armhf pass build-i386 pass build-amd64-libvirt pass build-arm64-libvirt pass build-armhf-libvirt pass build-i386-libvirt pass build-amd64-pvops pass build-arm64-pvops pass build-armhf-pvops pass build-i386-pvops pass test-amd64-amd64-xl pass test-amd64-coresched-amd64-xl pass test-arm64-arm64-xl pass test-armhf-armhf-xl pass test-amd64-amd64-libvirt-qemuu-debianhvm-amd64-xsm pass test-amd64-amd64-xl-qemut-stubdom-debianhvm-amd64-xsm pass test-amd64-amd64-xl-qemut-debianhvm-i386-xsm pass test-amd64-amd64-xl-qemuu-debianhvm-i386-xsm pass test-amd64-amd64-libvirt-xsm pass test-arm64-arm64-libvirt-xsm pass test-amd64-amd64-xl-xsm pass test-arm64-arm64-xl-xsm pass test-amd64-amd64-qemuu-nested-amd fail test-amd64-amd64-xl-pvhv2-amd pass test-amd64-amd64-dom0pvh-xl-amd pass test-amd64-amd64-xl-qemut-debianhvm-amd64 pass test-amd64-amd64-xl-qemuu-debianhvm-amd64 pass test-amd64-amd64-freebsd11-amd64 fail test-amd64-amd64-freebsd12-amd64 pass test-amd64-amd64-xl-qemuu-ovmf-amd64 pass test-amd64-amd64-xl-qemut-win7-amd64 fail test-amd64-amd64-xl-qemuu-win7-amd64 fail test-amd64-amd64-xl-qemut-ws16-amd64 fail test-amd64-amd64-xl-qemuu-ws16-amd64 fail test-armhf-armhf-xl-arndale pass test-amd64-amd64-examine-bios pass test-amd64-amd64-xl-credit1 pass test-arm64-arm64-xl-credit1 pass test-armhf-armhf-xl-credit1 pass test-amd64-amd64-xl-credit2 pass test-arm64-arm64-xl-credit2 pass test-armhf-armhf-xl-credit2 pass test-armhf-armhf-xl-cubietruck pass test-amd64-amd64-xl-qemuu-dmrestrict-amd64-dmrestrict pass test-amd64-amd64-examine pass test-arm64-arm64-examine pass test-armhf-armhf-examine pass test-amd64-amd64-qemuu-nested-intel pass test-amd64-amd64-xl-pvhv2-intel pass test-amd64-amd64-dom0pvh-xl-intel pass test-amd64-amd64-libvirt pass test-armhf-armhf-libvirt pass test-amd64-amd64-xl-multivcpu pass test-armhf-armhf-xl-multivcpu pass test-amd64-amd64-pair pass test-amd64-amd64-libvirt-pair pass test-amd64-amd64-xl-pvshim pass test-amd64-amd64-pygrub pass test-amd64-amd64-libvirt-qcow2 pass test-armhf-armhf-libvirt-qcow2 pass test-amd64-amd64-libvirt-raw pass test-arm64-arm64-libvirt-raw pass test-armhf-armhf-libvirt-raw pass test-amd64-amd64-xl-rtds pass test-armhf-armhf-xl-rtds fail test-arm64-arm64-xl-seattle pass test-amd64-amd64-xl-qemuu-debianhvm-amd64-shadow pass test-amd64-amd64-xl-shadow pass test-arm64-arm64-xl-thunderx pass test-amd64-amd64-examine-uefi pass test-amd64-amd64-xl-vhd pass test-arm64-arm64-xl-vhd pass test-armhf-armhf-xl-vhd pass ------------------------------------------------------------ sg-report-flight on osstest.test-lab.xenproject.org logs: /home/logs/logs images: /home/logs/images Logs, config files, etc. are available at http://logs.test-lab.xenproject.org/osstest/logs Explanation of these reports, and of osstest in general, is at http://xenbits.xen.org/gitweb/?p=osstest.git;a=blob;f=README.email;hb=master http://xenbits.xen.org/gitweb/?p=osstest.git;a=blob;f=README;hb=master Test harness code can be found at http://xenbits.xen.org/gitweb?p=osstest.git;a=summary Pushing revision : hint: The 'hooks/update' hook was ignored because it's not set as executable. hint: You can disable this warning with `git config advice.ignoredHook false`. hint: The 'hooks/post-receive' hook was ignored because it's not set as executable. hint: You can disable this warning with `git config advice.ignoredHook false`. hint: The 'hooks/post-update' hook was ignored because it's not set as executable. hint: You can disable this warning with `git config advice.ignoredHook false`. To xenbits.xen.org:/home/xen/git/linux-pvops.git 4fe89d07dcc2..f3dfe925f954 f3dfe925f9548a4337883926db542ccf4ca55fe1 -> tested/linux-linus
|
Lists.xenproject.org is hosted with RackSpace, monitoring our |