[Date Prev][Date Next][Thread Prev][Thread Next][Date Index][Thread Index] [linux-linus test] 170718: regressions - FAIL
flight 170718 linux-linus real [real] http://logs.test-lab.xenproject.org/osstest/logs/170718/ Regressions :-( Tests which did not succeed and are blocking, including tests which could not be run: test-amd64-amd64-dom0pvh-xl-amd 14 guest-start fail REGR. vs. 170714 test-amd64-amd64-dom0pvh-xl-intel 14 guest-start fail REGR. vs. 170714 test-arm64-arm64-xl-seattle 14 guest-start fail REGR. vs. 170714 test-amd64-amd64-xl-pvhv2-intel 14 guest-start fail REGR. vs. 170714 test-amd64-amd64-xl-pvshim 14 guest-start fail REGR. vs. 170714 test-amd64-amd64-xl-pvhv2-amd 14 guest-start fail REGR. vs. 170714 test-amd64-amd64-libvirt 14 guest-start fail REGR. vs. 170714 test-amd64-amd64-libvirt-xsm 14 guest-start fail REGR. vs. 170714 test-amd64-amd64-xl 14 guest-start fail REGR. vs. 170714 test-amd64-amd64-pair 25 guest-start/debian fail REGR. vs. 170714 test-amd64-amd64-freebsd11-amd64 13 guest-start fail REGR. vs. 170714 test-amd64-amd64-xl-credit2 14 guest-start fail REGR. vs. 170714 test-amd64-amd64-xl-multivcpu 14 guest-start fail REGR. vs. 170714 test-amd64-amd64-xl-credit1 14 guest-start fail REGR. vs. 170714 test-amd64-amd64-xl-xsm 14 guest-start fail REGR. vs. 170714 test-amd64-amd64-xl-shadow 14 guest-start fail REGR. vs. 170714 test-amd64-coresched-amd64-xl 14 guest-start fail REGR. vs. 170714 test-arm64-arm64-xl 14 guest-start fail REGR. vs. 170714 test-arm64-arm64-xl-credit1 14 guest-start fail REGR. vs. 170714 test-arm64-arm64-xl-credit2 14 guest-start fail REGR. vs. 170714 test-arm64-arm64-xl-thunderx 14 guest-start fail REGR. vs. 170714 test-arm64-arm64-libvirt-xsm 14 guest-start fail REGR. vs. 170714 test-arm64-arm64-xl-xsm 14 guest-start fail REGR. vs. 170714 test-armhf-armhf-xl-arndale 14 guest-start fail REGR. vs. 170714 test-amd64-amd64-xl-qemuu-dmrestrict-amd64-dmrestrict 12 debian-hvm-install fail REGR. vs. 170714 test-amd64-amd64-libvirt-pair 25 guest-start/debian fail REGR. vs. 170714 test-amd64-amd64-xl-qemut-stubdom-debianhvm-amd64-xsm 12 debian-hvm-install fail REGR. vs. 170714 test-amd64-amd64-qemuu-nested-amd 12 debian-hvm-install fail REGR. vs. 170714 test-armhf-armhf-xl-credit1 14 guest-start fail REGR. vs. 170714 test-amd64-amd64-xl-qemuu-debianhvm-i386-xsm 12 debian-hvm-install fail REGR. vs. 170714 test-amd64-amd64-xl-qemut-debianhvm-amd64 12 debian-hvm-install fail REGR. vs. 170714 test-amd64-amd64-xl-qemuu-debianhvm-amd64-shadow 12 debian-hvm-install fail REGR. vs. 170714 test-amd64-amd64-xl-qemuu-debianhvm-amd64 12 debian-hvm-install fail REGR. vs. 170714 test-armhf-armhf-xl-multivcpu 14 guest-start fail REGR. vs. 170714 test-amd64-amd64-qemuu-nested-intel 12 debian-hvm-install fail REGR. vs. 170714 test-amd64-amd64-xl-qemuu-ovmf-amd64 12 debian-hvm-install fail REGR. vs. 170714 test-amd64-amd64-freebsd12-amd64 13 guest-start fail REGR. vs. 170714 test-armhf-armhf-xl-cubietruck 14 guest-start fail REGR. vs. 170714 test-amd64-amd64-libvirt-qemuu-debianhvm-amd64-xsm 12 debian-hvm-install fail REGR. vs. 170714 test-amd64-amd64-xl-qemut-debianhvm-i386-xsm 12 debian-hvm-install fail REGR. vs. 170714 test-amd64-amd64-pygrub 12 debian-di-install fail REGR. vs. 170714 test-armhf-armhf-xl-credit2 14 guest-start fail REGR. vs. 170714 test-amd64-amd64-libvirt-qcow2 12 debian-di-install fail REGR. vs. 170714 test-amd64-amd64-libvirt-raw 12 debian-di-install fail REGR. vs. 170714 test-amd64-amd64-xl-vhd 12 debian-di-install fail REGR. vs. 170714 test-armhf-armhf-libvirt 14 guest-start fail REGR. vs. 170714 test-arm64-arm64-xl-vhd 12 debian-di-install fail REGR. vs. 170714 test-arm64-arm64-libvirt-raw 12 debian-di-install fail REGR. vs. 170714 test-armhf-armhf-libvirt-raw 12 debian-di-install fail REGR. vs. 170714 test-armhf-armhf-libvirt-qcow2 12 debian-di-install fail REGR. vs. 170714 test-armhf-armhf-xl 14 guest-start fail REGR. vs. 170714 test-armhf-armhf-xl-vhd 12 debian-di-install fail REGR. vs. 170714 Regressions which are regarded as allowable (not blocking): test-amd64-amd64-xl-rtds 14 guest-start fail REGR. vs. 170714 test-armhf-armhf-xl-rtds 14 guest-start fail REGR. vs. 170714 Tests which did not succeed, but are not blocking: test-amd64-amd64-xl-qemut-win7-amd64 19 guest-stop fail like 170714 test-amd64-amd64-xl-qemuu-ws16-amd64 19 guest-stop fail like 170714 test-amd64-amd64-xl-qemut-ws16-amd64 19 guest-stop fail like 170714 test-amd64-amd64-xl-qemuu-win7-amd64 19 guest-stop fail like 170714 version targeted for testing: linux 0350785b0a092c99c5ddd2ace0260dbe7b3f919f baseline version: linux d6ecaa0024485effd065124fe774de2e22095f2d Last test of basis 170714 2022-05-24 03:27:44 Z 1 days Failing since 170716 2022-05-24 11:12:06 Z 0 days 3 attempts Testing same since 170718 2022-05-24 22:12:03 Z 0 days 1 attempts ------------------------------------------------------------ People who touched revisions under test: "Eric W. Biederman" <ebiederm@xxxxxxxxxxxx> Aditya Garg <gargaditya08@xxxxxxxx> Ahmad Fatoum <a.fatoum@xxxxxxxxxxxxxx> Alexander Egorenkov <egorenar@xxxxxxxxxxxxx> Alexander Gordeev <agordeev@xxxxxxxxxxxxx> Alexandre Belloni <alexandre.belloni@xxxxxxxxxxx> Alexandru Elisei <alexandru.elisei@xxxxxxx> Andre Przywara <andre.przywara@xxxxxxx> Andreas Rammhold <andreas@xxxxxxxxxxx> Anshuman Khandual <anshuman.khandual@xxxxxxx> Ard Biesheuvel <ardb@xxxxxxxxxx> Baolin Wang <baolin.wang@xxxxxxxxxxxxxxxxx> Baoquan He <bhe@xxxxxxxxxx> Barry Song <baohua@xxxxxxxxxx> Bill Wendling <morbo@xxxxxxxxxx> Borislav Petkov <bp@xxxxxxx> Casey Schaufler <casey@xxxxxxxxxxxxxxxx> Catalin Marinas <catalin.marinas@xxxxxxx> Chen Zhongjin <chenzhongjin@xxxxxxxxxx> Chen Zhou <chenzhou10@xxxxxxxxxx> Chengming Zhou <zhouchengming@xxxxxxxxxxxxx> Christian Göttsche <cgzones@xxxxxxxxxxxxxx> Christoph Hellwig <hch@xxxxxx> Colin Ian King <colin.i.king@xxxxxxxxx> Dan Carpenter <dan.carpenter@xxxxxxxxxx> Daniel Beer <daniel.beer@xxxxxxxxxxxxxx> Daniel Lezcano <daniel.lezcano@xxxxxxxxxx> Daniel Thompson <daniel.thompson@xxxxxxxxxx> Darryn Anton Jordan <darrynjordan@xxxxxxxxxx> Dave Hansen <dave.hansen@xxxxxxxxxxxxxxx> Dave Kleikamp <dave.kleikamp@xxxxxxxxxx> David Arcari <darcari@xxxxxxxxxx> David E. Box <david.e.box@xxxxxxxxxxxxxxx> David Sterba <dsterba@xxxxxxxx> David Yang <davidcomponentone@xxxxxxxxx> Deyan Wang <wonder_rock@xxxxxxx> Dietmar Eggemann <dietmar.eggemann@xxxxxxx> Dinh Nguyen <dinguyen@xxxxxxxxxx> Dmitry Vyukov <dvyukov@xxxxxxxxxx> Eric Biggers <ebiggers@xxxxxxxxxx> Eric W. Biederman <ebiederm@xxxxxxxxxxxx> Frank Crawford <frank@xxxxxxxxxxxxxxxxxx> Frederic Weisbecker <frederic@xxxxxxxxxx> Gabriele Mazzotta <gabriele.mzt@xxxxxxxxx> Geert Uytterhoeven <geert+renesas@xxxxxxxxx> Geert Uytterhoeven <geert@xxxxxxxxxxxxxx> Greg Kroah-Hartman <gregkh@xxxxxxxxxxxxxxxxxxx> Greg Ungerer <gerg@xxxxxxxxxxxxxx> Guilherme G. Piccoli <gpiccoli@xxxxxxxxxx> Guo Ren <guoren@xxxxxxxxxx> Guo Ren <guoren@xxxxxxxxxxxxxxxxx> Guo Zhengkui <guozhengkui@xxxxxxxx> GUO Zihua <guozihua@xxxxxxxxxx> Hailong Liu <liuhailong@xxxxxxxxxxxxxxxxx> Haitao Huang <haitao.huang@xxxxxxxxx> Hans de Goede <hdegoede@xxxxxxxxxx> Hao Jia <jiahao.os@xxxxxxxxxxxxx> Haowen Bai <baihaowen@xxxxxxxxx> Harald Freudenberger <freude@xxxxxxxxxxxxx> Hector Martin <marcan@xxxxxxxxx> Heikki Krogerus <heikki.krogerus@xxxxxxxxxxxxxxx> Heiko Carstens <hca@xxxxxxxxxxxxx> Helge Deller <deller@xxxxxx> Hyeonggon Yoo <42.hyeyoo@xxxxxxxxx> Ilkka Koskinen <ilkka@xxxxxxxxxxxxxxxxxxxxxx> Ilya Leoshkevich <iii@xxxxxxxxxxxxx> Ingo Molnar <mingo@xxxxxxxxxx> Jakob Koschel <jakobkoschel@xxxxxxxxx> Jakub Kicinski <kuba@xxxxxxxxxx> Jann Horn <jannh@xxxxxxxxxx> Jarkko Sakkinen <jarkko@xxxxxxxxxx> Jason A. Donenfeld <Jason@xxxxxxxxx> Jason Wang <wangborong@xxxxxxxxxx> Jens Axboe <axboe@xxxxxxxxx> Jes B. Klinke <jbk@xxxxxxxxxxxx> Jithu Joseph <jithu.joseph@xxxxxxxxx> Johannes Berg <johannes@xxxxxxxxxxxxxxxx> Johannes Holland <johannes.holland@xxxxxxxxxxxx> Johannes Weiner <hannes@xxxxxxxxxxx> John Donnelly <john.p.donnelly@xxxxxxxxxx> John Ernberg <john.ernberg@xxxxxxxx> # iMX8QXP John Johansen <john.johansen@xxxxxxxxxxxxx> Jorge Lopez <jorge.lopez2@xxxxxx> Josh Poimboeuf <jpoimboe@xxxxxxxxxx> Josh Poimboeuf <jpoimboe@xxxxxxxxxx> Juerg Haefliger <juerg.haefliger@xxxxxxxxxxxxx> Juerg Haefliger <juergh@xxxxxxxxxxxxx> Juergen Gross <jgross@xxxxxxxx> Julia Lawall <Julia.Lawall@xxxxxxxx> Kan Liang <kan.liang@xxxxxxxxxxxxxxx> Kees Cook <keescook@xxxxxxxxxxxx> Kefeng Wang <wangkefeng.wang@xxxxxxxxxx> Kuniyuki Iwashima <kuniyu@xxxxxxxxxxxx> Laurent Vivier <laurent@xxxxxxxxx> Linu Cherian <lcherian@xxxxxxxxxxx> Linus Torvalds <torvalds@xxxxxxxxxxxxxxxxxxxx> Linus Walleij <linus.walleij@xxxxxxxxxx> Luca Miccio <lucmiccio@xxxxxxxxx> Luca Stefani <luca.stefani.ge1@xxxxxxxxx> Maciej W. Rozycki <macro@xxxxxxxxxxx> Madhavan T. Venkataraman <madvenka@xxxxxxxxxxxxxxxxxxx> Marc Zyngier <maz@xxxxxxxxxx> Marco Elver <elver@xxxxxxxxxx> Marek Szyprowski <m.szyprowski@xxxxxxxxxxx> Mario Limonciello <mario.limonciello@xxxxxxx> Mark Brown <broonie@xxxxxxxxxx> Mark Pearson <markpearson@xxxxxxxxxx> Mark Pearson <markpearson@xxxxxxxxx> Mark Rutland <mark.rutland@xxxxxxx Mark Rutland <mark.rutland@xxxxxxx> Masahiro Yamada <masahiroy@xxxxxxxxxx> Matt Turner <mattst88@xxxxxxxxx> Matteo Croce <mcroce@xxxxxxxxxxxxx> Matthew Wilcox (Oracle) <willy@xxxxxxxxxxxxx> Matthias Schiffer <matthias.schiffer@xxxxxxxxxxxxxxx> Max Filippov <jcmvbkbc@xxxxxxxxx> Maximilian Heyne <mheyne@xxxxxxxxx> Maximilian Luz <luzmaximilian@xxxxxxxxx> Michael Ellerman <mpe@xxxxxxxxxxxxxx> Michael Niewöhner <linux@xxxxxxxxxxxxxx> Michael Schmitz <schmitzmic@xxxxxxxxx> Michael Shych <michaelsh@xxxxxxxxxx> Michael Walle <michael@xxxxxxxx> Michael Walle <michael@xxxxxxxx> # on ls1028a (non-E and E) Michal Orzel <michal.orzel@xxxxxxx> Michal Orzel <michalorzel.eng@xxxxxxxxx> Mickaël Salaün <mic@xxxxxxxxxxx> Mickaël Salaün <mic@xxxxxxxxxxxxxxxxxxx> Mikulas Patocka <mpatocka@xxxxxxxxxx> Mimi Zohar <zohar@xxxxxxxxxxxxx> Minghao Chi <chi.minghao@xxxxxxxxxx> Namhyung Kim <namhyung@xxxxxxxxxx> Naresh Kamboju <naresh.kamboju@xxxxxxxxxx> Nathan Chancellor <nathan@xxxxxxxxxx> Naveen Krishna Chatradhi <nchatrad@xxxxxxx> Nick Desaulniers <ndesaulniers@xxxxxxxxxx> Nick Hawkins <nick.hawkins@xxxxxxx> Niklas Cassel <niklas.cassel@xxxxxxx> Niklas Schnelle <schnelle@xxxxxxxxxxxxx> Oleksandr Tyshchenko <oleksandr_tyshchenko@xxxxxxxx> # Arm64 only Pali Rohár <pali@xxxxxxxxxx> Palmer Dabbelt <palmer@xxxxxxxxxxxx> Pankaj Gupta <pankaj.gupta@xxxxxxx> Patrice Chotard <patrice.chotard@xxxxxxxxxxx> Paul Gortmaker <paul.gortmaker@xxxxxxxxxxxxx> Paul Moore <paul@xxxxxxxxxxxxxx> Peter Collingbourne <pcc@xxxxxxxxxx> Peter Oberparleiter <oberpar@xxxxxxxxxxxxx> Peter Zijlstra (Intel) <peterz@xxxxxxxxxxxxx> Peter Zijlstra <peterz@xxxxxxxxxxxxx> Petr Mladek <pmladek@xxxxxxxx> # for vsprintf.c Pingfan Liu <kernelfans@xxxxxxxxx> Prarit Bhargava <prarit@xxxxxxxxxx> Qais Yousef <qais.yousef@xxxxxxx> Qi Liu <liuqi115@xxxxxxxxxx> Randy Dunlap <rdunlap@xxxxxxxxxxxxx> Ravi Bangoria <ravi.bangoria@xxxxxxx> Reinette Chatre <reinette.chatre@xxxxxxxxx> Ren Yu <renyu@xxxxxxxxxxxx> Ren Zhijie <renzhijie2@xxxxxxxxxx> Rob Herring <robh@xxxxxxxxxx> Robin Murphy <robin.murphy@xxxxxxx> Roger Pau Monné <roger.pau@xxxxxxxxxx> Russell King (Oracle) <rmk+kernel@xxxxxxxxxxxxxxx> Sami Tolvanen <samitolvanen@xxxxxxxxxx> Sandipan Das <sandipan.das@xxxxxxx> Sargun Dhillon <sargun@xxxxxxxxx> Sebastian Andrzej Siewior <bigeasy@xxxxxxxxxxxxx> SeongJae Park <sj@xxxxxxxxxx> Shaokun Zhang <zhangshaokun@xxxxxxxxxxxxx> Srinivas Pandruvada <srinivas.pandruvada@xxxxxxxxxxxxxxx> Stafford Horne <shorne@xxxxxxxxx> Stefan Berger <stefanb@xxxxxxxxxxxxx> Stefan Mahnke-Hartmann <stefan.mahnke-hartmann@xxxxxxxxxxxx> Stefano Stabellini <stefano.stabellini@xxxxxxxxxx> Steffen Trumtrar <s.trumtrar@xxxxxxxxxxxxxx> Stephane Eranian <eranian@xxxxxxxxxx> Stephen Brennan <stephen.s.brennan@xxxxxxxxxx> Steven Rostedt (Google) <rostedt@xxxxxxxxxxx> Suma Hegde <suma.hegde@xxxxxxx> Sumanth Korikkar <sumanthk@xxxxxxxxxxxxx> Sumit Garg <sumit.garg@xxxxxxxxxx> Suren Baghdasaryan <surenb@xxxxxxxxxx> Sven Schnelle <svens@xxxxxxxxxxxxx> Tanmay Jagdale <tanmay@xxxxxxxxxxx> Tao Zhou <tao.zhou@xxxxxxxxx> Tetsuo Handa <penguin-kernel@xxxxxxxxxxxxxxxxxxx> Theodore Ts'o <tytso@xxxxxxx> Thomas Bogendoerfer <tsbogend@xxxxxxxxxxxxxxxx> Thomas Gleixner <tglx@xxxxxxxxxxxxx> Thomas Huth <thuth@xxxxxxxxxx> Thomas Richter <tmricht@xxxxxxxxxxxxx> Thomas Weißschuh <thomas@xxxxxxxxxxxxxx> Tiezhu Yang <yangtiezhu@xxxxxxxxxxx> Tim Harvey <tharvey@xxxxxxxxxxxxx> Tom Rix <trix@xxxxxxxxxx> Tong Tiangen <tongtiangen@xxxxxxxxxx> Tony Luck <tony.luck@xxxxxxxxx> Tycho Andersen <tycho@tycho.pizza> Uros Bizjak <ubizjak@xxxxxxxxx> Uwe Kleine-König <u.kleine-koenig@xxxxxxxxxxxxxx> Valentin Schneider <valentin.schneider@xxxxxxx> Valentin Schneider <vschneid@xxxxxxxxxx> Vasily Gorbik <gor@xxxxxxxxxxxxx> Vladimir Murzin <vladimir.murzin@xxxxxxx> # ARM Waiman Long <longman@xxxxxxxxxx> Wan Jiabing <wanjiabing@xxxxxxxx> Wang Kefeng <wangkefeng.wang@xxxxxxxxxx> Will Deacon <will@xxxxxxxxxx> Will Deacon <will@xxxxxxxxxx> # arm64 Xiu Jianfeng <xiujianfeng@xxxxxxxxxx> Yang Guang <yang.guang5@xxxxxxxxxx> Yang Jihong <yangjihong1@xxxxxxxxxx> Yang Li <yang.lee@xxxxxxxxxxxxxxxxx> Yi Yang <yiyang13@xxxxxxxxxx> Yuanzheng Song <songyuanzheng@xxxxxxxxxx> zgpeng <zgpeng.linux@xxxxxxxxx> zgpeng <zgpeng@xxxxxxxxxxx> Zhang Jianhua <chris.zjh@xxxxxxxxxx> Zhen Lei <thunder.leizhen@xxxxxxxxxx> Zucheng Zheng <zhengzucheng@xxxxxxxxxx> jobs: build-amd64-xsm pass build-arm64-xsm pass build-i386-xsm pass build-amd64 pass build-arm64 pass build-armhf pass build-i386 pass build-amd64-libvirt pass build-arm64-libvirt pass build-armhf-libvirt pass build-i386-libvirt pass build-amd64-pvops pass build-arm64-pvops pass build-armhf-pvops pass build-i386-pvops pass test-amd64-amd64-xl fail test-amd64-coresched-amd64-xl fail test-arm64-arm64-xl fail test-armhf-armhf-xl fail test-amd64-amd64-libvirt-qemuu-debianhvm-amd64-xsm fail test-amd64-amd64-xl-qemut-stubdom-debianhvm-amd64-xsm fail test-amd64-amd64-xl-qemut-debianhvm-i386-xsm fail test-amd64-amd64-xl-qemuu-debianhvm-i386-xsm fail test-amd64-amd64-libvirt-xsm fail test-arm64-arm64-libvirt-xsm fail test-amd64-amd64-xl-xsm fail test-arm64-arm64-xl-xsm fail test-amd64-amd64-qemuu-nested-amd fail test-amd64-amd64-xl-pvhv2-amd fail test-amd64-amd64-dom0pvh-xl-amd fail test-amd64-amd64-xl-qemut-debianhvm-amd64 fail test-amd64-amd64-xl-qemuu-debianhvm-amd64 fail test-amd64-amd64-freebsd11-amd64 fail test-amd64-amd64-freebsd12-amd64 fail test-amd64-amd64-xl-qemuu-ovmf-amd64 fail test-amd64-amd64-xl-qemut-win7-amd64 fail test-amd64-amd64-xl-qemuu-win7-amd64 fail test-amd64-amd64-xl-qemut-ws16-amd64 fail test-amd64-amd64-xl-qemuu-ws16-amd64 fail test-armhf-armhf-xl-arndale fail test-amd64-amd64-examine-bios pass test-amd64-amd64-xl-credit1 fail test-arm64-arm64-xl-credit1 fail test-armhf-armhf-xl-credit1 fail test-amd64-amd64-xl-credit2 fail test-arm64-arm64-xl-credit2 fail test-armhf-armhf-xl-credit2 fail test-armhf-armhf-xl-cubietruck fail test-amd64-amd64-xl-qemuu-dmrestrict-amd64-dmrestrict fail test-amd64-amd64-examine pass test-arm64-arm64-examine pass test-armhf-armhf-examine pass test-amd64-amd64-qemuu-nested-intel fail test-amd64-amd64-xl-pvhv2-intel fail test-amd64-amd64-dom0pvh-xl-intel fail test-amd64-amd64-libvirt fail test-armhf-armhf-libvirt fail test-amd64-amd64-xl-multivcpu fail test-armhf-armhf-xl-multivcpu fail test-amd64-amd64-pair fail test-amd64-amd64-libvirt-pair fail test-amd64-amd64-xl-pvshim fail test-amd64-amd64-pygrub fail test-amd64-amd64-libvirt-qcow2 fail test-armhf-armhf-libvirt-qcow2 fail test-amd64-amd64-libvirt-raw fail test-arm64-arm64-libvirt-raw fail test-armhf-armhf-libvirt-raw fail test-amd64-amd64-xl-rtds fail test-armhf-armhf-xl-rtds fail test-arm64-arm64-xl-seattle fail test-amd64-amd64-xl-qemuu-debianhvm-amd64-shadow fail test-amd64-amd64-xl-shadow fail test-arm64-arm64-xl-thunderx fail test-amd64-amd64-examine-uefi pass test-amd64-amd64-xl-vhd fail test-arm64-arm64-xl-vhd fail test-armhf-armhf-xl-vhd fail ------------------------------------------------------------ sg-report-flight on osstest.test-lab.xenproject.org logs: /home/logs/logs images: /home/logs/images Logs, config files, etc. are available at http://logs.test-lab.xenproject.org/osstest/logs Explanation of these reports, and of osstest in general, is at http://xenbits.xen.org/gitweb/?p=osstest.git;a=blob;f=README.email;hb=master http://xenbits.xen.org/gitweb/?p=osstest.git;a=blob;f=README;hb=master Test harness code can be found at http://xenbits.xen.org/gitweb?p=osstest.git;a=summary Not pushing. (No revision log; it would be 14800 lines long.)
|
![]() |
Lists.xenproject.org is hosted with RackSpace, monitoring our |