[Date Prev][Date Next][Thread Prev][Thread Next][Date Index][Thread Index] [qemu-mainline test] 170400: regressions - FAIL
flight 170400 qemu-mainline real [real] flight 170410 qemu-mainline real-retest [real] http://logs.test-lab.xenproject.org/osstest/logs/170400/ http://logs.test-lab.xenproject.org/osstest/logs/170410/ Regressions :-( Tests which did not succeed and are blocking, including tests which could not be run: test-amd64-i386-libvirt 7 xen-install fail REGR. vs. 170374 Tests which did not succeed, but are not blocking: test-amd64-amd64-xl-qemuu-win7-amd64 19 guest-stop fail like 170374 test-armhf-armhf-libvirt 16 saverestore-support-check fail like 170374 test-amd64-i386-xl-qemuu-win7-amd64 19 guest-stop fail like 170374 test-amd64-amd64-qemuu-nested-amd 20 debian-hvm-install/l1/l2 fail like 170374 test-armhf-armhf-libvirt-raw 15 saverestore-support-check fail like 170374 test-armhf-armhf-libvirt-qcow2 15 saverestore-support-check fail like 170374 test-amd64-amd64-xl-qemuu-ws16-amd64 19 guest-stop fail like 170374 test-amd64-i386-xl-qemuu-ws16-amd64 19 guest-stop fail like 170374 test-amd64-i386-xl-pvshim 14 guest-start fail never pass test-amd64-i386-libvirt-xsm 15 migrate-support-check fail never pass test-amd64-amd64-libvirt 15 migrate-support-check fail never pass test-arm64-arm64-xl-thunderx 15 migrate-support-check fail never pass test-arm64-arm64-xl-thunderx 16 saverestore-support-check fail never pass test-arm64-arm64-xl-xsm 15 migrate-support-check fail never pass test-arm64-arm64-xl-xsm 16 saverestore-support-check fail never pass test-arm64-arm64-xl-credit1 15 migrate-support-check fail never pass test-arm64-arm64-xl-credit1 16 saverestore-support-check fail never pass test-arm64-arm64-libvirt-xsm 15 migrate-support-check fail never pass test-arm64-arm64-libvirt-xsm 16 saverestore-support-check fail never pass test-armhf-armhf-xl-arndale 15 migrate-support-check fail never pass test-armhf-armhf-xl-arndale 16 saverestore-support-check fail never pass test-amd64-amd64-libvirt-qemuu-debianhvm-amd64-xsm 13 migrate-support-check fail never pass test-amd64-amd64-libvirt-xsm 15 migrate-support-check fail never pass test-amd64-i386-libvirt-qemuu-debianhvm-amd64-xsm 13 migrate-support-check fail never pass test-amd64-amd64-libvirt-vhd 14 migrate-support-check fail never pass test-amd64-i386-libvirt-raw 14 migrate-support-check fail never pass test-arm64-arm64-libvirt-raw 14 migrate-support-check fail never pass test-arm64-arm64-libvirt-raw 15 saverestore-support-check fail never pass test-arm64-arm64-xl-vhd 14 migrate-support-check fail never pass test-armhf-armhf-xl-multivcpu 15 migrate-support-check fail never pass test-arm64-arm64-xl-vhd 15 saverestore-support-check fail never pass test-armhf-armhf-xl-multivcpu 16 saverestore-support-check fail never pass test-armhf-armhf-xl-rtds 15 migrate-support-check fail never pass test-armhf-armhf-xl-rtds 16 saverestore-support-check fail never pass test-armhf-armhf-xl-cubietruck 15 migrate-support-check fail never pass test-armhf-armhf-xl-cubietruck 16 saverestore-support-check fail never pass test-armhf-armhf-xl-credit2 15 migrate-support-check fail never pass test-armhf-armhf-xl-credit2 16 saverestore-support-check fail never pass test-armhf-armhf-libvirt 15 migrate-support-check fail never pass test-arm64-arm64-xl-credit2 15 migrate-support-check fail never pass test-arm64-arm64-xl-credit2 16 saverestore-support-check fail never pass test-arm64-arm64-xl-seattle 15 migrate-support-check fail never pass test-arm64-arm64-xl-seattle 16 saverestore-support-check fail never pass test-arm64-arm64-xl 15 migrate-support-check fail never pass test-arm64-arm64-xl 16 saverestore-support-check fail never pass test-armhf-armhf-libvirt-raw 14 migrate-support-check fail never pass test-armhf-armhf-xl-vhd 14 migrate-support-check fail never pass test-armhf-armhf-xl-vhd 15 saverestore-support-check fail never pass test-armhf-armhf-xl-credit1 15 migrate-support-check fail never pass test-armhf-armhf-xl-credit1 16 saverestore-support-check fail never pass test-armhf-armhf-xl 15 migrate-support-check fail never pass test-armhf-armhf-xl 16 saverestore-support-check fail never pass test-armhf-armhf-libvirt-qcow2 14 migrate-support-check fail never pass version targeted for testing: qemuu 48de9b0916ef60d5a6bd6ca9288832deff8ee1ee baseline version: qemuu 9de5f2b40860c5f8295e73fea9922df6f0b8d89a Last test of basis 170374 2022-05-13 01:09:17 Z 1 days Testing same since 170400 2022-05-13 19:08:35 Z 0 days 1 attempts ------------------------------------------------------------ People who touched revisions under test: Alex Williamson <alex.williamson@xxxxxxxxxx> Richard Henderson <richard.henderson@xxxxxxxxxx> jobs: build-amd64-xsm pass build-arm64-xsm pass build-i386-xsm pass build-amd64 pass build-arm64 pass build-armhf pass build-i386 pass build-amd64-libvirt pass build-arm64-libvirt pass build-armhf-libvirt pass build-i386-libvirt pass build-amd64-pvops pass build-arm64-pvops pass build-armhf-pvops pass build-i386-pvops pass test-amd64-amd64-xl pass test-amd64-coresched-amd64-xl pass test-arm64-arm64-xl pass test-armhf-armhf-xl pass test-amd64-i386-xl pass test-amd64-coresched-i386-xl pass test-amd64-amd64-libvirt-qemuu-debianhvm-amd64-xsm pass test-amd64-i386-libvirt-qemuu-debianhvm-amd64-xsm pass test-amd64-amd64-xl-qemuu-debianhvm-i386-xsm pass test-amd64-i386-xl-qemuu-debianhvm-i386-xsm pass test-amd64-amd64-libvirt-xsm pass test-arm64-arm64-libvirt-xsm pass test-amd64-i386-libvirt-xsm pass test-amd64-amd64-xl-xsm pass test-arm64-arm64-xl-xsm pass test-amd64-i386-xl-xsm pass test-amd64-amd64-qemuu-nested-amd fail test-amd64-amd64-xl-pvhv2-amd pass test-amd64-i386-qemuu-rhel6hvm-amd pass test-amd64-amd64-dom0pvh-xl-amd pass test-amd64-amd64-xl-qemuu-debianhvm-amd64 pass test-amd64-i386-xl-qemuu-debianhvm-amd64 pass test-amd64-i386-freebsd10-amd64 pass test-amd64-amd64-qemuu-freebsd11-amd64 pass test-amd64-amd64-qemuu-freebsd12-amd64 pass test-amd64-amd64-xl-qemuu-ovmf-amd64 pass test-amd64-i386-xl-qemuu-ovmf-amd64 pass test-amd64-amd64-xl-qemuu-win7-amd64 fail test-amd64-i386-xl-qemuu-win7-amd64 fail test-amd64-amd64-xl-qemuu-ws16-amd64 fail test-amd64-i386-xl-qemuu-ws16-amd64 fail test-armhf-armhf-xl-arndale pass test-amd64-amd64-xl-credit1 pass test-arm64-arm64-xl-credit1 pass test-armhf-armhf-xl-credit1 pass test-amd64-amd64-xl-credit2 pass test-arm64-arm64-xl-credit2 pass test-armhf-armhf-xl-credit2 pass test-armhf-armhf-xl-cubietruck pass test-amd64-amd64-xl-qemuu-dmrestrict-amd64-dmrestrict pass test-amd64-i386-xl-qemuu-dmrestrict-amd64-dmrestrict pass test-amd64-i386-freebsd10-i386 pass test-amd64-amd64-qemuu-nested-intel pass test-amd64-amd64-xl-pvhv2-intel pass test-amd64-i386-qemuu-rhel6hvm-intel pass test-amd64-amd64-dom0pvh-xl-intel pass test-amd64-amd64-libvirt pass test-armhf-armhf-libvirt pass test-amd64-i386-libvirt fail test-amd64-amd64-xl-multivcpu pass test-armhf-armhf-xl-multivcpu pass test-amd64-amd64-pair pass test-amd64-i386-pair pass test-amd64-amd64-libvirt-pair pass test-amd64-i386-libvirt-pair pass test-amd64-amd64-xl-pvshim pass test-amd64-i386-xl-pvshim fail test-amd64-amd64-pygrub pass test-armhf-armhf-libvirt-qcow2 pass test-amd64-amd64-xl-qcow2 pass test-arm64-arm64-libvirt-raw pass test-armhf-armhf-libvirt-raw pass test-amd64-i386-libvirt-raw pass test-amd64-amd64-xl-rtds pass test-armhf-armhf-xl-rtds pass test-arm64-arm64-xl-seattle pass test-amd64-amd64-xl-qemuu-debianhvm-amd64-shadow pass test-amd64-i386-xl-qemuu-debianhvm-amd64-shadow pass test-amd64-amd64-xl-shadow pass test-amd64-i386-xl-shadow pass test-arm64-arm64-xl-thunderx pass test-amd64-amd64-libvirt-vhd pass test-arm64-arm64-xl-vhd pass test-armhf-armhf-xl-vhd pass test-amd64-i386-xl-vhd pass ------------------------------------------------------------ sg-report-flight on osstest.test-lab.xenproject.org logs: /home/logs/logs images: /home/logs/images Logs, config files, etc. are available at http://logs.test-lab.xenproject.org/osstest/logs Explanation of these reports, and of osstest in general, is at http://xenbits.xen.org/gitweb/?p=osstest.git;a=blob;f=README.email;hb=master http://xenbits.xen.org/gitweb/?p=osstest.git;a=blob;f=README;hb=master Test harness code can be found at http://xenbits.xen.org/gitweb?p=osstest.git;a=summary Not pushing. ------------------------------------------------------------ commit 48de9b0916ef60d5a6bd6ca9288832deff8ee1ee Merge: 9de5f2b408 e4082063e4 Author: Richard Henderson <richard.henderson@xxxxxxxxxx> Date: Fri May 13 09:45:17 2022 -0700 Merge tag 'linux-headers-v5.18-rc6' of https://gitlab.com/alex.williamson/qemu into staging * Linux header update to v5.18-rc6 and vfio file massaging (Alex Williamson) # -----BEGIN PGP SIGNATURE----- # # iQJPBAABCAA5FiEEQvbATlQL0amee4qQI5ubbjuwiyIFAmJ+ajgbHGFsZXgud2ls # bGlhbXNvbkByZWRoYXQuY29tAAoJECObm247sIsiqVUQAJV8iZ7UrgX9LpCo/kBg # VuPdzv8NVoaxe33FkkMlJYIcm1wCIC+lc/nKczkJg5rdfD4/E0oNyv8DER+2q2jC # Q94nq3CoSwnbNeRaAc6dcA/Hg9VL5VAwE8S/raDt+DbCBndR0o7zejm2CHZIYPxF # GZXgexNThYcSjNsfkP2Sju/SwjWSFRHXFeTg5P6BOm2qWVGMNmvlnarPTffWOC0Y # 6sT2VUykzahVSro5WxyuLdH114KI8QRZzSybMkLMpt3uaxZsFoAhO4FYZX4owiUn # rSoHS0am86KCRG3msD8UjKKy/R4dP0hXW41xAr4HwRZWouNtwGJVtd1mA6kF5euL # 23dQwSQeHvgFx0gY0FiFih/shZ24qvTDZDz8hNqgi3q42Tv8upghAyWL7v/aPpsy # 94RH3eNSBkNEvWdK/e40LpuN14voRMLov4XcVirP2kbBFWoU4SSIZmASSLG/OeQn # tQLatE53SMiXBabMRKeVCiyMxnoUtOd8fe97XFEONFIEU0NOABt5Zoldtbq4kwoQ # tcUydKB66df3uWccb6Tpl3V7h6b8sBL8trfBUD1qANjcDbEzQVUVBTmg+DRwzs8d # HQ4f6YQaJoyZlVDgC8GVA268ubAam8FEz1piro4gz8MaZJCeCdx5Teec0yCwjBL+ # IlNS08zjV5fHFZuMPd/qswjk # =gegh # -----END PGP SIGNATURE----- # gpg: Signature made Fri 13 May 2022 07:24:56 AM PDT # gpg: using RSA key 42F6C04E540BD1A99E7B8A90239B9B6E3BB08B22 # gpg: issuer "alex.williamson@xxxxxxxxxx" # gpg: Good signature from "Alex Williamson <alex.williamson@xxxxxxxxxx>" [undefined] # gpg: aka "Alex Williamson <alex@xxxxxxxxxxx>" [undefined] # gpg: aka "Alex Williamson <alwillia@xxxxxxxxxx>" [undefined] # gpg: aka "Alex Williamson <alex.l.williamson@xxxxxxxxx>" [undefined] # gpg: WARNING: This key is not certified with a trusted signature! # gpg: There is no indication that the signature belongs to the owner. # Primary key fingerprint: 42F6 C04E 540B D1A9 9E7B 8A90 239B 9B6E 3BB0 8B22 * tag 'linux-headers-v5.18-rc6' of https://gitlab.com/alex.williamson/qemu: linux-headers: Update to v5.18-rc6 Signed-off-by: Richard Henderson <richard.henderson@xxxxxxxxxx> commit e4082063e47e9731dbeb1c26174c17f6038f577f Author: Alex Williamson <alex.williamson@xxxxxxxxxx> Date: Fri May 13 08:20:08 2022 -0600 linux-headers: Update to v5.18-rc6 Update to c5eb0a61238d ("Linux 5.18-rc6"). Mechanical search and replace of vfio defines with white space massaging. Signed-off-by: Alex Williamson <alex.williamson@xxxxxxxxxx>
|
![]() |
Lists.xenproject.org is hosted with RackSpace, monitoring our |