[Date Prev][Date Next][Thread Prev][Thread Next][Date Index][Thread Index] [linux-5.4 test] 170264: tolerable FAIL - PUSHED
flight 170264 linux-5.4 real [real] http://logs.test-lab.xenproject.org/osstest/logs/170264/ Failures :-/ but no regressions. Tests which did not succeed, but are not blocking: test-amd64-amd64-xl-qemuu-win7-amd64 19 guest-stop fail like 169782 test-amd64-amd64-xl-qemut-win7-amd64 19 guest-stop fail like 169782 test-amd64-i386-xl-qemut-win7-amd64 19 guest-stop fail like 169782 test-amd64-i386-xl-qemuu-win7-amd64 19 guest-stop fail like 169782 test-armhf-armhf-libvirt 16 saverestore-support-check fail like 169782 test-amd64-amd64-qemuu-nested-amd 20 debian-hvm-install/l1/l2 fail like 169782 test-amd64-amd64-xl-qemuu-ws16-amd64 19 guest-stop fail like 169782 test-amd64-i386-xl-qemut-ws16-amd64 19 guest-stop fail like 169782 test-armhf-armhf-libvirt-qcow2 15 saverestore-support-check fail like 169782 test-armhf-armhf-libvirt-raw 15 saverestore-support-check fail like 169782 test-amd64-amd64-xl-qemut-ws16-amd64 19 guest-stop fail like 169782 test-amd64-i386-xl-qemuu-ws16-amd64 19 guest-stop fail like 169782 test-arm64-arm64-xl 15 migrate-support-check fail never pass test-arm64-arm64-xl 16 saverestore-support-check fail never pass test-amd64-amd64-libvirt 15 migrate-support-check fail never pass test-amd64-i386-libvirt-xsm 15 migrate-support-check fail never pass test-amd64-i386-libvirt 15 migrate-support-check fail never pass test-amd64-i386-libvirt-qemuu-debianhvm-amd64-xsm 13 migrate-support-check fail never pass test-amd64-i386-xl-pvshim 14 guest-start fail never pass test-arm64-arm64-xl-seattle 15 migrate-support-check fail never pass test-arm64-arm64-xl-seattle 16 saverestore-support-check fail never pass test-amd64-amd64-libvirt-xsm 15 migrate-support-check fail never pass test-amd64-i386-libvirt-raw 14 migrate-support-check fail never pass test-amd64-amd64-libvirt-qemuu-debianhvm-amd64-xsm 13 migrate-support-check fail never pass test-armhf-armhf-xl-multivcpu 15 migrate-support-check fail never pass test-armhf-armhf-xl-rtds 15 migrate-support-check fail never pass test-armhf-armhf-xl-multivcpu 16 saverestore-support-check fail never pass test-armhf-armhf-xl-rtds 16 saverestore-support-check fail never pass test-arm64-arm64-xl-xsm 15 migrate-support-check fail never pass test-arm64-arm64-xl-xsm 16 saverestore-support-check fail never pass test-arm64-arm64-xl-thunderx 15 migrate-support-check fail never pass test-arm64-arm64-xl-thunderx 16 saverestore-support-check fail never pass test-arm64-arm64-xl-credit2 15 migrate-support-check fail never pass test-arm64-arm64-xl-credit2 16 saverestore-support-check fail never pass test-arm64-arm64-libvirt-xsm 15 migrate-support-check fail never pass test-arm64-arm64-xl-credit1 15 migrate-support-check fail never pass test-arm64-arm64-libvirt-xsm 16 saverestore-support-check fail never pass test-arm64-arm64-xl-credit1 16 saverestore-support-check fail never pass test-armhf-armhf-xl-arndale 15 migrate-support-check fail never pass test-armhf-armhf-xl-arndale 16 saverestore-support-check fail never pass test-armhf-armhf-xl-credit2 15 migrate-support-check fail never pass test-armhf-armhf-xl-credit2 16 saverestore-support-check fail never pass test-amd64-amd64-libvirt-vhd 14 migrate-support-check fail never pass test-arm64-arm64-libvirt-raw 14 migrate-support-check fail never pass test-arm64-arm64-libvirt-raw 15 saverestore-support-check fail never pass test-armhf-armhf-xl 15 migrate-support-check fail never pass test-armhf-armhf-xl 16 saverestore-support-check fail never pass test-armhf-armhf-xl-credit1 15 migrate-support-check fail never pass test-armhf-armhf-xl-credit1 16 saverestore-support-check fail never pass test-arm64-arm64-xl-vhd 14 migrate-support-check fail never pass test-arm64-arm64-xl-vhd 15 saverestore-support-check fail never pass test-armhf-armhf-libvirt 15 migrate-support-check fail never pass test-armhf-armhf-xl-cubietruck 15 migrate-support-check fail never pass test-armhf-armhf-xl-cubietruck 16 saverestore-support-check fail never pass test-armhf-armhf-xl-vhd 14 migrate-support-check fail never pass test-armhf-armhf-xl-vhd 15 saverestore-support-check fail never pass test-armhf-armhf-libvirt-qcow2 14 migrate-support-check fail never pass test-armhf-armhf-libvirt-raw 14 migrate-support-check fail never pass version targeted for testing: linux 1d72b776f6dc973211f5d153453cf8955fb3d70a baseline version: linux 4426e6017f73bbbd65270965ecc11b6b3ff4af4d Last test of basis 169782 2022-04-27 12:13:13 Z 12 days Testing same since 170264 2022-05-09 07:12:58 Z 0 days 1 attempts ------------------------------------------------------------ People who touched revisions under test: Adam Ford <aford173@xxxxxxxxx> Alex Deucher <alexander.deucher@xxxxxxx> Andrew Morton <akpm@xxxxxxxxxxxxxxxxxxxx> Ariel Elior <aelior@xxxxxxxxxxx> Borislav Petkov <bp@xxxxxxx> Bruno Thomsen <bruno.thomsen@xxxxxxxxx> Christian Hewitt <christianshewitt@xxxxxxxxx> Christophe JAILLET <christophe.jaillet@xxxxxxxxxx> Christophe Leroy <christophe.leroy@xxxxxxxxxx> Chuanhong Guo <gch981213@xxxxxxxxx> Cong Wang <cong.wang@xxxxxxxxxxxxx> Dan Vacura <w36195@xxxxxxxxxxxx> Daniel Borkmann <daniel@xxxxxxxxxxxxx> Daniel Starke <daniel.starke@xxxxxxxxxxx> Daniele Palmas <dnlplm@xxxxxxxxx> David Christensen <drc@xxxxxxxxxxxxxxxxxx> David S. Miller <davem@xxxxxxxxxxxxx> Denis Efremov <efremov@xxxxxxxxx> Denys Drozdov <denys.drozdov@xxxxxxxxxxx> Dinh Nguyen <dinguyen@xxxxxxxxxx> Duoming Zhou <duoming@xxxxxxxxxx> Eric Dumazet <edumazet@xxxxxxxxxx> Eyal Birger <eyal.birger@xxxxxxxxx> Fabien Parent <fparent@xxxxxxxxxxxx> Fabio Estevam <festevam@xxxxxxx> Fabio Estevam <festevam@xxxxxxxxx> Florian Fainelli <f.fainelli@xxxxxxxxx> Florian Westphal <fw@xxxxxxxxx> Francesco Ruggeri <fruggeri@xxxxxxxxxx> Greg Kroah-Hartman <gregkh@xxxxxxxxxxxxxxxxxxx> Guangbin Huang <huangguangbin2@xxxxxxxxxx> H. Nikolaus Schaller <hns@xxxxxxxxxxxxx> Hangyu Hua <hbh25y@xxxxxxxxx> Hauke Mehrtens <hauke@xxxxxxxxxx> Heikki Krogerus <heikki.krogerus@xxxxxxxxxxxxxxx> Helge Deller <deller@xxxxxx> Henry Lin <henryl@xxxxxxxxxx> Hulk Robot <hulkrobot@xxxxxxxxxx> Jakub Kicinski <kuba@xxxxxxxxxx> Jan Hoffmann <jan@xxxxxx> Jernej Skrabec <jernej.skrabec@xxxxxxxxx> Jian Shen <shenjian15@xxxxxxxxxx> Johan Hovold <johan@xxxxxxxxxx> Jon Hunter <jonathanh@xxxxxxxxxx> Jonathan Cameron <Jonathan.Cameron@xxxxxxxxxx> Jonathan Lemon <jonathan.lemon@xxxxxxxxx> Julian Anastasov <ja@xxxxxx> Karsten Graul <kgraul@xxxxxxxxxxxxx> Kees Cook <keescook@xxxxxxxxxxxx> Konrad Jankowski <konrad0.jankowski@xxxxxxxxx> Krzysztof Kozlowski <krzysztof.kozlowski@xxxxxxxxxx> Kyle D. Pelton <kyle.d.pelton@xxxxxxxxx> Leon Romanovsky <leonro@xxxxxxxxxx> Lin Ma <linma@xxxxxxxxxx> Linus Torvalds <torvalds@xxxxxxxxxxxxxxxxxxxx> Linus Walleij <linus.walleij@xxxxxxxxxx> Linux Kernel Functional Testing <lkft@xxxxxxxxxx> liuyacan <liuyacan@xxxxxxxxxxxxxxxx> Lv Ruyi <lv.ruyi@xxxxxxxxxx> Maciej W. Rozycki <macro@xxxxxxxxxxx> Macpaul Lin <macpaul.lin@xxxxxxxxxxxx> Manish Chopra <manishc@xxxxxxxxxxx> Marcel Ziswiler <marcel.ziswiler@xxxxxxxxxxx> Marcelo Ricardo Leitner <marcelo.leitner@xxxxxxxxx> Mark Brown <broonie@xxxxxxxxxx> Martin Blumenstingl <martin.blumenstingl@xxxxxxxxxxxxxx> Mathias Nyman <mathias.nyman@xxxxxxxxxxxxxxx> Max Krummenacher <max.krummenacher@xxxxxxxxxxx> Maxim Mikityanskiy <maximmi@xxxxxxxxxx> Miaoqian Lin <linmq006@xxxxxxxxx> Michael Hennerich <michael.hennerich@xxxxxxxxxx> Mike Kravetz <mike.kravetz@xxxxxxxxxx> Mikulas Patocka <mpatocka@xxxxxxxxxx> Miquel Raynal <miquel.raynal@xxxxxxxxxxx> Neal Cardwell <ncardwell@xxxxxxxxxx> Neil Armstrong <narmstrong@xxxxxxxxxxxx> Nicolas Ferre <nicolas.ferre@xxxxxxxxxxxxx> Oliver Neukum <oneukum@xxxxxxxx> Ovidiu Panait <ovidiu.panait@xxxxxxxxxxxxx> Pablo Neira Ayuso <pablo@xxxxxxxxxxxxx> Paolo Abeni <pabeni@xxxxxxxxxx> Pavel Skripkin <paskripkin@xxxxxxxxx> Pawan Gupta <pawan.kumar.gupta@xxxxxxxxxxxxxxx> Peilin Ye <peilin.ye@xxxxxxxxxxxxx> Pengcheng Yang <yangpc@xxxxxxxxxx> Ronnie Sahlberg <lsahlber@xxxxxxxxxx> Samuel Holland <samuel@xxxxxxxxxxxx> Sasha Levin <sashal@xxxxxxxxxx> Shawn Guo <shawnguo@xxxxxxxxxx> Shijie Hu <hushijie3@xxxxxxxxxx> Simon Horman <horms@xxxxxxxxxxxx> Slark Xiao <slark_xiao@xxxxxxx> Soheil Hassas Yeganeh <soheil@xxxxxxxxxx> Steve French <stfrench@xxxxxxxxxxxxx> Tainping Fang <tianping.fang@xxxxxxxxxxxx> Thinh Nguyen <Thinh.Nguyen@xxxxxxxxxxxx> Tony Lindgren <tony@xxxxxxxxxxx> Tony Nguyen <anthony.l.nguyen@xxxxxxxxx> Vijayavardhan Vennapusa <vvreddy@xxxxxxxxxxxxxx> Vinod Koul <vkoul@xxxxxxxxxx> Viresh Kumar <viresh.kumar@xxxxxxxxxx> Wang Qing <wangqing@xxxxxxxx> Weitao Wang <WeitaoWang-oc@xxxxxxxxxxx> William Tu <u9012063@xxxxxxxxx> Willy Tarreau <w@xxxxxx> Xiaobing Luo <luoxiaobing0926@xxxxxxxxx> Xin Long <lucien.xin@xxxxxxxxx> Yang Yingliang <yangyingliang@xxxxxxxxxx> Zheyu Ma <zheyuma97@xxxxxxxxx> Zizhuang Deng <sunsetdzz@xxxxxxxxx> jobs: build-amd64-xsm pass build-arm64-xsm pass build-i386-xsm pass build-amd64 pass build-arm64 pass build-armhf pass build-i386 pass build-amd64-libvirt pass build-arm64-libvirt pass build-armhf-libvirt pass build-i386-libvirt pass build-amd64-pvops pass build-arm64-pvops pass build-armhf-pvops pass build-i386-pvops pass test-amd64-amd64-xl pass test-amd64-coresched-amd64-xl pass test-arm64-arm64-xl pass test-armhf-armhf-xl pass test-amd64-i386-xl pass test-amd64-coresched-i386-xl pass test-amd64-amd64-libvirt-qemuu-debianhvm-amd64-xsm pass test-amd64-i386-libvirt-qemuu-debianhvm-amd64-xsm pass test-amd64-amd64-xl-qemut-stubdom-debianhvm-amd64-xsm pass test-amd64-i386-xl-qemut-stubdom-debianhvm-amd64-xsm pass test-amd64-amd64-xl-qemut-debianhvm-i386-xsm pass test-amd64-i386-xl-qemut-debianhvm-i386-xsm pass test-amd64-amd64-xl-qemuu-debianhvm-i386-xsm pass test-amd64-i386-xl-qemuu-debianhvm-i386-xsm pass test-amd64-amd64-libvirt-xsm pass test-arm64-arm64-libvirt-xsm pass test-amd64-i386-libvirt-xsm pass test-amd64-amd64-xl-xsm pass test-arm64-arm64-xl-xsm pass test-amd64-i386-xl-xsm pass test-amd64-amd64-qemuu-nested-amd fail test-amd64-amd64-xl-pvhv2-amd pass test-amd64-i386-qemut-rhel6hvm-amd pass test-amd64-i386-qemuu-rhel6hvm-amd pass test-amd64-amd64-dom0pvh-xl-amd pass test-amd64-amd64-xl-qemut-debianhvm-amd64 pass test-amd64-i386-xl-qemut-debianhvm-amd64 pass test-amd64-amd64-xl-qemuu-debianhvm-amd64 pass test-amd64-i386-xl-qemuu-debianhvm-amd64 pass test-amd64-i386-freebsd10-amd64 pass test-amd64-amd64-qemuu-freebsd11-amd64 pass test-amd64-amd64-qemuu-freebsd12-amd64 pass test-amd64-amd64-xl-qemuu-ovmf-amd64 pass test-amd64-i386-xl-qemuu-ovmf-amd64 pass test-amd64-amd64-xl-qemut-win7-amd64 fail test-amd64-i386-xl-qemut-win7-amd64 fail test-amd64-amd64-xl-qemuu-win7-amd64 fail test-amd64-i386-xl-qemuu-win7-amd64 fail test-amd64-amd64-xl-qemut-ws16-amd64 fail test-amd64-i386-xl-qemut-ws16-amd64 fail test-amd64-amd64-xl-qemuu-ws16-amd64 fail test-amd64-i386-xl-qemuu-ws16-amd64 fail test-armhf-armhf-xl-arndale pass test-amd64-amd64-examine-bios pass test-amd64-i386-examine-bios pass test-amd64-amd64-xl-credit1 pass test-arm64-arm64-xl-credit1 pass test-armhf-armhf-xl-credit1 pass test-amd64-amd64-xl-credit2 pass test-arm64-arm64-xl-credit2 pass test-armhf-armhf-xl-credit2 pass test-armhf-armhf-xl-cubietruck pass test-amd64-amd64-xl-qemuu-dmrestrict-amd64-dmrestrict pass test-amd64-i386-xl-qemuu-dmrestrict-amd64-dmrestrict pass test-amd64-amd64-examine pass test-arm64-arm64-examine pass test-armhf-armhf-examine pass test-amd64-i386-examine pass test-amd64-i386-freebsd10-i386 pass test-amd64-amd64-qemuu-nested-intel pass test-amd64-amd64-xl-pvhv2-intel pass test-amd64-i386-qemut-rhel6hvm-intel pass test-amd64-i386-qemuu-rhel6hvm-intel pass test-amd64-amd64-dom0pvh-xl-intel pass test-amd64-amd64-libvirt pass test-armhf-armhf-libvirt pass test-amd64-i386-libvirt pass test-amd64-amd64-xl-multivcpu pass test-armhf-armhf-xl-multivcpu pass test-amd64-amd64-pair pass test-amd64-i386-pair pass test-amd64-amd64-libvirt-pair pass test-amd64-i386-libvirt-pair pass test-amd64-amd64-xl-pvshim pass test-amd64-i386-xl-pvshim fail test-amd64-amd64-pygrub pass test-armhf-armhf-libvirt-qcow2 pass test-amd64-amd64-xl-qcow2 pass test-arm64-arm64-libvirt-raw pass test-armhf-armhf-libvirt-raw pass test-amd64-i386-libvirt-raw pass test-amd64-amd64-xl-rtds pass test-armhf-armhf-xl-rtds pass test-arm64-arm64-xl-seattle pass test-amd64-amd64-xl-qemuu-debianhvm-amd64-shadow pass test-amd64-i386-xl-qemuu-debianhvm-amd64-shadow pass test-amd64-amd64-xl-shadow pass test-amd64-i386-xl-shadow pass test-arm64-arm64-xl-thunderx pass test-amd64-amd64-examine-uefi pass test-amd64-i386-examine-uefi pass test-amd64-amd64-libvirt-vhd pass test-arm64-arm64-xl-vhd pass test-armhf-armhf-xl-vhd pass test-amd64-i386-xl-vhd pass ------------------------------------------------------------ sg-report-flight on osstest.test-lab.xenproject.org logs: /home/logs/logs images: /home/logs/images Logs, config files, etc. are available at http://logs.test-lab.xenproject.org/osstest/logs Explanation of these reports, and of osstest in general, is at http://xenbits.xen.org/gitweb/?p=osstest.git;a=blob;f=README.email;hb=master http://xenbits.xen.org/gitweb/?p=osstest.git;a=blob;f=README;hb=master Test harness code can be found at http://xenbits.xen.org/gitweb?p=osstest.git;a=summary Pushing revision : hint: The 'hooks/update' hook was ignored because it's not set as executable. hint: You can disable this warning with `git config advice.ignoredHook false`. hint: The 'hooks/post-receive' hook was ignored because it's not set as executable. hint: You can disable this warning with `git config advice.ignoredHook false`. hint: The 'hooks/post-update' hook was ignored because it's not set as executable. hint: You can disable this warning with `git config advice.ignoredHook false`. To xenbits.xen.org:/home/xen/git/linux-pvops.git 4426e6017f73..1d72b776f6dc 1d72b776f6dc973211f5d153453cf8955fb3d70a -> tested/linux-5.4
|
Lists.xenproject.org is hosted with RackSpace, monitoring our |