[Date Prev][Date Next][Thread Prev][Thread Next][Date Index][Thread Index] [xen-unstable-smoke test] 168669: tolerable all pass - PUSHED
flight 168669 xen-unstable-smoke real [real] http://logs.test-lab.xenproject.org/osstest/logs/168669/ Failures :-/ but no regressions. Tests which did not succeed, but are not blocking: test-amd64-amd64-libvirt 15 migrate-support-check fail never pass test-arm64-arm64-xl-xsm 15 migrate-support-check fail never pass test-arm64-arm64-xl-xsm 16 saverestore-support-check fail never pass test-armhf-armhf-xl 15 migrate-support-check fail never pass test-armhf-armhf-xl 16 saverestore-support-check fail never pass version targeted for testing: xen 6974c75180f1aad44e5428eabf2396b2b50fb0e4 baseline version: xen 7b41b91fd2ecbf87b91120b468689e10296b656c Last test of basis 168666 2022-03-17 18:00:27 Z 0 days Testing same since 168669 2022-03-17 23:00:29 Z 0 days 1 attempts ------------------------------------------------------------ People who touched revisions under test: Andrew Cooper <andrew.cooper3@xxxxxxxxxx> Bjoern Doebel <doebel@xxxxxxxxx> Jiamei Xie <jiamei.xie@xxxxxxx> Konrad Rzeszutek Wilk <konrad.wilk@xxxxxxxxxx> jobs: build-arm64-xsm pass build-amd64 pass build-armhf pass build-amd64-libvirt pass test-armhf-armhf-xl pass test-arm64-arm64-xl-xsm pass test-amd64-amd64-xl-qemuu-debianhvm-amd64 pass test-amd64-amd64-libvirt pass ------------------------------------------------------------ sg-report-flight on osstest.test-lab.xenproject.org logs: /home/logs/logs images: /home/logs/images Logs, config files, etc. are available at http://logs.test-lab.xenproject.org/osstest/logs Explanation of these reports, and of osstest in general, is at http://xenbits.xen.org/gitweb/?p=osstest.git;a=blob;f=README.email;hb=master http://xenbits.xen.org/gitweb/?p=osstest.git;a=blob;f=README;hb=master Test harness code can be found at http://xenbits.xen.org/gitweb?p=osstest.git;a=summary Pushing revision : To xenbits.xen.org:/home/xen/git/xen.git 7b41b91fd2..6974c75180 6974c75180f1aad44e5428eabf2396b2b50fb0e4 -> smoke
|
![]() |
Lists.xenproject.org is hosted with RackSpace, monitoring our |