[Date Prev][Date Next][Thread Prev][Thread Next][Date Index][Thread Index] [qemu-mainline test] 168501: tolerable FAIL - PUSHED
flight 168501 qemu-mainline real [real] http://logs.test-lab.xenproject.org/osstest/logs/168501/ Failures :-/ but no regressions. Tests which did not succeed, but are not blocking: test-amd64-amd64-xl-qemuu-win7-amd64 19 guest-stop fail like 168488 test-amd64-amd64-qemuu-nested-amd 20 debian-hvm-install/l1/l2 fail like 168488 test-armhf-armhf-libvirt 16 saverestore-support-check fail like 168488 test-amd64-i386-xl-qemuu-win7-amd64 19 guest-stop fail like 168488 test-armhf-armhf-xl-rtds 18 guest-start/debian.repeat fail like 168488 test-armhf-armhf-libvirt-qcow2 15 saverestore-support-check fail like 168488 test-armhf-armhf-libvirt-raw 15 saverestore-support-check fail like 168488 test-amd64-i386-xl-qemuu-ws16-amd64 19 guest-stop fail like 168488 test-amd64-amd64-xl-qemuu-ws16-amd64 19 guest-stop fail like 168488 test-arm64-arm64-xl-seattle 15 migrate-support-check fail never pass test-arm64-arm64-xl-seattle 16 saverestore-support-check fail never pass test-amd64-amd64-libvirt 15 migrate-support-check fail never pass test-amd64-i386-libvirt-xsm 15 migrate-support-check fail never pass test-amd64-amd64-libvirt-xsm 15 migrate-support-check fail never pass test-amd64-i386-libvirt 15 migrate-support-check fail never pass test-amd64-i386-xl-pvshim 14 guest-start fail never pass test-arm64-arm64-xl 15 migrate-support-check fail never pass test-arm64-arm64-xl 16 saverestore-support-check fail never pass test-arm64-arm64-xl-thunderx 15 migrate-support-check fail never pass test-arm64-arm64-xl-thunderx 16 saverestore-support-check fail never pass test-arm64-arm64-xl-credit2 15 migrate-support-check fail never pass test-arm64-arm64-xl-credit2 16 saverestore-support-check fail never pass test-arm64-arm64-libvirt-xsm 15 migrate-support-check fail never pass test-arm64-arm64-libvirt-xsm 16 saverestore-support-check fail never pass test-arm64-arm64-xl-xsm 15 migrate-support-check fail never pass test-arm64-arm64-xl-xsm 16 saverestore-support-check fail never pass test-arm64-arm64-xl-credit1 15 migrate-support-check fail never pass test-arm64-arm64-xl-credit1 16 saverestore-support-check fail never pass test-amd64-i386-libvirt-qemuu-debianhvm-amd64-xsm 13 migrate-support-check fail never pass test-armhf-armhf-xl-arndale 15 migrate-support-check fail never pass test-armhf-armhf-xl-arndale 16 saverestore-support-check fail never pass test-amd64-amd64-libvirt-qemuu-debianhvm-amd64-xsm 13 migrate-support-check fail never pass test-amd64-i386-libvirt-raw 14 migrate-support-check fail never pass test-amd64-amd64-libvirt-vhd 14 migrate-support-check fail never pass test-arm64-arm64-libvirt-raw 14 migrate-support-check fail never pass test-arm64-arm64-libvirt-raw 15 saverestore-support-check fail never pass test-armhf-armhf-xl 15 migrate-support-check fail never pass test-armhf-armhf-xl 16 saverestore-support-check fail never pass test-arm64-arm64-xl-vhd 14 migrate-support-check fail never pass test-arm64-arm64-xl-vhd 15 saverestore-support-check fail never pass test-armhf-armhf-xl-rtds 15 migrate-support-check fail never pass test-armhf-armhf-xl-rtds 16 saverestore-support-check fail never pass test-armhf-armhf-xl-credit2 15 migrate-support-check fail never pass test-armhf-armhf-xl-credit2 16 saverestore-support-check fail never pass test-armhf-armhf-xl-multivcpu 15 migrate-support-check fail never pass test-armhf-armhf-xl-multivcpu 16 saverestore-support-check fail never pass test-armhf-armhf-xl-cubietruck 15 migrate-support-check fail never pass test-armhf-armhf-xl-cubietruck 16 saverestore-support-check fail never pass test-armhf-armhf-libvirt 15 migrate-support-check fail never pass test-armhf-armhf-libvirt-qcow2 14 migrate-support-check fail never pass test-armhf-armhf-xl-credit1 15 migrate-support-check fail never pass test-armhf-armhf-xl-credit1 16 saverestore-support-check fail never pass test-armhf-armhf-xl-vhd 14 migrate-support-check fail never pass test-armhf-armhf-xl-vhd 15 saverestore-support-check fail never pass test-armhf-armhf-libvirt-raw 14 migrate-support-check fail never pass version targeted for testing: qemuu d9ccf33f9479201e5add8db0af68ca9ca8da358b baseline version: qemuu 9740b907a5363c06ecf61e08b21966a81eb0dab4 Last test of basis 168488 2022-03-08 19:07:03 Z 2 days Testing same since 168501 2022-03-10 06:06:16 Z 0 days 1 attempts ------------------------------------------------------------ People who touched revisions under test: Andrew Jeffery <andrew@xxxxxxxx> Ani Sinha <ani@xxxxxxxxxxx> Bernhard Beschow <shentey@xxxxxxxxx> Cleber Rosa <crosa@xxxxxxxxxx> Corey Minyard <cminyard@xxxxxxxxxx> (isa_ipmi_bt, isa_ipmi_kcs) Cornelia Huck <cohuck@xxxxxxxxxx> Cédric Le Goater <clg@xxxxxxxx> Daniel Henrique Barboza <danielhb413@xxxxxxxxx> Daniel P. Berrangé <berrange@xxxxxxxxxx> David Miller <dmiller423@xxxxxxxxx> Dov Murik <dovmurik@xxxxxxxxxxxxx> Eric Auger <eric.auger@xxxxxxxxxx> Eric Blake <eblake@xxxxxxxxxx> Eric DeVolder <eric.devolder@xxxxxxxxxx> Eugenio Pérez <eperezma@xxxxxxxxxx> Gerd Hoffmann <kraxel@xxxxxxxxxx> Halil Pasic <pasic@xxxxxxxxxxxxx> Igor Mammedov <imammedo@xxxxxxxxxx> Jason Wang <jasowang@xxxxxxxxxx> Jean-Philippe Brucker <jean-philippe@xxxxxxxxxx> Joelle van Dyne <j@xxxxxxxxxx> John Snow <jsnow@xxxxxxxxxx> Jonathan Cameron <Jonathan.Cameron@xxxxxxxxxx> Kashyap Chamarthy <kchamart@xxxxxxxxxx> Kevin Wolf <kwolf@xxxxxxxxxx> Knut Omang <knut.omang@xxxxxxxxxx> Knut Omang <knuto@xxxxxxxxxx> Laurent Vivier <laurent@xxxxxxxxx> Laurent Vivier <lvivier@xxxxxxxxxx> Liav Albani <liavalb@xxxxxxxxx> Mark Cave-Ayland <mark.cave-ayland@xxxxxxxxxxxx> Matheus Ferst <matheus.ferst@xxxxxxxxxxxxxxx> Michael S. Tsirkin <mst@xxxxxxxxxx> Patrick Venture <venture@xxxxxxxxxx> Patrick Williams <patrick@xxxxxxxxx> Peter Maydell <peter.maydell@xxxxxxxxxx> Philippe Mathieu-Daudé <f4bug@xxxxxxxxx> Rohit Kumar <rohit.kumar3@xxxxxxxxxxx> Sergio Lopez <slp@xxxxxxxxxx> Simon Burge <simonb@xxxxxxxxxx> Stefano Garzarella <sgarzare@xxxxxxxxxx> Thomas Huth <thuth@xxxxxxxxxx> Viresh Kumar <viresh.kumar@xxxxxxxxxx> Wentao_Liang <Wentao_Liang_g@xxxxxxx> Xueming Li <xuemingl@xxxxxxxxxx> zhenwei pi <pizhenwei@xxxxxxxxxxxxx> Zhenzhong Duan <zhenzhong.duan@xxxxxxxxx> Łukasz Gieryk <lukasz.gieryk@xxxxxxxxxxxxxxx> jobs: build-amd64-xsm pass build-arm64-xsm pass build-i386-xsm pass build-amd64 pass build-arm64 pass build-armhf pass build-i386 pass build-amd64-libvirt pass build-arm64-libvirt pass build-armhf-libvirt pass build-i386-libvirt pass build-amd64-pvops pass build-arm64-pvops pass build-armhf-pvops pass build-i386-pvops pass test-amd64-amd64-xl pass test-amd64-coresched-amd64-xl pass test-arm64-arm64-xl pass test-armhf-armhf-xl pass test-amd64-i386-xl pass test-amd64-coresched-i386-xl pass test-amd64-amd64-libvirt-qemuu-debianhvm-amd64-xsm pass test-amd64-i386-libvirt-qemuu-debianhvm-amd64-xsm pass test-amd64-amd64-xl-qemuu-debianhvm-i386-xsm pass test-amd64-i386-xl-qemuu-debianhvm-i386-xsm pass test-amd64-amd64-libvirt-xsm pass test-arm64-arm64-libvirt-xsm pass test-amd64-i386-libvirt-xsm pass test-amd64-amd64-xl-xsm pass test-arm64-arm64-xl-xsm pass test-amd64-i386-xl-xsm pass test-amd64-amd64-qemuu-nested-amd fail test-amd64-amd64-xl-pvhv2-amd pass test-amd64-i386-qemuu-rhel6hvm-amd pass test-amd64-amd64-dom0pvh-xl-amd pass test-amd64-amd64-xl-qemuu-debianhvm-amd64 pass test-amd64-i386-xl-qemuu-debianhvm-amd64 pass test-amd64-i386-freebsd10-amd64 pass test-amd64-amd64-qemuu-freebsd11-amd64 pass test-amd64-amd64-qemuu-freebsd12-amd64 pass test-amd64-amd64-xl-qemuu-ovmf-amd64 pass test-amd64-i386-xl-qemuu-ovmf-amd64 pass test-amd64-amd64-xl-qemuu-win7-amd64 fail test-amd64-i386-xl-qemuu-win7-amd64 fail test-amd64-amd64-xl-qemuu-ws16-amd64 fail test-amd64-i386-xl-qemuu-ws16-amd64 fail test-armhf-armhf-xl-arndale pass test-amd64-amd64-xl-credit1 pass test-arm64-arm64-xl-credit1 pass test-armhf-armhf-xl-credit1 pass test-amd64-amd64-xl-credit2 pass test-arm64-arm64-xl-credit2 pass test-armhf-armhf-xl-credit2 pass test-armhf-armhf-xl-cubietruck pass test-amd64-amd64-xl-qemuu-dmrestrict-amd64-dmrestrict pass test-amd64-i386-xl-qemuu-dmrestrict-amd64-dmrestrict pass test-amd64-i386-freebsd10-i386 pass test-amd64-amd64-qemuu-nested-intel pass test-amd64-amd64-xl-pvhv2-intel pass test-amd64-i386-qemuu-rhel6hvm-intel pass test-amd64-amd64-dom0pvh-xl-intel pass test-amd64-amd64-libvirt pass test-armhf-armhf-libvirt pass test-amd64-i386-libvirt pass test-amd64-amd64-xl-multivcpu pass test-armhf-armhf-xl-multivcpu pass test-amd64-amd64-pair pass test-amd64-i386-pair pass test-amd64-amd64-libvirt-pair pass test-amd64-i386-libvirt-pair pass test-amd64-amd64-xl-pvshim pass test-amd64-i386-xl-pvshim fail test-amd64-amd64-pygrub pass test-armhf-armhf-libvirt-qcow2 pass test-amd64-amd64-xl-qcow2 pass test-arm64-arm64-libvirt-raw pass test-armhf-armhf-libvirt-raw pass test-amd64-i386-libvirt-raw pass test-amd64-amd64-xl-rtds pass test-armhf-armhf-xl-rtds fail test-arm64-arm64-xl-seattle pass test-amd64-amd64-xl-qemuu-debianhvm-amd64-shadow pass test-amd64-i386-xl-qemuu-debianhvm-amd64-shadow pass test-amd64-amd64-xl-shadow pass test-amd64-i386-xl-shadow pass test-arm64-arm64-xl-thunderx pass test-amd64-amd64-libvirt-vhd pass test-arm64-arm64-xl-vhd pass test-armhf-armhf-xl-vhd pass test-amd64-i386-xl-vhd pass ------------------------------------------------------------ sg-report-flight on osstest.test-lab.xenproject.org logs: /home/logs/logs images: /home/logs/images Logs, config files, etc. are available at http://logs.test-lab.xenproject.org/osstest/logs Explanation of these reports, and of osstest in general, is at http://xenbits.xen.org/gitweb/?p=osstest.git;a=blob;f=README.email;hb=master http://xenbits.xen.org/gitweb/?p=osstest.git;a=blob;f=README;hb=master Test harness code can be found at http://xenbits.xen.org/gitweb?p=osstest.git;a=summary Pushing revision : To xenbits.xen.org:/home/xen/git/qemu-xen.git 9740b907a5..d9ccf33f94 d9ccf33f9479201e5add8db0af68ca9ca8da358b -> upstream-tested
|
Lists.xenproject.org is hosted with RackSpace, monitoring our |