[Date Prev][Date Next][Thread Prev][Thread Next][Date Index][Thread Index] [linux-5.4 test] 168485: tolerable FAIL - PUSHED
flight 168485 linux-5.4 real [real] http://logs.test-lab.xenproject.org/osstest/logs/168485/ Failures :-/ but no regressions. Tests which did not succeed, but are not blocking: test-amd64-amd64-xl-qemuu-win7-amd64 19 guest-stop fail like 168334 test-amd64-amd64-xl-qemut-win7-amd64 19 guest-stop fail like 168334 test-amd64-i386-xl-qemut-win7-amd64 19 guest-stop fail like 168334 test-armhf-armhf-libvirt 16 saverestore-support-check fail like 168334 test-amd64-amd64-qemuu-nested-amd 20 debian-hvm-install/l1/l2 fail like 168334 test-amd64-amd64-xl-qemuu-ws16-amd64 19 guest-stop fail like 168334 test-amd64-amd64-xl-qemut-ws16-amd64 19 guest-stop fail like 168334 test-amd64-i386-xl-qemuu-win7-amd64 19 guest-stop fail like 168334 test-amd64-i386-xl-qemut-ws16-amd64 19 guest-stop fail like 168334 test-armhf-armhf-libvirt-qcow2 15 saverestore-support-check fail like 168334 test-armhf-armhf-libvirt-raw 15 saverestore-support-check fail like 168334 test-amd64-i386-xl-qemuu-ws16-amd64 19 guest-stop fail like 168334 test-arm64-arm64-xl 15 migrate-support-check fail never pass test-arm64-arm64-xl 16 saverestore-support-check fail never pass test-armhf-armhf-xl-multivcpu 15 migrate-support-check fail never pass test-armhf-armhf-xl-multivcpu 16 saverestore-support-check fail never pass test-amd64-i386-libvirt-qemuu-debianhvm-amd64-xsm 13 migrate-support-check fail never pass test-amd64-amd64-libvirt-xsm 15 migrate-support-check fail never pass test-amd64-i386-xl-pvshim 14 guest-start fail never pass test-amd64-amd64-libvirt 15 migrate-support-check fail never pass test-amd64-i386-libvirt-xsm 15 migrate-support-check fail never pass test-arm64-arm64-xl-seattle 15 migrate-support-check fail never pass test-arm64-arm64-xl-seattle 16 saverestore-support-check fail never pass test-amd64-i386-libvirt 15 migrate-support-check fail never pass test-amd64-amd64-libvirt-qemuu-debianhvm-amd64-xsm 13 migrate-support-check fail never pass test-arm64-arm64-libvirt-xsm 15 migrate-support-check fail never pass test-arm64-arm64-libvirt-xsm 16 saverestore-support-check fail never pass test-arm64-arm64-xl-credit1 15 migrate-support-check fail never pass test-arm64-arm64-xl-credit1 16 saverestore-support-check fail never pass test-arm64-arm64-xl-credit2 15 migrate-support-check fail never pass test-arm64-arm64-xl-credit2 16 saverestore-support-check fail never pass test-arm64-arm64-xl-thunderx 15 migrate-support-check fail never pass test-arm64-arm64-xl-thunderx 16 saverestore-support-check fail never pass test-arm64-arm64-xl-xsm 15 migrate-support-check fail never pass test-arm64-arm64-xl-xsm 16 saverestore-support-check fail never pass test-amd64-amd64-libvirt-vhd 14 migrate-support-check fail never pass test-amd64-i386-libvirt-raw 14 migrate-support-check fail never pass test-armhf-armhf-xl-rtds 15 migrate-support-check fail never pass test-armhf-armhf-xl-rtds 16 saverestore-support-check fail never pass test-arm64-arm64-libvirt-raw 14 migrate-support-check fail never pass test-arm64-arm64-libvirt-raw 15 saverestore-support-check fail never pass test-arm64-arm64-xl-vhd 14 migrate-support-check fail never pass test-arm64-arm64-xl-vhd 15 saverestore-support-check fail never pass test-armhf-armhf-xl-credit1 15 migrate-support-check fail never pass test-armhf-armhf-xl-credit1 16 saverestore-support-check fail never pass test-armhf-armhf-xl-credit2 15 migrate-support-check fail never pass test-armhf-armhf-xl-credit2 16 saverestore-support-check fail never pass test-armhf-armhf-libvirt 15 migrate-support-check fail never pass test-armhf-armhf-xl-cubietruck 15 migrate-support-check fail never pass test-armhf-armhf-xl-cubietruck 16 saverestore-support-check fail never pass test-armhf-armhf-xl 15 migrate-support-check fail never pass test-armhf-armhf-xl 16 saverestore-support-check fail never pass test-armhf-armhf-libvirt-qcow2 14 migrate-support-check fail never pass test-armhf-armhf-libvirt-raw 14 migrate-support-check fail never pass test-armhf-armhf-xl-vhd 14 migrate-support-check fail never pass test-armhf-armhf-xl-vhd 15 saverestore-support-check fail never pass test-armhf-armhf-xl-arndale 15 migrate-support-check fail never pass test-armhf-armhf-xl-arndale 16 saverestore-support-check fail never pass version targeted for testing: linux e7d1268f5671aa524007f68f458aee185d93fa04 baseline version: linux 866ae42cf4788c8b18de6bda0a522362702861d7 Last test of basis 168334 2022-03-02 11:11:31 Z 7 days Testing same since 168485 2022-03-08 18:13:43 Z 1 days 1 attempts ------------------------------------------------------------ People who touched revisions under test: Alan Stern <stern@xxxxxxxxxxxxxxxxxxx> Alyssa Ross <hi@xxxxxxxxx> Andrew Morton <akpm@xxxxxxxxxxxxxxxxxxxx> Antony Antony <antony.antony@xxxxxxxxxxx> Ard Biesheuvel <ardb@xxxxxxxxxx> Barry Song <song.bao.hua@xxxxxxxxxxxxx> Benjamin Beichler <benjamin.beichler@xxxxxxxxxxxxxx> Benjamin Tissoires <benjamin.tissoires@xxxxxxxxxx> Brian Norris <briannorris@xxxxxxxxxxxx> Charles Keepax <ckeepax@xxxxxxxxxxxxxxxxxxxxx> Corinna Vinschen <vinschen@xxxxxxxxxx> D. Wythe <alibuda@xxxxxxxxxxxxxxxxx> Damien Le Moal <damien.lemoal@xxxxxxxxxxxxxxxxxx> Daniele Palmas <dnlplm@xxxxxxxxx> dann frazier <dann.frazier@xxxxxxxxxxxxx> David S. Miller <davem@xxxxxxxxxxxxx> David Sterba <dsterba@xxxxxxxx> Dietmar Eggemann <dietmar.eggemann@xxxxxxx> Dmitry Torokhov <dmitry.torokhov@xxxxxxxxx> Eric Anholt <eric@xxxxxxxxxx> Eric Dumazet <edumazet@xxxxxxxxxx> Fabio Estevam <festevam@xxxxxxx> Filipe Manana <fdmanana@xxxxxxxx> Florian Fainelli <f.fainelli@xxxxxxxxx> Florian Westphal <fw@xxxxxxxxx> Greg Kroah-Hartman <gregkh@xxxxxxxxxxxxxxxxxxx> Hangyu Hua <hbh25y@xxxxxxxxx> Hans de Goede <hdegoede@xxxxxxxxxx> Heiko Stuebner <heiko@xxxxxxxxx> Huang Pei <huangpei@xxxxxxxxxxx> Hugh Dickins <hughd@xxxxxxxxxx> Hulk Robot <hulkrobot@xxxxxxxxxx> Ingo Molnar <mingo@xxxxxxxxxx> Jacob Keller <jacob.e.keller@xxxxxxxxx> JaeMan Park <jaeman@xxxxxxxxxx> Jakub Kicinski <kuba@xxxxxxxxxx> Jann Horn <jannh@xxxxxxxxxx> Jens Axboe <axboe@xxxxxxxxx> Jia-Ju Bai <baijiaju1990@xxxxxxxxx> Jiasheng Jiang <jiasheng@xxxxxxxxxxx> Jiri Bohac <jbohac@xxxxxxx> Jiri Kosina <jkosina@xxxxxxx> Johannes Berg <johannes.berg@xxxxxxxxx> Johannes Stezenbach <js@xxxxxxxxx> John Paul Adrian Glaubitz <glaubitz@xxxxxxxxxxxxxxxxxxx> Jon Hunter <jonathanh@xxxxxxxxxx> José Expósito <jose.exposito89@xxxxxxxxx> Kai Vehmanen <kai.vehmanen@xxxxxxxxxxxxxxx> Konrad Jankowski <konrad0.jankowski@xxxxxxxxx> Leon Romanovsky <leonro@xxxxxxxxxx> Li Yang <leoyang.li@xxxxxxx> Linus Torvalds <torvalds@xxxxxxxxxxxxxxxxxxxx> Linux Kernel Functional Testing <lkft@xxxxxxxxxx> Maciej Fijalkowski <maciej.fijalkowski@xxxxxxxxx> Marc Kleine-Budde <mkl@xxxxxxxxxxxxxx> Marek Marczykowski-Górecki <marmarek@xxxxxxxxxxxxxxxxxxxxxx> Marek Vasut <marex@xxxxxxx> Mark Brown <broonie@xxxxxxxxxx> Masami Hiramatsu <mhiramat@xxxxxxxxxx> Mateusz Palczewski <mateusz.palczewski@xxxxxxxxx> Maurice Baijens <maurice.baijens@xxxxxxxxxx> Michal Simek <michal.simek@xxxxxxxxxx> Naama Meir <naamax.meir@xxxxxxxxxxxxxxx> Nicolas Escande <nico.escande@xxxxxxxxx> Oleksandr Natalenko <oleksandr@xxxxxxxxxx> Pablo Neira Ayuso <pablo@xxxxxxxxxxxxx> Peter Hutterer <peter.hutterer@xxxxxxxxx> Peter Zijlstra (Intel) <peterz@xxxxxxxxxxxxx> Phani Burra <phani.r.burra@xxxxxxxxx> Randy Dunlap <rdunlap@xxxxxxxxxxxxx> Remi Pommarel <repk@xxxxxxxxxxxx> Ronnie Sahlberg <lsahlber@xxxxxxxxxx> Russell King (Oracle) <rmk+kernel@xxxxxxxxxxxxxxx> Sandeep Penigalapati <sandeep.penigalapati@xxxxxxxxx> Sasha Levin <sashal@xxxxxxxxxx> Sasha Neftin <sasha.neftin@xxxxxxxxx> Sergei Trofimovich <slyfox@xxxxxxxxxx> Sergey Shtylyov <s.shtylyov@xxxxxx> Shuah Khan <skhan@xxxxxxxxxxxxxxxxxxx> Sidong Yang <realwakka@xxxxxxxxx> Simon Wunderlich <sw@xxxxxxxxxxxxxxxxxx> Slawomir Laba <slawomirx.laba@xxxxxxxxx> Stefan Wahren <stefan.wahren@xxxxxxxx> Steffen Klassert <steffen.klassert@xxxxxxxxxxx> Steve French <stfrench@xxxxxxxxxxxxx> Steven Rostedt (Google) <rostedt@xxxxxxxxxxx> Sudeep Holla <sudeep.holla@xxxxxxx> Sudip Mukherjee <sudip.mukherjee@xxxxxxxxxxxxxxx> Sudip Mukherjee <sudipm.mukherjee@xxxxxxxxx> Sukadev Bhattiprolu <sukadev@xxxxxxxxxxxxx> Sven Eckelmann <sven@xxxxxxxxxxxxx> Takashi Iwai <tiwai@xxxxxxx> Tony Nguyen <anthony.l.nguyen@xxxxxxxxx> Valentin Schneider <valentin.schneider@xxxxxxx> Vincent Guittot <vincent.guittot@xxxxxxxxxx> Vincent Mailhol <mailhol.vincent@xxxxxxxxxx> Vinod Koul <vkoul@xxxxxxxxxx> Vladimir Oltean <vladimir.oltean@xxxxxxx> William Mahon <wmahon@xxxxxxxxxxxx> Wolfram Sang <wsa@xxxxxxxxxx> Ye Bin <yebin10@xxxxxxxxxx> Yongzhi Liu <lyz_cs@xxxxxxxxxx> Zhen Ni <nizhen@xxxxxxxxxxxxx> Zheyu Ma <zheyuma97@xxxxxxxxx> jobs: build-amd64-xsm pass build-arm64-xsm pass build-i386-xsm pass build-amd64 pass build-arm64 pass build-armhf pass build-i386 pass build-amd64-libvirt pass build-arm64-libvirt pass build-armhf-libvirt pass build-i386-libvirt pass build-amd64-pvops pass build-arm64-pvops pass build-armhf-pvops pass build-i386-pvops pass test-amd64-amd64-xl pass test-amd64-coresched-amd64-xl pass test-arm64-arm64-xl pass test-armhf-armhf-xl pass test-amd64-i386-xl pass test-amd64-coresched-i386-xl pass test-amd64-amd64-libvirt-qemuu-debianhvm-amd64-xsm pass test-amd64-i386-libvirt-qemuu-debianhvm-amd64-xsm pass test-amd64-amd64-xl-qemut-stubdom-debianhvm-amd64-xsm pass test-amd64-i386-xl-qemut-stubdom-debianhvm-amd64-xsm pass test-amd64-amd64-xl-qemut-debianhvm-i386-xsm pass test-amd64-i386-xl-qemut-debianhvm-i386-xsm pass test-amd64-amd64-xl-qemuu-debianhvm-i386-xsm pass test-amd64-i386-xl-qemuu-debianhvm-i386-xsm pass test-amd64-amd64-libvirt-xsm pass test-arm64-arm64-libvirt-xsm pass test-amd64-i386-libvirt-xsm pass test-amd64-amd64-xl-xsm pass test-arm64-arm64-xl-xsm pass test-amd64-i386-xl-xsm pass test-amd64-amd64-qemuu-nested-amd fail test-amd64-amd64-xl-pvhv2-amd pass test-amd64-i386-qemut-rhel6hvm-amd pass test-amd64-i386-qemuu-rhel6hvm-amd pass test-amd64-amd64-dom0pvh-xl-amd pass test-amd64-amd64-xl-qemut-debianhvm-amd64 pass test-amd64-i386-xl-qemut-debianhvm-amd64 pass test-amd64-amd64-xl-qemuu-debianhvm-amd64 pass test-amd64-i386-xl-qemuu-debianhvm-amd64 pass test-amd64-i386-freebsd10-amd64 pass test-amd64-amd64-qemuu-freebsd11-amd64 pass test-amd64-amd64-qemuu-freebsd12-amd64 pass test-amd64-amd64-xl-qemuu-ovmf-amd64 pass test-amd64-i386-xl-qemuu-ovmf-amd64 pass test-amd64-amd64-xl-qemut-win7-amd64 fail test-amd64-i386-xl-qemut-win7-amd64 fail test-amd64-amd64-xl-qemuu-win7-amd64 fail test-amd64-i386-xl-qemuu-win7-amd64 fail test-amd64-amd64-xl-qemut-ws16-amd64 fail test-amd64-i386-xl-qemut-ws16-amd64 fail test-amd64-amd64-xl-qemuu-ws16-amd64 fail test-amd64-i386-xl-qemuu-ws16-amd64 fail test-armhf-armhf-xl-arndale pass test-amd64-amd64-examine-bios pass test-amd64-i386-examine-bios pass test-amd64-amd64-xl-credit1 pass test-arm64-arm64-xl-credit1 pass test-armhf-armhf-xl-credit1 pass test-amd64-amd64-xl-credit2 pass test-arm64-arm64-xl-credit2 pass test-armhf-armhf-xl-credit2 pass test-armhf-armhf-xl-cubietruck pass test-amd64-amd64-xl-qemuu-dmrestrict-amd64-dmrestrict pass test-amd64-i386-xl-qemuu-dmrestrict-amd64-dmrestrict pass test-amd64-amd64-examine pass test-arm64-arm64-examine pass test-armhf-armhf-examine pass test-amd64-i386-examine pass test-amd64-i386-freebsd10-i386 pass test-amd64-amd64-qemuu-nested-intel pass test-amd64-amd64-xl-pvhv2-intel pass test-amd64-i386-qemut-rhel6hvm-intel pass test-amd64-i386-qemuu-rhel6hvm-intel pass test-amd64-amd64-dom0pvh-xl-intel pass test-amd64-amd64-libvirt pass test-armhf-armhf-libvirt pass test-amd64-i386-libvirt pass test-amd64-amd64-xl-multivcpu pass test-armhf-armhf-xl-multivcpu pass test-amd64-amd64-pair pass test-amd64-i386-pair pass test-amd64-amd64-libvirt-pair pass test-amd64-i386-libvirt-pair pass test-amd64-amd64-xl-pvshim pass test-amd64-i386-xl-pvshim fail test-amd64-amd64-pygrub pass test-armhf-armhf-libvirt-qcow2 pass test-amd64-amd64-xl-qcow2 pass test-arm64-arm64-libvirt-raw pass test-armhf-armhf-libvirt-raw pass test-amd64-i386-libvirt-raw pass test-amd64-amd64-xl-rtds pass test-armhf-armhf-xl-rtds pass test-arm64-arm64-xl-seattle pass test-amd64-amd64-xl-qemuu-debianhvm-amd64-shadow pass test-amd64-i386-xl-qemuu-debianhvm-amd64-shadow pass test-amd64-amd64-xl-shadow pass test-amd64-i386-xl-shadow pass test-arm64-arm64-xl-thunderx pass test-amd64-amd64-examine-uefi pass test-amd64-i386-examine-uefi pass test-amd64-amd64-libvirt-vhd pass test-arm64-arm64-xl-vhd pass test-armhf-armhf-xl-vhd pass test-amd64-i386-xl-vhd pass ------------------------------------------------------------ sg-report-flight on osstest.test-lab.xenproject.org logs: /home/logs/logs images: /home/logs/images Logs, config files, etc. are available at http://logs.test-lab.xenproject.org/osstest/logs Explanation of these reports, and of osstest in general, is at http://xenbits.xen.org/gitweb/?p=osstest.git;a=blob;f=README.email;hb=master http://xenbits.xen.org/gitweb/?p=osstest.git;a=blob;f=README;hb=master Test harness code can be found at http://xenbits.xen.org/gitweb?p=osstest.git;a=summary Pushing revision : hint: The 'hooks/update' hook was ignored because it's not set as executable. hint: You can disable this warning with `git config advice.ignoredHook false`. hint: The 'hooks/post-receive' hook was ignored because it's not set as executable. hint: You can disable this warning with `git config advice.ignoredHook false`. hint: The 'hooks/post-update' hook was ignored because it's not set as executable. hint: You can disable this warning with `git config advice.ignoredHook false`. To xenbits.xen.org:/home/xen/git/linux-pvops.git 866ae42cf478..e7d1268f5671 e7d1268f5671aa524007f68f458aee185d93fa04 -> tested/linux-5.4
|
![]() |
Lists.xenproject.org is hosted with RackSpace, monitoring our |