[Date Prev][Date Next][Thread Prev][Thread Next][Date Index][Thread Index] [xen-unstable-coverity test] 168244: tolerable ALL FAIL - PUSHED
flight 168244 xen-unstable-coverity real [real] flight 168245 xen-unstable-coverity real-retest [real] http://logs.test-lab.xenproject.org/osstest/logs/168244/ http://logs.test-lab.xenproject.org/osstest/logs/168245/ Failures :-/ but no regressions. Tests which are failing intermittently (not blocking): coverity-amd64 7 coverity-upload fail pass in 168245-retest version targeted for testing: xen 10f1f7b010a22d6d4ee67b018412d5f7ea386fc6 baseline version: xen 210f27e55abd2a57c01105992bc10bc4d7b8132d Last test of basis 168204 2022-02-23 09:20:59 Z 4 days Testing same since 168244 2022-02-27 09:20:56 Z 0 days 1 attempts ------------------------------------------------------------ People who touched revisions under test: Andrew Cooper <andrew.cooper3@xxxxxxxxxx> Andrew Cooper <andrew.cooper3@xxxxxxxxxx><mailto:andrew.cooper3@xxxxxxxxxx> Anthony PERARD <anthony.perard@xxxxxxxxxx> Bob Eshleman <bobbyeshleman@xxxxxxxxx> Dario Faggioli <dfaggioli@xxxxxxxx> Jan Beulich <jbeulich@xxxxxxxx> Juergen Gross <jgross@xxxxxxxx> Julien Grall <jgrall@xxxxxxxxxx> Marek Marczykowski-Górecki <marmarek@xxxxxxxxxxxxxxxxxxxxxx> Mateusz Mówka <mateusz.mowka@xxxxxxxxx> Michal Orzel <michal.orzel@xxxxxxx> Thiner Logoer <logoerthiner1@xxxxxxx> jobs: coverity-amd64 fail ------------------------------------------------------------ sg-report-flight on osstest.test-lab.xenproject.org logs: /home/logs/logs images: /home/logs/images Logs, config files, etc. are available at http://logs.test-lab.xenproject.org/osstest/logs Explanation of these reports, and of osstest in general, is at http://xenbits.xen.org/gitweb/?p=osstest.git;a=blob;f=README.email;hb=master http://xenbits.xen.org/gitweb/?p=osstest.git;a=blob;f=README;hb=master Test harness code can be found at http://xenbits.xen.org/gitweb?p=osstest.git;a=summary Pushing revision : To xenbits.xen.org:/home/xen/git/xen.git 210f27e55a..10f1f7b010 10f1f7b010a22d6d4ee67b018412d5f7ea386fc6 -> coverity-tested/smoke
|
Lists.xenproject.org is hosted with RackSpace, monitoring our |