[Date Prev][Date Next][Thread Prev][Thread Next][Date Index][Thread Index] [linux-linus test] 168156: tolerable FAIL - PUSHED
flight 168156 linux-linus real [real] http://logs.test-lab.xenproject.org/osstest/logs/168156/ Failures :-/ but no regressions. Tests which did not succeed, but are not blocking: test-amd64-amd64-xl-qemut-win7-amd64 19 guest-stop fail like 168154 test-amd64-amd64-qemuu-nested-amd 20 debian-hvm-install/l1/l2 fail like 168154 test-amd64-amd64-xl-qemuu-ws16-amd64 19 guest-stop fail like 168154 test-amd64-amd64-xl-qemut-ws16-amd64 19 guest-stop fail like 168154 test-amd64-amd64-xl-qemuu-win7-amd64 19 guest-stop fail like 168154 test-armhf-armhf-libvirt 16 saverestore-support-check fail like 168154 test-armhf-armhf-libvirt-raw 15 saverestore-support-check fail like 168154 test-armhf-armhf-libvirt-qcow2 15 saverestore-support-check fail like 168154 test-arm64-arm64-xl-seattle 15 migrate-support-check fail never pass test-arm64-arm64-xl-seattle 16 saverestore-support-check fail never pass test-amd64-amd64-libvirt 15 migrate-support-check fail never pass test-amd64-amd64-libvirt-xsm 15 migrate-support-check fail never pass test-arm64-arm64-xl-credit1 15 migrate-support-check fail never pass test-arm64-arm64-xl-credit1 16 saverestore-support-check fail never pass test-arm64-arm64-xl-credit2 15 migrate-support-check fail never pass test-arm64-arm64-xl-xsm 15 migrate-support-check fail never pass test-arm64-arm64-xl-credit2 16 saverestore-support-check fail never pass test-arm64-arm64-xl-xsm 16 saverestore-support-check fail never pass test-arm64-arm64-libvirt-xsm 15 migrate-support-check fail never pass test-arm64-arm64-libvirt-xsm 16 saverestore-support-check fail never pass test-arm64-arm64-xl 15 migrate-support-check fail never pass test-arm64-arm64-xl 16 saverestore-support-check fail never pass test-arm64-arm64-xl-thunderx 15 migrate-support-check fail never pass test-arm64-arm64-xl-thunderx 16 saverestore-support-check fail never pass test-amd64-amd64-libvirt-qemuu-debianhvm-amd64-xsm 13 migrate-support-check fail never pass test-armhf-armhf-xl-arndale 15 migrate-support-check fail never pass test-armhf-armhf-xl-arndale 16 saverestore-support-check fail never pass test-amd64-amd64-libvirt-qcow2 14 migrate-support-check fail never pass test-amd64-amd64-libvirt-raw 14 migrate-support-check fail never pass test-arm64-arm64-libvirt-raw 14 migrate-support-check fail never pass test-arm64-arm64-libvirt-raw 15 saverestore-support-check fail never pass test-armhf-armhf-xl-multivcpu 15 migrate-support-check fail never pass test-armhf-armhf-xl-multivcpu 16 saverestore-support-check fail never pass test-armhf-armhf-xl-credit1 15 migrate-support-check fail never pass test-armhf-armhf-xl-credit1 16 saverestore-support-check fail never pass test-armhf-armhf-xl-credit2 15 migrate-support-check fail never pass test-armhf-armhf-xl-credit2 16 saverestore-support-check fail never pass test-armhf-armhf-xl 15 migrate-support-check fail never pass test-armhf-armhf-xl 16 saverestore-support-check fail never pass test-armhf-armhf-xl-cubietruck 15 migrate-support-check fail never pass test-armhf-armhf-xl-cubietruck 16 saverestore-support-check fail never pass test-armhf-armhf-xl-rtds 15 migrate-support-check fail never pass test-armhf-armhf-xl-rtds 16 saverestore-support-check fail never pass test-armhf-armhf-libvirt 15 migrate-support-check fail never pass test-armhf-armhf-libvirt-raw 14 migrate-support-check fail never pass test-armhf-armhf-xl-vhd 14 migrate-support-check fail never pass test-armhf-armhf-xl-vhd 15 saverestore-support-check fail never pass test-arm64-arm64-xl-vhd 14 migrate-support-check fail never pass test-arm64-arm64-xl-vhd 15 saverestore-support-check fail never pass test-armhf-armhf-libvirt-qcow2 14 migrate-support-check fail never pass version targeted for testing: linux 8b97cae315cafd7debf3601f88621e2aa8956ef3 baseline version: linux f71077a4d84bbe8c7b91b7db7c4ef815755ac5e3 Last test of basis 168154 2022-02-17 14:06:00 Z 0 days Testing same since 168156 2022-02-17 21:09:38 Z 0 days 1 attempts ------------------------------------------------------------ People who touched revisions under test: Alex Maydanik <alexander.maydanik@xxxxxxxxx> Alexey Khoroshilov <khoroshilov@xxxxxxxxx> Arnaldo Carvalho de Melo <acme@xxxxxxxxxx> Arınç ÜNAL <arinc.unal@xxxxxxxxxx> Benjamin Beichler <benjamin.beichler@xxxxxxxxxxxxxx> Changbin Du <changbin.du@xxxxxxxxx> Congyu Liu <liu3101@xxxxxxxxxx> Danie du Toit <danie.dutoit@xxxxxxxxxxxx> Daniele Palmas <dnlplm@xxxxxxxxx> David S. Miller <davem@xxxxxxxxxxxxx> DENG Qingfang <dqfext@xxxxxxxxx> Dmitry Torokhov <dmitry.torokhov@xxxxxxxxx> Emmanuel Grumbach <emmanuel.grumbach@xxxxxxxxx> Eric Dumazet <edumazet@xxxxxxxxxx> Florian Fainelli <f.fainelli@xxxxxxxxx> Florian Westphal <fw@xxxxxxxxx> Gatis Peisenieks <gatis@xxxxxxxxxxxx> German Gomez <german.gomez@xxxxxxx> Gurucharan G <gurucharanx.g@xxxxxxxxx> (A Contingent worker at Intel) Hangbin Liu <liuhangbin@xxxxxxxxx> Hangyu Hua <hbh25y@xxxxxxxxx> Hauke Mehrtens <hauke@xxxxxxxxxx> Ignat Korchagin <ignat@xxxxxxxxxxxxxx> JaeMan Park <jaeman@xxxxxxxxxx> Jakub Kicinski <kuba@xxxxxxxxxx> Jamal Hadi Salim <jhs@xxxxxxxxxxxx> James Clark <james.clark@xxxxxxx> Jay Vosburgh <jay.vosburgh@xxxxxxxxxxxxx> Jeremy Kerr <jk@xxxxxxxxxxxxxxxxxxxx> Jesse Brandeburg <jesse.brandeburg@xxxxxxxxx> Jiasheng Jiang <jiasheng@xxxxxxxxxxx> Jiri Olsa <jolsa@xxxxxxxxxx> Johannes Berg <johannes.berg@xxxxxxxxx> Jon Maloy <jmaloy@xxxxxxxxxx> Jonas Gorski <jonas.gorski@xxxxxxxxx> Josh Poimboeuf <jpoimboe@xxxxxxxxxx> Justin M. Forbes <jforbes@xxxxxxxxxxxxxxxxx> Kalle Valo <kvalo@xxxxxxxxxx> Kees Cook <keescook@xxxxxxxxxxxx> Kees Kook <keescook@xxxxxxxxxxxx> Linus Torvalds <torvalds@xxxxxxxxxxxxxxxxxxxx> Loic Poulain <loic.poulain@xxxxxxxxxx> Louis Peens <louis.peens@xxxxxxxxxxxx> Luca Coelho <luciano.coelho@xxxxxxxxx> Luis Chamberlain <mcgrof@xxxxxxxxxx> Luo Likang <luolikang@xxxxxxxxxxx> Mans Rullgard <mans@xxxxxxxxx> Miquel Raynal <miquel.raynal@xxxxxxxxxxx> Miri Korenblit <miriam.rachel.korenblit@xxxxxxxxx> Nikolay Aleksandrov <nikolay@xxxxxxxxxx> Oleksandr Mazur <oleksandr.mazur@xxxxxxxxxxx> Oliver Neukum <oneukum@xxxxxxxx> Pablo Neira Ayuso <pablo@xxxxxxxxxxxxx> Phil Elwell <phil@xxxxxxxxxxxxxxx> Radu Bulie <radu-andrei.bulie@xxxxxxx> Rob Herring <robh@xxxxxxxxxx> Seth Forshee <sforshee@xxxxxxxxxxxxxxxx> Simon Horman <simon.horman@xxxxxxxxxxxx> Stefan Schmidt <stefan@xxxxxxxxxxxxxxxxxx> Toke Høiland-Jørgensen <toke@xxxxxxxxxx> Toke Høiland-Jørgensen <toke@xxxxxxx> Tom Rix <trix@xxxxxxxxxx> Tony Nguyen <anthony.l.nguyen@xxxxxxxxx> Valdis Klētnieks <valdis.kletnieks@xxxxxx> Vladimir Oltean <vladimir.oltean@xxxxxxx> Wen Gu <guwen@xxxxxxxxxxxxxxxxx> Willem de Bruijn <willemb@xxxxxxxxxx> Xin Long <lucien.xin@xxxxxxxxx> Yi Chen <yiche@xxxxxxxxxx> Zhang Changzhong <zhangchangzhong@xxxxxxxxxx> Zhang Yunkai <zhang.yunkai@xxxxxxxxxx> jobs: build-amd64-xsm pass build-arm64-xsm pass build-i386-xsm pass build-amd64 pass build-arm64 pass build-armhf pass build-i386 pass build-amd64-libvirt pass build-arm64-libvirt pass build-armhf-libvirt pass build-i386-libvirt pass build-amd64-pvops pass build-arm64-pvops pass build-armhf-pvops pass build-i386-pvops pass test-amd64-amd64-xl pass test-amd64-coresched-amd64-xl pass test-arm64-arm64-xl pass test-armhf-armhf-xl pass test-amd64-amd64-libvirt-qemuu-debianhvm-amd64-xsm pass test-amd64-amd64-xl-qemut-stubdom-debianhvm-amd64-xsm pass test-amd64-amd64-xl-qemut-debianhvm-i386-xsm pass test-amd64-amd64-xl-qemuu-debianhvm-i386-xsm pass test-amd64-amd64-libvirt-xsm pass test-arm64-arm64-libvirt-xsm pass test-amd64-amd64-xl-xsm pass test-arm64-arm64-xl-xsm pass test-amd64-amd64-qemuu-nested-amd fail test-amd64-amd64-xl-pvhv2-amd pass test-amd64-amd64-dom0pvh-xl-amd pass test-amd64-amd64-xl-qemut-debianhvm-amd64 pass test-amd64-amd64-xl-qemuu-debianhvm-amd64 pass test-amd64-amd64-freebsd11-amd64 pass test-amd64-amd64-freebsd12-amd64 pass test-amd64-amd64-xl-qemuu-ovmf-amd64 pass test-amd64-amd64-xl-qemut-win7-amd64 fail test-amd64-amd64-xl-qemuu-win7-amd64 fail test-amd64-amd64-xl-qemut-ws16-amd64 fail test-amd64-amd64-xl-qemuu-ws16-amd64 fail test-armhf-armhf-xl-arndale pass test-amd64-amd64-examine-bios pass test-amd64-amd64-xl-credit1 pass test-arm64-arm64-xl-credit1 pass test-armhf-armhf-xl-credit1 pass test-amd64-amd64-xl-credit2 pass test-arm64-arm64-xl-credit2 pass test-armhf-armhf-xl-credit2 pass test-armhf-armhf-xl-cubietruck pass test-amd64-amd64-xl-qemuu-dmrestrict-amd64-dmrestrict pass test-amd64-amd64-examine pass test-arm64-arm64-examine pass test-armhf-armhf-examine pass test-amd64-amd64-qemuu-nested-intel pass test-amd64-amd64-xl-pvhv2-intel pass test-amd64-amd64-dom0pvh-xl-intel pass test-amd64-amd64-libvirt pass test-armhf-armhf-libvirt pass test-amd64-amd64-xl-multivcpu pass test-armhf-armhf-xl-multivcpu pass test-amd64-amd64-pair pass test-amd64-amd64-libvirt-pair pass test-amd64-amd64-xl-pvshim pass test-amd64-amd64-pygrub pass test-amd64-amd64-libvirt-qcow2 pass test-armhf-armhf-libvirt-qcow2 pass test-amd64-amd64-libvirt-raw pass test-arm64-arm64-libvirt-raw pass test-armhf-armhf-libvirt-raw pass test-amd64-amd64-xl-rtds pass test-armhf-armhf-xl-rtds pass test-arm64-arm64-xl-seattle pass test-amd64-amd64-xl-qemuu-debianhvm-amd64-shadow pass test-amd64-amd64-xl-shadow pass test-arm64-arm64-xl-thunderx pass test-amd64-amd64-examine-uefi pass test-amd64-amd64-xl-vhd pass test-arm64-arm64-xl-vhd pass test-armhf-armhf-xl-vhd pass ------------------------------------------------------------ sg-report-flight on osstest.test-lab.xenproject.org logs: /home/logs/logs images: /home/logs/images Logs, config files, etc. are available at http://logs.test-lab.xenproject.org/osstest/logs Explanation of these reports, and of osstest in general, is at http://xenbits.xen.org/gitweb/?p=osstest.git;a=blob;f=README.email;hb=master http://xenbits.xen.org/gitweb/?p=osstest.git;a=blob;f=README;hb=master Test harness code can be found at http://xenbits.xen.org/gitweb?p=osstest.git;a=summary Pushing revision : hint: The 'hooks/update' hook was ignored because it's not set as executable. hint: You can disable this warning with `git config advice.ignoredHook false`. hint: The 'hooks/post-receive' hook was ignored because it's not set as executable. hint: You can disable this warning with `git config advice.ignoredHook false`. hint: The 'hooks/post-update' hook was ignored because it's not set as executable. hint: You can disable this warning with `git config advice.ignoredHook false`. To xenbits.xen.org:/home/xen/git/linux-pvops.git f71077a4d84b..8b97cae315ca 8b97cae315cafd7debf3601f88621e2aa8956ef3 -> tested/linux-linus
|
Lists.xenproject.org is hosted with RackSpace, monitoring our |