[Date Prev][Date Next][Thread Prev][Thread Next][Date Index][Thread Index] [linux-linus test] 168035: tolerable FAIL - PUSHED
flight 168035 linux-linus real [real] flight 168039 linux-linus real-retest [real] http://logs.test-lab.xenproject.org/osstest/logs/168035/ http://logs.test-lab.xenproject.org/osstest/logs/168039/ Failures :-/ but no regressions. Tests which are failing intermittently (not blocking): test-arm64-arm64-libvirt-raw 17 guest-start/debian.repeat fail pass in 168039-retest test-amd64-amd64-xl-qemut-debianhvm-i386-xsm 12 debian-hvm-install fail pass in 168039-retest Tests which did not succeed, but are not blocking: test-amd64-amd64-xl-qemut-win7-amd64 19 guest-stop fail like 168029 test-armhf-armhf-libvirt 16 saverestore-support-check fail like 168029 test-amd64-amd64-xl-qemuu-ws16-amd64 19 guest-stop fail like 168029 test-amd64-amd64-qemuu-nested-amd 20 debian-hvm-install/l1/l2 fail like 168029 test-amd64-amd64-xl-qemut-ws16-amd64 19 guest-stop fail like 168029 test-amd64-amd64-xl-qemuu-win7-amd64 19 guest-stop fail like 168029 test-armhf-armhf-libvirt-raw 15 saverestore-support-check fail like 168029 test-armhf-armhf-libvirt-qcow2 15 saverestore-support-check fail like 168029 test-arm64-arm64-xl-seattle 15 migrate-support-check fail never pass test-arm64-arm64-xl-seattle 16 saverestore-support-check fail never pass test-amd64-amd64-libvirt-xsm 15 migrate-support-check fail never pass test-amd64-amd64-libvirt 15 migrate-support-check fail never pass test-arm64-arm64-xl-credit1 15 migrate-support-check fail never pass test-arm64-arm64-xl-credit1 16 saverestore-support-check fail never pass test-arm64-arm64-libvirt-xsm 15 migrate-support-check fail never pass test-arm64-arm64-libvirt-xsm 16 saverestore-support-check fail never pass test-arm64-arm64-xl-xsm 15 migrate-support-check fail never pass test-arm64-arm64-xl-xsm 16 saverestore-support-check fail never pass test-arm64-arm64-xl 15 migrate-support-check fail never pass test-arm64-arm64-xl 16 saverestore-support-check fail never pass test-arm64-arm64-xl-thunderx 15 migrate-support-check fail never pass test-arm64-arm64-xl-thunderx 16 saverestore-support-check fail never pass test-amd64-amd64-libvirt-qcow2 14 migrate-support-check fail never pass test-armhf-armhf-xl-arndale 15 migrate-support-check fail never pass test-armhf-armhf-xl-arndale 16 saverestore-support-check fail never pass test-amd64-amd64-libvirt-qemuu-debianhvm-amd64-xsm 13 migrate-support-check fail never pass test-amd64-amd64-libvirt-raw 14 migrate-support-check fail never pass test-arm64-arm64-libvirt-raw 14 migrate-support-check fail never pass test-arm64-arm64-libvirt-raw 15 saverestore-support-check fail never pass test-arm64-arm64-xl-vhd 14 migrate-support-check fail never pass test-arm64-arm64-xl-vhd 15 saverestore-support-check fail never pass test-armhf-armhf-xl-cubietruck 15 migrate-support-check fail never pass test-armhf-armhf-xl-cubietruck 16 saverestore-support-check fail never pass test-armhf-armhf-xl-rtds 15 migrate-support-check fail never pass test-armhf-armhf-xl-rtds 16 saverestore-support-check fail never pass test-armhf-armhf-xl-multivcpu 15 migrate-support-check fail never pass test-armhf-armhf-xl-multivcpu 16 saverestore-support-check fail never pass test-armhf-armhf-libvirt 15 migrate-support-check fail never pass test-arm64-arm64-xl-credit2 15 migrate-support-check fail never pass test-arm64-arm64-xl-credit2 16 saverestore-support-check fail never pass test-armhf-armhf-xl 15 migrate-support-check fail never pass test-armhf-armhf-xl 16 saverestore-support-check fail never pass test-armhf-armhf-xl-credit1 15 migrate-support-check fail never pass test-armhf-armhf-xl-credit1 16 saverestore-support-check fail never pass test-armhf-armhf-xl-credit2 15 migrate-support-check fail never pass test-armhf-armhf-xl-credit2 16 saverestore-support-check fail never pass test-armhf-armhf-xl-vhd 14 migrate-support-check fail never pass test-armhf-armhf-xl-vhd 15 saverestore-support-check fail never pass test-armhf-armhf-libvirt-raw 14 migrate-support-check fail never pass test-armhf-armhf-libvirt-qcow2 14 migrate-support-check fail never pass version targeted for testing: linux d8ad2ce873abab1cfd38779c626b79cef6307aac baseline version: linux 90c9e950c0def5c354b4a6154a2ddda3e5f214ac Last test of basis 168029 2022-02-06 01:42:09 Z 1 days Testing same since 168035 2022-02-06 18:41:13 Z 0 days 1 attempts ------------------------------------------------------------ People who touched revisions under test: Ameer Hamza <amhamza.mgc@xxxxxxxxx> Anshuman Khandual <anshuman.khandual@xxxxxxx> Arnaldo Carvalho de Melo <acme@xxxxxxxxxx> Borislav Petkov <bp@xxxxxxx> Changbin Du <changbin.du@xxxxxxxxx> Dinh Nguyen <dinguyen@xxxxxxxxxx> German Gomez <german.gomez@xxxxxxx> hongnanli <hongnan.li@xxxxxxxxxxxxxxxxx> Ian Rogers <irogers@xxxxxxxxxx> Jiri Olsa <jolsa@xxxxxxxxxx> John Garry <john.garry@xxxxxxxxxx> Josh Poimboeuf <jpoimboe@xxxxxxxxxx> Leo Yan <leo.yan@xxxxxxxxxx> Linus Torvalds <torvalds@xxxxxxxxxxxxxxxxxxxx> Lukas Czerner <lczerner@xxxxxxxxxx> Marco Elver <elver@xxxxxxxxxx> Masanari Iida <standby24x7@xxxxxxxxx> Masayoshi Mizuma <m.mizuma@xxxxxxxxxxxxxx> Namhyung Kim <namhyung@xxxxxxxxx> Namhyung Kim <namhyung@xxxxxxxxxx> Peter Zijlstra (Intel) <peterz@xxxxxxxxxxxxx> Peter Zijlstra <peterz@xxxxxxxxxxxxx> Ritesh Harjani <riteshh@xxxxxxxxxxxxx> Rob Herring <robh@xxxxxxxxxx> Sergei Trofimovich <slyich@xxxxxxxxx> Sergey Shtylyov <s.shtylyov@xxxxxx> Theodore Ts'o <tytso@xxxxxxx> Thomas Gleixner <tglx@xxxxxxxxxxxxx> Tristan Hume <tristan@xxxxxxxx> Xin Yin <yinxin.x@xxxxxxxxxxxxx> Yang Li <yang.lee@xxxxxxxxxxxxxxxxx> jobs: build-amd64-xsm pass build-arm64-xsm pass build-i386-xsm pass build-amd64 pass build-arm64 pass build-armhf pass build-i386 pass build-amd64-libvirt pass build-arm64-libvirt pass build-armhf-libvirt pass build-i386-libvirt pass build-amd64-pvops pass build-arm64-pvops pass build-armhf-pvops pass build-i386-pvops pass test-amd64-amd64-xl pass test-amd64-coresched-amd64-xl pass test-arm64-arm64-xl pass test-armhf-armhf-xl pass test-amd64-amd64-libvirt-qemuu-debianhvm-amd64-xsm pass test-amd64-amd64-xl-qemut-stubdom-debianhvm-amd64-xsm pass test-amd64-amd64-xl-qemut-debianhvm-i386-xsm fail test-amd64-amd64-xl-qemuu-debianhvm-i386-xsm pass test-amd64-amd64-libvirt-xsm pass test-arm64-arm64-libvirt-xsm pass test-amd64-amd64-xl-xsm pass test-arm64-arm64-xl-xsm pass test-amd64-amd64-qemuu-nested-amd fail test-amd64-amd64-xl-pvhv2-amd pass test-amd64-amd64-dom0pvh-xl-amd pass test-amd64-amd64-xl-qemut-debianhvm-amd64 pass test-amd64-amd64-xl-qemuu-debianhvm-amd64 pass test-amd64-amd64-freebsd11-amd64 pass test-amd64-amd64-freebsd12-amd64 pass test-amd64-amd64-xl-qemuu-ovmf-amd64 pass test-amd64-amd64-xl-qemut-win7-amd64 fail test-amd64-amd64-xl-qemuu-win7-amd64 fail test-amd64-amd64-xl-qemut-ws16-amd64 fail test-amd64-amd64-xl-qemuu-ws16-amd64 fail test-armhf-armhf-xl-arndale pass test-amd64-amd64-examine-bios pass test-amd64-amd64-xl-credit1 pass test-arm64-arm64-xl-credit1 pass test-armhf-armhf-xl-credit1 pass test-amd64-amd64-xl-credit2 pass test-arm64-arm64-xl-credit2 pass test-armhf-armhf-xl-credit2 pass test-armhf-armhf-xl-cubietruck pass test-amd64-amd64-xl-qemuu-dmrestrict-amd64-dmrestrict pass test-amd64-amd64-examine pass test-arm64-arm64-examine pass test-armhf-armhf-examine pass test-amd64-amd64-qemuu-nested-intel pass test-amd64-amd64-xl-pvhv2-intel pass test-amd64-amd64-dom0pvh-xl-intel pass test-amd64-amd64-libvirt pass test-armhf-armhf-libvirt pass test-amd64-amd64-xl-multivcpu pass test-armhf-armhf-xl-multivcpu pass test-amd64-amd64-pair pass test-amd64-amd64-libvirt-pair pass test-amd64-amd64-xl-pvshim pass test-amd64-amd64-pygrub pass test-amd64-amd64-libvirt-qcow2 pass test-armhf-armhf-libvirt-qcow2 pass test-amd64-amd64-libvirt-raw pass test-arm64-arm64-libvirt-raw fail test-armhf-armhf-libvirt-raw pass test-amd64-amd64-xl-rtds pass test-armhf-armhf-xl-rtds pass test-arm64-arm64-xl-seattle pass test-amd64-amd64-xl-qemuu-debianhvm-amd64-shadow pass test-amd64-amd64-xl-shadow pass test-arm64-arm64-xl-thunderx pass test-amd64-amd64-examine-uefi pass test-amd64-amd64-xl-vhd pass test-arm64-arm64-xl-vhd pass test-armhf-armhf-xl-vhd pass ------------------------------------------------------------ sg-report-flight on osstest.test-lab.xenproject.org logs: /home/logs/logs images: /home/logs/images Logs, config files, etc. are available at http://logs.test-lab.xenproject.org/osstest/logs Explanation of these reports, and of osstest in general, is at http://xenbits.xen.org/gitweb/?p=osstest.git;a=blob;f=README.email;hb=master http://xenbits.xen.org/gitweb/?p=osstest.git;a=blob;f=README;hb=master Test harness code can be found at http://xenbits.xen.org/gitweb?p=osstest.git;a=summary Pushing revision : hint: The 'hooks/update' hook was ignored because it's not set as executable. hint: You can disable this warning with `git config advice.ignoredHook false`. hint: The 'hooks/post-receive' hook was ignored because it's not set as executable. hint: You can disable this warning with `git config advice.ignoredHook false`. hint: The 'hooks/post-update' hook was ignored because it's not set as executable. hint: You can disable this warning with `git config advice.ignoredHook false`. To xenbits.xen.org:/home/xen/git/linux-pvops.git 90c9e950c0def..d8ad2ce873aba d8ad2ce873abab1cfd38779c626b79cef6307aac -> tested/linux-linus
|
Lists.xenproject.org is hosted with RackSpace, monitoring our |