|
[Date Prev][Date Next][Thread Prev][Thread Next][Date Index][Thread Index] Re: [Xen-devel] [xen-unstable test] 22451: tolerable FAIL
On Tue, 2013-12-17 at 11:08 +0000, xen.org wrote:
> test-armhf-armhf-xl 8 debian-fixup fail never
> pass
Progress!
This is failing with[0]:
scp: /etc/xen/debian.guest.osstest.cfg: No such file or
directory
which is bogus because the actual failure was on the previous
debian-install step which failed with:
2013-12-17 05:35:24 Z executing ssh ... root@xxxxxxxxxxxxx
xen-create-image \
--dhcp --mac 5a:36:0e:b3:00:0a \
--memory 512Mb --swap 1000Mb \
--dist squeeze \
--mirror http://10.80.16.196/debian \
--hostname debian.guest.osstest \
--lvm marilith-n5 --force \
--kernel /boot/vmlinuz-3.12.0+ \
--genpass 0 --password xenroot \
--initrd /boot/initrd.img-3.12.0+ \
--arch armhf
Failed to read /etc/xen/xend-config.sxp: No such file or
directory2013-12-17 05:35:26 Z runvar store:
debian_cfgpath=/etc/xen/debian.guest.osstest.cfg
I don't know if osstest is buggy for failing to catch this or if
xen-create-image is buggily returning success (it's a Perl "die" so I
suspect osstest is to blame).
Apart from the error handling failure, what to do about the actual
error? Obviously I should file a bug against xen-create-image asking it
to not rely on xend being installed but in the meantime shall patch
osstest to add a dummy version of this file? The alternative would be to
patch xen-create-image on the rootfs which is pretty gross.
Ian.
[0]
http://www.chiark.greenend.org.uk/~xensrcts/logs/22451/test-armhf-armhf-xl/8.ts-debian-fixup.log
[1]
http://www.chiark.greenend.org.uk/~xensrcts/logs/22451/test-armhf-armhf-xl/7.ts-debian-install.log
> test-amd64-amd64-xl-qemut-winxpsp3 13 guest-stop fail never
> pass
> test-amd64-i386-xl-qemut-win7-amd64 13 guest-stop fail never
> pass
> test-amd64-amd64-xl-win7-amd64 13 guest-stop fail never
> pass
> test-amd64-i386-xend-qemut-winxpsp3 16 leak-check/check fail never
> pass
> test-amd64-i386-xl-qemut-winxpsp3-vcpus1 13 guest-stop fail never
> pass
> test-amd64-amd64-xl-qemut-win7-amd64 13 guest-stop fail never
> pass
> test-amd64-amd64-xl-winxpsp3 13 guest-stop fail never
> pass
> test-amd64-i386-xl-winxpsp3-vcpus1 13 guest-stop fail never
> pass
> test-amd64-amd64-xl-qemuu-winxpsp3 13 guest-stop fail in 22449 never
> pass
> test-amd64-i386-xl-win7-amd64 13 guest-stop fail in 22449 never
> pass
>
> version targeted for testing:
> xen 5816c3e4dcb92fb444e7b8eb2004a1fb357ea733
> baseline version:
> xen 5816c3e4dcb92fb444e7b8eb2004a1fb357ea733
>
> jobs:
> build-amd64 pass
> build-armhf pass
> build-i386 pass
> build-amd64-oldkern pass
> build-i386-oldkern pass
> build-amd64-pvops pass
> build-armhf-pvops pass
> build-i386-pvops pass
> test-amd64-amd64-xl pass
> test-armhf-armhf-xl fail
> test-amd64-i386-xl pass
> test-amd64-i386-rhel6hvm-amd pass
> test-amd64-i386-qemut-rhel6hvm-amd pass
> test-amd64-i386-qemuu-rhel6hvm-amd pass
> test-amd64-i386-freebsd10-amd64 pass
> test-amd64-amd64-xl-qemut-win7-amd64 fail
> test-amd64-i386-xl-qemut-win7-amd64 fail
> test-amd64-amd64-xl-qemuu-win7-amd64 fail
> test-amd64-amd64-xl-win7-amd64 fail
> test-amd64-i386-xl-win7-amd64 fail
> test-amd64-i386-xl-credit2 fail
> test-amd64-i386-freebsd10-i386 pass
> test-amd64-amd64-xl-pcipt-intel fail
> test-amd64-i386-rhel6hvm-intel pass
> test-amd64-i386-qemut-rhel6hvm-intel pass
> test-amd64-i386-qemuu-rhel6hvm-intel pass
> test-amd64-i386-xl-multivcpu pass
> test-amd64-amd64-pair pass
> test-amd64-i386-pair pass
> test-amd64-amd64-xl-sedf-pin pass
> test-amd64-amd64-pv pass
> test-amd64-i386-pv pass
> test-amd64-amd64-xl-sedf pass
> test-amd64-i386-xl-qemut-winxpsp3-vcpus1 fail
> test-amd64-i386-xl-winxpsp3-vcpus1 fail
> test-amd64-i386-xend-qemut-winxpsp3 fail
> test-amd64-amd64-xl-qemut-winxpsp3 fail
> test-amd64-amd64-xl-qemuu-winxpsp3 fail
> test-amd64-i386-xend-winxpsp3 fail
> test-amd64-amd64-xl-winxpsp3 fail
>
>
> ------------------------------------------------------------
> sg-report-flight on woking.cam.xci-test.com
> logs: /home/xc_osstest/logs
> images: /home/xc_osstest/images
>
> Logs, config files, etc. are available at
> http://www.chiark.greenend.org.uk/~xensrcts/logs
>
> Test harness code can be found at
> http://xenbits.xensource.com/gitweb?p=osstest.git;a=summary
>
>
> Published tested tree is already up to date.
>
>
> _______________________________________________
> Xen-devel mailing list
> Xen-devel@xxxxxxxxxxxxx
> http://lists.xen.org/xen-devel
_______________________________________________
Xen-devel mailing list
Xen-devel@xxxxxxxxxxxxx
http://lists.xen.org/xen-devel
|
![]() |
Lists.xenproject.org is hosted with RackSpace, monitoring our |