[Date Prev][Date Next][Thread Prev][Thread Next][Date Index][Thread Index]
Re: [Xen-devel] [qemu-upstream-unstable test] 22091: tolerable FAIL - PUSHED
Il 25/11/2013 10:50, Ian Campbell ha scritto:
On Sat, 2013-11-23 at 03:34 +0000, xen.org wrote:
flight 22091 qemu-upstream-unstable real [real]
http://www.chiark.greenend.org.uk/~xensrcts/logs/22091/
Failures :-/ but no regressions.
This is the qemu 1.6 merge passing the test gate. Thanks Jan and Anthony
for tracking down the regression
Tests which are failing intermittently (not blocking):
test-amd64-amd64-xl-qemuu-win7-amd64 5 xen-boot fail pass in 22089
I have done extensive testing using qemu 1.6 on 64 bit dom0 and domU
windows 7 pro 64 bit without finding boot problems.
My latest builds was exactly with staging git:
vi Config.mk
QEMU_UPSTREAM_URL ?=
git://xenbits.xen.org/staging/qemu-upstream-unstable.git
QEMU_UPSTREAM_REVISION ?= master
Are there particular change that I should do for check the same problem
that find the xen test system?
test-amd64-amd64-xl-qemuu-winxpsp3 5 xen-boot fail pass in 22089
About windows xp domU I did only few tests some days ago and I not found
problems.
test-amd64-i386-xend-qemuu-winxpsp3 5 xen-boot fail pass in 22089
Should these be worrying us? It seems to have affected multiple machines
(moss-bug, bush-cricket and leaf-beetle). In all three cases they appear
to have stalled at "Starting MTA:", since that is the last thing before
the ts-log-capture induced debug key stuff. It looks like exim does
subsequently start though. This sort of thing is often a DNS thing (lack
of reverse DNS etc) IME. We don't collect any logs relevant to that
though.
test-amd64-i386-xl-qemuu-winxpsp3-vcpus1 12 guest-localmigrate/x10 fail pass
in 22089
test-amd64-i386-qemuu-rhel6hvm-intel 7 redhat-install fail in 22089 pass in
22091
test-amd64-i386-xl-qemuu-win7-amd64 7 windows-install fail in 22089 pass in
22091
Tests which did not succeed, but are not blocking:
test-amd64-i386-xl-qemuu-win7-amd64 13 guest-stop fail never pass
test-amd64-amd64-xl-qemuu-win7-amd64 13 guest-stop fail in 22089 never pass
test-amd64-amd64-xl-qemuu-winxpsp3 13 guest-stop fail in 22089 never pass
test-amd64-i386-xend-qemuu-winxpsp3 16 leak-check/check fail in 22089 never
pass
test-amd64-i386-xl-qemuu-winxpsp3-vcpus1 13 guest-stop fail in 22089 never
pass
version targeted for testing:
qemuu b97307ecaad98360f41ea36cd9674ef810c4f8cf
baseline version:
qemuu 8a4bd762aa01b21c43aa24c5b743f4bd7c9db3e3
------------------------------------------------------------
People who touched revisions under test:
"M. Mohan Kumar" <mohan@xxxxxxxxxx>
Adam Lackorzynski <adam@xxxxxxxxxxxxxxxxxxxx>
Alasdair McLeay <alasdair.mcleay@xxxxxx>
Alberto Garcia <agarcia@xxxxxxxxxx>
Alex Bligh <alex@xxxxxxxxxxx>
Alex Horn <alex.horn@xxxxxxxxxxx>
Alex Rozenman <Alex_Rozenman@xxxxxxxxxx>
Alex Williamson <alex.williamson@xxxxxxxxxx>
Alexander Graf <agraf@xxxxxxx>
Alexey Kardashevskiy <aik@xxxxxxxxx>
Alexey Korolev <akorolex@xxxxxxxxx>
Alexey Zaytsev <alexey.zaytsev@xxxxxxxxx>
Alin Tomescu <tomescu.alin@xxxxxxxxx>
Alon Levy <alevy@xxxxxxxxxx>
Amadeusz SÅawiÅski <amade@xxxxxxxxxx>
Amit Shah <amit.shah@xxxxxxxxxx>
Amos Kong <akong@xxxxxxxxxx>
Andre Przywara <andre.przywara@xxxxxxx>
Andre Przywara <andre.przywara@xxxxxxxxxxx>
Andrea Arcangeli <aarcange@xxxxxxxxxx>
Andreas F=E4rber <afaerber@xxxxxxx>
Andreas FÃrber <afaerber@xxxxxxx>
Andreas FÃrber <andreas.faeber@xxxxxx>
Andreas FÃrber <andreas.faerber@xxxxxx>
Andreas FÃrberr <afaerber@xxxxxxx>
Andreas Niederl <andreas.niederl@xxxxxxxxxxxxxx>
Andreas Schwab <schwab@xxxxxxxxxxxxxx>
Andreas Schwab <schwab@xxxxxxx>
Andrew Jones <drjones@xxxxxxxxxx>
Aneesh Kumar K.V <aneesh.kumar@xxxxxxxxxxxxxxxxxx>
Anthony Green <green@xxxxxxxxxxxxxx>
Anthony Liguori <aliguori@xxxxxxxxxx>
Anthony PERARD <anthony.perard@xxxxxxxxxx>
Antoine Mathys <barsamin@xxxxxxxxx>
Anton Blanchard <anton@xxxxxxxxxxx>
Anton Blanchard <anton@xxxxxxxxx>
Artyom Tarasenko <atar4qemu@xxxxxxxxx>
Asias He <asias@xxxxxxxxxx>
Aurelien Jarno <aurelien@xxxxxxxxxxx>
Avi Kivity <avi.kivity@xxxxxxxxx>
Avi Kivity <avi@xxxxxxxxxx>
Avik Sil <aviksil@xxxxxxxxxxxxxxxxxx>
Bas van Sisseren <bas@xxxxxxxxxxxxxxxxx>
Ben Herrenschmidt <benh@xxxxxxxxxxxxxxxxxxx>
Benjamin Herrenschmidt <benh@xxxxxxxxxxxxxxxxxxx>
Benoit Canet <benoit@xxxxxxxxxxx>
Bharat Bhushan <bharat.bhushan@xxxxxxxxxxxxx>
Bharata B Rao <bharata@xxxxxxxxxxxxxxxxxx>
Blue Swirl <blauwirbel@xxxxxxxxx>
Borislav Petkov <bp@xxxxxxx>
Brad Smith <brad@xxxxxxxxxxxx>
Bruce Rogers <brogers@xxxxxxxx>
Charles Arnold <carnold@xxxxxxxx>
Chegu Vinod <chegu_vinod@xxxxxx>
Chen Wei-Ren <chenwj@xxxxxxxxxxxxxxxxx>
Christian Borntraeger <borntraeger@xxxxxxxxxx>
Christoffer Dall <c.dall@xxxxxxxxxxxxxxxxxxxxxx>
Christoffer Dall <cdall@xxxxxxxxxxxxxxx>
Christophe Lyon <christophe.lyon@xxxxxxxxxx>
Claudio Fontana <claudio.fontana@xxxxxxxxxx>
Cole Robinson <crobinso@xxxxxxxxxx>
Corey Bryant <coreyb@xxxxxxxxxxxxxxxxxx>
Cornelia Huck <cornelia.huck@xxxxxxxxxx>
Daniel P. Berrange <berrange@xxxxxxxxxx>
Daniel Sangorrin <dsl@xxxxxxx>
David Gibson <david@xxxxxxxxxxxxxxxxxxxxx>
David Gibson <david@xxxxxxxxxxxxxxxxxxxxx>`z
David Holsgrove <david.holsgrove@xxxxxxxxxx>
David Woodhouse <David.Woodhouse@xxxxxxxxx>
Dietmar Maurer <dietmar@xxxxxxxxxxx>
Dillon Amburgey <dillona@xxxxxxxxxxx>
Dmitry Fleytman <dfleytma@xxxxxxxxxx>
Dmitry Fleytman <dmitry@xxxxxxxxxx>
Dominik Dingel <dingel@xxxxxxxxxxxxxxxxxx>
Don Koch <dkoch@xxxxxxxxxxx>
Dong Xu Wang <wdongxu@xxxxxxxxxxxxxxxxxx>
Dongxue Zhang <elta.era@xxxxxxxxx>
Doug Goldstein <cardoe@xxxxxxxxxx>
Dunrong Huang <huangdr@xxxxxxxxxxxxxxx>
Dunrong Huang <riegamaths@xxxxxxxxx>
Ed Maste <emaste@xxxxxxxxxxx>
Edgar E. Iglesias <edgar.iglesias@xxxxxxxxx>
Edgar E. Iglesias <edgar.iglesias@xxxxxxxxxx>
Eduardo Habkost <ehabkost@xxxxxxxxxx>
Eduardo Otubo <otubo@xxxxxxxxxxxxxxxxxx>
Eiichi Tsukata <eiichi.tsukata.xh@xxxxxxxxxxx>
Ekaterina Tumanova <tumanova@xxxxxxxxxxxxxxxxxx>
Eric Blake <eblake@xxxxxxxxxx>
Eric Johnson <ericj@xxxxxxxx>
Erlon Cruz <erlon.cruz@xxxxxxxxxxxxxxxxxx>
Evgeny Budilovsky <evgeny.budilovsky@xxxxxxxxxxxxxxxxxx>
Evgeny Voevodin <e.voevodin@xxxxxxxxxxx>
Evgeny Voevodin <evgenyvoevodin@xxxxxxxxx>
Fabien Chouteau <chouteau@xxxxxxxxxxx>
Fam Zheng <famz@xxxxxxxxxx>
Federico Simoncelli <fsimonce@xxxxxxxxxx>
Felipe Franciosi <felipe@xxxxxxxxxxxx>
Gabriel de Perthuis <g2p.code@xxxxxxxxx>
Gabriel Kerneis <gabriel@xxxxxxxxxxxx>
Gal Hammer <ghammer@xxxxxxxxxx>
Gerd Hoffmann <kraxel@xxxxxxxxxx>
Gertjan Halkes <qemu@xxxxxxxxxx>
Gleb Natapov <gleb@xxxxxxxxxx>
Grant Likely <grant.likely@xxxxxxxxxx>
Grant Likely <grant.likely@xxxxxxxxxxxx>
Guan Xuetao <gxt@xxxxxxxxxxxxxxx>
H. Peter Anvin <hpa@xxxxxxxxx>
Hans de Goede <hdegoede@xxxxxxxxxx>
Heinz Graalfs <graalfs@xxxxxxxxxxxxxxxxxx>
Henry Harrington <henry.harrington@xxxxxxxxx>
Hervà Poussineau <hpoussin@xxxxxxxxxxx>
Hervà Poussineau <hpoussineau@xxxxxxxxxxx>
Hu Tao <hutao@xxxxxxxxxxxxxx>
Ian Jackson <ian.jackson@xxxxxxxxxxxxx>
Ian Main <imain@xxxxxxxxxx>
Ian Molton <ian.molton@xxxxxxxxxxxxxxx>
Igor Mammedov <imammedo@xxxxxxxxxx>
Igor Mammedov <imammedo@xxxxxxxxxx> (for i386)
Igor Mitsyanko <i.mitsyanko@xxxxxxxxx>
Igor Mitsyanko <i.mitsyanko@xxxxxxxxxxx>
Isaku Yamahata <yamahata@xxxxxxxxxxxxxxxxxxx>
Isaku Yamahata <yamahata@xxxxxxxxxxxxx>
Izumi Tsutsui <tsutsui@xxxxxxxxxxxxxxx>
Jacob Kroon <jacob.kroon@xxxxxxxxx>
James Hogan <james.hogan@xxxxxxxxxx>
Jan Kiszka <jan.kiszka@xxxxxxxxxxx>
Jani Kokkoken <jani.kokkonen@xxxxxxxxxx>
Jani Kokkonen <jani.kokkonen@xxxxxxxxxx>
Jason Baron <jbaron@xxxxxxxxxx>
Jason J. Herne <jjherne@xxxxxxxxxx>
Jason Wang <jasowang>
Jason Wang <jasowang@xxxxxxxxxx>
Jean-Christophe DUBOIS <jcd@xxxxxxxxxxxxxxx>
Jeff Cody <jcody@xxxxxxxxxx>
Jens Freimann <jfrei@xxxxxxxxxxxxxxxxxx>
Jesse Larrew <jlarrew@xxxxxxxxxxxxxxxxxx>
Jia Liu <proljc@xxxxxxxxx>
Jia Liu <proljc@xxxxxxxxx> (for openrisc)
Jim Meyering <meyering@xxxxxxxxxx>
John Rigby <john.rigby@xxxxxxxxxx>
John Spencer <maillist-qemu@xxxxxxxxxxx>
Jordan Justen <jordan.l.justen@xxxxxxxxx>
Josh Durgin <josh.durgin@xxxxxxxxxxx>
Juan Quintela <quintela@xxxxxxxxxx>
Julien Grall <julien.grall@xxxxxxxxxx>
Julio Guerra <guerr@xxxxxxxx>
JÃn Tomko <jtomko@xxxxxxxxxx>
JÃrg Billeter <j@xxxxxxxxx>
Kazuya Saito <saito.kazuya@xxxxxxxxxxxxxx>
Keith Busch <keith.busch@xxxxxxxxx>
Kevin Wolf <kwolf@xxxxxxxxxx>
Kevin Wolf <mail@xxxxxxxxxxxxx>
Kim Phillips <kim.phillips@xxxxxxxxxxxxx>
Kirill Batuzov <batuzovk@xxxxxxxxx>
Knut Omang <knut.omang@xxxxxxxxxx>
KONRAD Frederic <fred.konrad@xxxxxxxxxxxxx>
Kuo-Jung Su <dantesu@xxxxxxxxxxxxxxxx>
Kuo-Jung Su <dantesu@xxxxxxxxx>
Kusanagi Kouichi <slash@xxxxxxxxxxxxxxx>
Kwok Cheung Yeung <kcy@xxxxxxxxxxxxxxxx>
Laszlo Ersek <lersek@xxxxxxxxxx>
Laurent Desnogues <laurent.desnogues@xxxxxxxxx>
Laurent Vivier <laurent@xxxxxxxxx>
Lei Li <lilei@xxxxxxxxxxxxxxxxxx>
Leon Alrae <leon.alrae@xxxxxxxxxx>
liguang <lig.fnst@xxxxxxxxxxxxxx>
Liming Wang <walimisdev@xxxxxxxxx>
Liu Jinsong <jinsong.liu@xxxxxxxxx>
Liu Ping Fan <pingfank@xxxxxxxxxxxxxxxxxx>
Liu Ping Fan <qemulist@xxxxxxxxx>
Liu Yuan <namei.unix@xxxxxxxxx>
Liu Yuan <tailai.ly@xxxxxxxxxx>
LluÃs Vilanova <vilanova@xxxxxxxxxx>
Lucas Meneghel Rodrigues <lmr@xxxxxxxxxx>
Luigi Rizzo <rizzo@xxxxxxxxxxxx>
Luiz Capitulino <lcapitulino@xxxxxxxxxx>
M. Mohan Kumar <mohan@xxxxxxxxxx>
Mans Rullgard <mans@xxxxxxxxx>
Marc-Andrà Lureau <marcandre.lureau@xxxxxxxxxx>
Marc-Andrà Lureau <mlureau@xxxxxxxxxx>
Marcel Apfelbaum <marcel.a@xxxxxxxxxx>
Marcelo Tosatti <mtosatti@xxxxxxxxxx>
Mark Cave-Ayland <mark.cave-ayland@xxxxxxxxxxxx>
Markus Armbruster <armbru@xxxxxxxxxx>
Martijn van den Broek <martijn.vdbrk@xxxxxxxxx>
Matthew Daley <mattjd@xxxxxxxxx>
Max Filippov <jcmvbkbc@xxxxxxxxx>
Max Filippov <jcmvbkbc@xxxxxxxxx> (for xtensa)
Meador Inge <meadori@xxxxxxxxxxxxxxxx>
Michael Contreras <michael@xxxxxxxxxxx>
Michael Ellerman <michael@xxxxxxxxxxxxxx>
Michael Marineau <mike@xxxxxxxxxxxx>
Michael R. Hines <mrhines@xxxxxxxxxx>
Michael Roth <mdroth@xxxxxxxxxxxxxxxxxx>
Michael S. Tsirkin <mst@xxxxxxxxxx>
Michael Tokarev <mjt@xxxxxxxxxx>
Michael Walle <michael@xxxxxxxx>
Michael Walle <michael@xxxxxxxx> (for lm32)
Michal Novotny <minovotn@xxxxxxxxxx>
Michal Privoznik <mprivozn@xxxxxxxxxx>
Mike Qiu <qiudayu@xxxxxxxxxxxxxxxxxx>
Miroslav Rezanina <mrezanin@xxxxxxxxxx>
MORITA Kazutaka <morita.kazutaka@xxxxxxxxxxxxx>
MRatnikov <m.o.ratnikov@xxxxxxxxx>
Nathan Rossi <nathan.rossi@xxxxxxxxxx>
Nicholas Bellinger <nab@xxxxxxxxxxxxxxx>
Nick Thomas <nick@xxxxxxxxxxxxxx>
Nickolai Zeldovich <nickolai@xxxxxxxxxxxxx>
Oleksii Shevchuk <alxchk@xxxxxxxxx>
Olivier Hainque <hainque@xxxxxxxxxxx>
Orit Wasserman <owasserm@xxxxxxxxxx>
Othmar Pasteka <pasteka@xxxxxxxx>
Ozan ÃaÄlayan <ozancag@xxxxxxxxx>
Paolo Bonzini <pbonini@xxxxxxxxxx
Paolo Bonzini <pbonzini@xxxxxxxxxx>
Paul Brook <paul@xxxxxxxxxxxxxxxx>
Paul Burton <paul.burton@xxxxxxxxxx>
Paul Durrant <paul.durrant@xxxxxxxxxx>
Paul Moore <pmoore@xxxxxxxxxx>
Pavel Dovgalyuk <pavel.dovgaluk@xxxxxxxxx>
Pavel Hrdina <phrdina@xxxxxxxxxx>
Pawit Pornkitprasan <p.pawit@xxxxxxxxx>
Petar Jovanovic <petar.jovanovic@xxxxxxxxxx>
Petar Jovanovic <petarj@xxxxxxxx>
Peter Chubb <peter.chubb@xxxxxxxxxxxx>
Peter Crosthwaite <peter.crosthwaite@xxxxxxxxxxxxx>
Peter Crosthwaite <peter.crosthwaite@xxxxxxxxxx>
Peter Crosthwaite peter.crosthwaite@xxxxxxxxxx>
Peter Feiner <peter@xxxxxxxxxxxxxx>
Peter Lieven <pl@xxxxxxx>
Peter Maydell <peter.maydell@xxxxxxxxxx>
Peter Wu <lekensteyn@xxxxxxxxx>
Petr Matousek <pmatouse@xxxxxxxxxx>
Philipp Hahn <hahn@xxxxxxxxxxxxx>
Prerna Saxena <prerna@xxxxxxxxxxxxxxxxxx>
Qiao Nuohan <qiaonuohan@xxxxxxxxxxxxxx>
Ramkumar Ramachandra <artagnon@xxxxxxxxx>
Richard Henderson <rth@xxxxxxxxxxx>
Richard Henderson <rth@xxxxxxxxxxx> (for alpha)
Richard Sandiford <rdsandiford@xxxxxxxxxxxxxx>
Richard W.M. Jones <rjones@xxxxxxxxxx>
Riku Voipio <riku.voipio@xxxxxx>
Riku Voipio <riku.voipio@xxxxxxxxxx>
Robert Schiele <rschiele@xxxxxxxxx>
Roger Pau Monnà <roger.pau@xxxxxxxxxx>
Ronald Hecht <address@hidden>
Ronald Hecht <ronald.hecht@xxxxxx>
Ronnie Sahlberg <ronniesahlberg@xxxxxxxxx>
Samuel Seay <LightningTH@xxxxxxxxx>
Sander Eikelenboom <linux@xxxxxxxxxxxxxx>
Satoru Moriya <satoru.moriya@xxxxxxx>
Scott Feldman <sfeldma@xxxxxxxxxxxxxxxxxxx>
Scott Wood <scottwood@xxxxxxxxxxxxx>
Seiji Aguchi <seiji.aguchi@xxxxxxx>
Serge Hallyn <serge.hallyn@xxxxxxxxxx>
Soren Brinkmann <soren.brinkmann@xxxxxxxxxx>
Stefan Berger <stefanb@xxxxxxxxxxxxxxxxxx>
Stefan Hajnoczi <stefanha@xxxxxxxxxx>
Stefan Priebe <s.priebe@xxxxxxxxxxxx>
Stefan Weil <sw@xxxxxxxxxxx>
Stefano Stabellini <stefano.stabellini@xxxxxxxxxxxxx>
Stuart Yoder <stuart.yoder@xxxxxxxxxxxxx>
Thomas Huth <thuth@xxxxxxxxxxxxxxxxxx>
Thomas Schwinge <thomas@xxxxxxxxxxxxxxxx>
Tiejun Chen <tiejun.chen@xxxxxxxxxxxxx>
Tim Hardeck <thardeck@xxxxxxx>
Tomoki Sekiyama <tomoki.sekiyama.qu@xxxxxxxxxxx>
Umesh Deshpande <udeshpan@xxxxxxxxxx>
Uri Lublin <uril@xxxxxxxxxx>
Vadim Evard <v.e.evard@xxxxxxxxx>
Vasilis Liaskovitis <vasilis.liaskovitis@xxxxxxxxxxxxxxxx>
Vijay Mohan Pandarathil <vijaymohan.pandarathil@xxxxxx>
Viktor Mihajlovski <mihajlov@xxxxxxxxxxxxxxxxxx>
Vishvananda Ishaya <vishvananda@xxxxxxxxx>
Vladimir Senkov <hangup@xxxxxxxxx>
Wanlong Gao <gaowanlong@xxxxxxxxxxxxxx>
Weidong Han <hanweidong@xxxxxxxxxx>
Wen Congyang <wency@xxxxxxxxxxxxxx>
Wenchao Xia <xiawenc@xxxxxxxxxxxxxxxxxx>
Wendy Liang <jliang@xxxxxxxxxx>
Will Auld <will.auld@xxxxxxxxx>
Xiao Guangrong <xiaoguangrong@xxxxxxxxxxxxxxxxxx>
Xudong Hao <xudong.hao@xxxxxxxxx>
Yan Vugenfirer <yan@xxxxxxxxxx>
Yeongkyoon Lee <yeongkyoon.lee@xxxxxxxxxxx>
Yin Yin <yin.yin@xxxxxxxxxxx>
Yongbok Kim <yongbok.kim@xxxxxxxxxx>
zhangleiqiang <zhangleiqiang@xxxxxxxxxx>
Zhenguo Wang <wangzhenguo@xxxxxxxxxx>
Zhi Yong Wu <wuzhy@xxxxxxxxxxxxxxxxxx>
Ãkos KovÃcs <akoskovacs@xxxxxxx>
------------------------------------------------------------
jobs:
build-amd64 pass
build-i386 pass
build-amd64-oldkern pass
build-i386-oldkern pass
build-amd64-pvops pass
build-i386-pvops pass
test-amd64-i386-qemuu-rhel6hvm-amd pass
test-amd64-amd64-xl-qemuu-win7-amd64 fail
test-amd64-i386-xl-qemuu-win7-amd64 fail
test-amd64-i386-qemuu-rhel6hvm-intel pass
test-amd64-i386-xl-qemuu-winxpsp3-vcpus1 fail
test-amd64-i386-xend-qemuu-winxpsp3 fail
test-amd64-amd64-xl-qemuu-winxpsp3 fail
------------------------------------------------------------
sg-report-flight on woking.cam.xci-test.com
logs: /home/xc_osstest/logs
images: /home/xc_osstest/images
Logs, config files, etc. are available at
http://www.chiark.greenend.org.uk/~xensrcts/logs
Test harness code can be found at
http://xenbits.xensource.com/gitweb?p=osstest.git;a=summary
Pushing revision :
+ branch=qemu-upstream-unstable
+ revision=b97307ecaad98360f41ea36cd9674ef810c4f8cf
+ . cri-lock-repos
++ . cri-common
+++ . cri-getconfig
+++ umask 002
+++ getconfig Repos
+++ perl -e '
use Osstest;
readglobalconfig();
print $c{"Repos"} or die $!;
'
++ repos=/export/home/osstest/repos
++ repos_lock=/export/home/osstest/repos/lock
++ '[' x '!=' x/export/home/osstest/repos/lock ']'
++ OSSTEST_REPOS_LOCK_LOCKED=/export/home/osstest/repos/lock
++ exec with-lock-ex -w /export/home/osstest/repos/lock ./ap-push
qemu-upstream-unstable b97307ecaad98360f41ea36cd9674ef810c4f8cf
+ branch=qemu-upstream-unstable
+ revision=b97307ecaad98360f41ea36cd9674ef810c4f8cf
+ . cri-lock-repos
++ . cri-common
+++ . cri-getconfig
+++ umask 002
+++ getconfig Repos
+++ perl -e '
use Osstest;
readglobalconfig();
print $c{"Repos"} or die $!;
'
++ repos=/export/home/osstest/repos
++ repos_lock=/export/home/osstest/repos/lock
++ '[' x/export/home/osstest/repos/lock '!=' x/export/home/osstest/repos/lock
']'
+ . cri-common
++ . cri-getconfig
++ umask 002
+ select_xenbranch
+ case "$branch" in
+ tree=qemuu
+ xenbranch=xen-unstable
+ '[' xqemuu = xlinux ']'
+ linuxbranch=
+ : tested/2.6.39.x
+ . ap-common
++ : osstest@xxxxxxxxxxxxxxxxxxxxx
++ : git://xenbits.xen.org/xen.git
++ : osstest@xxxxxxxxxxxxxxxxxxxxx:/home/xen/git/xen.git
++ : git://xenbits.xen.org/staging/qemu-xen-unstable.git
++ : git://git.kernel.org
++ : git://git.kernel.org/pub/scm/linux/kernel/git
++ : git
++ : git://xenbits.xen.org/osstest/linux-firmware.git
++ : osstest@xxxxxxxxxxxxxxxxxxxxx:/home/osstest/ext/linux-firmware.git
++ : git://git.kernel.org/pub/scm/linux/kernel/git/firmware/linux-firmware.git
++ : osstest@xxxxxxxxxxxxxxxxxxxxx:/home/xen/git/linux-pvops.git
++ : git://xenbits.xen.org/linux-pvops.git
++ : tested/linux-3.4
++ : tested/linux-arm-xen
++ '[' xgit://xenbits.xen.org/linux-pvops.git = x ']'
++ '[' x = x ']'
++ : git://xenbits.xen.org/linux-pvops.git
++ : tested/linux-arm-xen
++ : git://git.kernel.org/pub/scm/linux/kernel/git/konrad/xen.git
++ : tested/2.6.39.x
++ : daily-cron.qemu-upstream-unstable
++ : daily-cron.qemu-upstream-unstable
++ : http://hg.uk.xensource.com/carbon/trunk/linux-2.6.27
++ : git://xenbits.xen.org/staging/qemu-upstream-unstable.git
++ : daily-cron.qemu-upstream-unstable
+ TREE_LINUX=osstest@xxxxxxxxxxxxxxxxxxxxx:/home/xen/git/linux-pvops.git
+
TREE_QEMU_UPSTREAM=osstest@xxxxxxxxxxxxxxxxxxxxx:/home/xen/git/qemu-upstream-unstable.git
+ TREE_XEN=osstest@xxxxxxxxxxxxxxxxxxxxx:/home/xen/git/xen.git
+ info_linux_tree qemu-upstream-unstable
+ case $1 in
+ return 1
+ case "$branch" in
+ cd /export/home/osstest/repos/qemu-upstream-unstable
+ git push
osstest@xxxxxxxxxxxxxxxxxxxxx:/home/xen/git/qemu-upstream-unstable.git
b97307ecaad98360f41ea36cd9674ef810c4f8cf:master
Counting objects: 1
Counting objects: 5914
Counting objects: 35374, done.
Compressing objects: 0% (1/6260)
Compressing objects: 1% (63/6260)
Compressing objects: 2% (126/6260)
Compressing objects: 3% (188/6260)
Compressing objects: 4% (251/6260)
Compressing objects: 5% (313/6260)
Compressing objects: 6% (376/6260)
Compressing objects: 7% (439/6260)
Compressing objects: 8% (501/6260)
Compressing objects: 9% (564/6260)
Compressing objects: 10% (626/6260)
Compressing objects: 11% (689/6260)
Compressing objects: 12% (752/6260)
Compressing objects: 13% (814/6260)
Compressing objects: 14% (877/6260)
Compressing objects: 15% (939/6260)
Compressing objects: 16% (1002/6260)
Compressing objects: 17% (1065/6260)
Compressing objects: 18% (1127/6260)
Compressing objects: 19% (1190/6260)
Compressing objects: 20% (1252/6260)
Compressing objects: 21% (1315/6260)
Compressing objects: 22% (1378/6260)
Compressing objects: 23% (1440/6260)
Compressing objects: 24% (1503/6260)
Compressing objects: 25% (1565/6260)
Compressing objects: 26% (1628/6260)
Compressing objects: 27% (1691/6260)
Compressing objects: 28% (1753/6260)
Compressing objects: 29% (1816/6260)
Compressing objects: 30% (1878/6260)
Compressing objects: 31% (1941/6260)
Compressing objects: 32% (2004/6260)
Compressing objects: 33% (2066/6260)
Compressing objects: 34% (2129/6260)
Compressing objects: 35% (2191/6260)
Compressing objects: 36% (2254/6260)
Compressing objects: 37% (2317/6260)
Compressing objects: 38% (2379/6260)
Compressing objects: 39% (2442/6260)
Compressing objects: 40% (2504/6260)
Compressing objects: 41% (2567/6260)
Compressing objects: 42% (2630/6260)
Compressing objects: 43% (2692/6260)
Compressing objects: 44% (2755/6260)
Compressing objects: 45% (2817/6260)
Compressing objects: 46% (2880/6260)
Compressing objects: 47% (2943/6260)
Compressing objects: 48% (3005/6260)
Compressing objects: 49% (3068/6260)
Compressing objects: 50% (3130/6260)
Compressing objects: 51% (3193/6260)
Compressing objects: 52% (3256/6260)
Compressing objects: 53% (3318/6260)
Compressing objects: 54% (3381/6260)
Compressing objects: 55% (3443/6260)
Compressing objects: 56% (3506/6260)
Compressing objects: 57% (3569/6260)
Compressing objects: 58% (3631/6260)
Compressing objects: 59% (3694/6260)
Compressing objects: 60% (3756/6260)
Compressing objects: 61% (3819/6260)
Compressing objects: 62% (3882/6260)
Compressing objects: 63% (3944/6260)
Compressing objects: 64% (4007/6260)
Compressing objects: 65% (4069/6260)
Compressing objects: 66% (4132/6260)
Compressing objects: 67% (4195/6260)
Compressing objects: 68% (4257/6260)
Compressing objects: 69% (4320/6260)
Compressing objects: 70% (4382/6260)
Compressing objects: 71% (4445/6260)
Compressing objects: 72% (4508/6260)
Compressing objects: 73% (4570/6260)
Compressing objects: 74% (4633/6260)
Compressing objects: 75% (4695/6260)
Compressing objects: 76% (4758/6260)
Compressing objects: 77% (4821/6260)
Compressing objects: 78% (4883/6260)
Compressing objects: 79% (4946/6260)
Compressing objects: 80% (5008/6260)
Compressing objects: 81% (5071/6260)
Compressing objects: 82% (5134/6260)
Compressing objects: 83% (5196/6260)
Compressing objects: 84% (5259/6260)
Compressing objects: 85% (5321/6260)
Compressing objects: 86% (5384/6260)
Compressing objects: 87% (5447/6260)
Compressing objects: 88% (5509/6260)
Compressing objects: 89% (5572/6260)
Compressing objects: 90% (5634/6260)
Compressing objects: 91% (5697/6260)
Compressing objects: 92% (5760/6260)
Compressing objects: 93% (5822/6260)
Compressing objects: 94% (5885/6260)
Compressing objects: 95% (5947/6260)
Compressing objects: 96% (6010/6260)
Compressing objects: 97% (6073/6260)
Compressing objects: 98% (6135/6260)
Compressing objects: 99% (6198/6260)
Compressing objects: 100% (6260/6260)
Compressing objects: 100% (6260/6260), done.
Writing objects: 0% (1/33400)
Writing objects: 1% (334/33400)
Writing objects: 2% (668/33400)
Writing objects: 3% (1002/33400)
Writing objects: 4% (1336/33400)
Writing objects: 5% (1670/33400)
Writing objects: 6% (2004/33400)
Writing objects: 7% (2338/33400)
Writing objects: 8% (2672/33400)
Writing objects: 9% (3006/33400)
Writing objects: 10% (3340/33400)
Writing objects: 11% (3674/33400)
Writing objects: 12% (4008/33400)
Writing objects: 13% (4342/33400)
Writing objects: 14% (4676/33400)
Writing objects: 15% (5010/33400)
Writing objects: 15% (5208/33400), 2.07 MiB | 3604 KiB/s
Writing objects: 16% (5344/33400), 2.39 MiB | 1756 KiB/s
Writing objects: 16% (5531/33400), 2.77 MiB | 1335 KiB/s
Writing objects: 17% (5678/33400), 2.77 MiB | 1335 KiB/s
Writing objects: 17% (5927/33400), 3.14 MiB | 1139 KiB/s
Writing objects: 18% (6013/33400), 3.14 MiB | 1139 KiB/s
Writing objects: 18% (6219/33400), 3.53 MiB | 1022 KiB/s
Writing objects: 19% (6347/33400), 3.89 MiB | 938 KiB/s
Writing objects: 19% (6524/33400), 4.27 MiB | 866 KiB/s
Writing objects: 20% (6680/33400), 4.27 MiB | 866 KiB/s
Writing objects: 21% (7016/33400), 4.64 MiB | 823 KiB/s
Writing objects: 21% (7139/33400), 4.64 MiB | 823 KiB/s
Writing objects: 21% (7233/33400), 5.39 MiB | 515 KiB/s
Writing objects: 21% (7239/33400), 5.77 MiB | 530 KiB/s
Writing objects: 21% (7243/33400), 6.39 MiB | 521 KiB/s
Writing objects: 21% (7279/33400), 6.78 MiB | 520 KiB/s
Writing objects: 22% (7348/33400), 6.78 MiB | 520 KiB/s
Writing objects: 23% (7682/33400), 7.15 MiB | 521 KiB/s
Writing objects: 23% (7782/33400), 7.15 MiB | 521 KiB/s
Writing objects: 24% (8017/33400), 7.53 MiB | 527 KiB/s
Writing objects: 24% (8169/33400), 7.90 MiB | 520 KiB/s
Writing objects: 25% (8350/33400), 7.90 MiB | 520 KiB/s
Writing objects: 26% (8684/33400), 7.90 MiB | 520 KiB/s
Writing objects: 27% (9019/33400), 7.90 MiB | 520 KiB/s
Writing objects: 28% (9352/33400), 8.27 MiB | 519 KiB/s
Writing objects: 29% (9686/33400), 8.27 MiB | 519 KiB/s
Writing objects: 30% (10020/33400), 8.27 MiB | 519 KiB/s
Writing objects: 30% (10035/33400), 8.27 MiB | 519 KiB/s
Writing objects: 31% (10354/33400), 8.27 MiB | 519 KiB/s
Writing objects: 32% (10688/33400), 8.27 MiB | 519 KiB/s
Writing objects: 33% (11022/33400), 8.27 MiB | 519 KiB/s
Writing objects: 34% (11356/33400), 8.27 MiB | 519 KiB/s
Writing objects: 35% (11690/33400), 8.27 MiB | 519 KiB/s
Writing objects: 36% (12024/33400), 8.27 MiB | 519 KiB/s
Writing objects: 37% (12358/33400), 8.64 MiB | 519 KiB/s
Writing objects: 38% (12692/33400), 8.64 MiB | 519 KiB/s
Writing objects: 39% (13026/33400), 8.64 MiB | 519 KiB/s
Writing objects: 40% (13360/33400), 8.64 MiB | 519 KiB/s
Writing objects: 41% (13694/33400), 8.64 MiB | 519 KiB/s
Writing objects: 42% (14028/33400), 8.64 MiB | 519 KiB/s
Writing objects: 42% (14180/33400), 8.64 MiB | 519 KiB/s
Writing objects: 43% (14362/33400), 8.64 MiB | 519 KiB/s
Writing objects: 44% (14696/33400), 8.64 MiB | 519 KiB/s
Writing objects: 45% (15030/33400), 8.64 MiB | 519 KiB/s
Writing objects: 46% (15364/33400), 9.02 MiB | 513 KiB/s
Writing objects: 47% (15699/33400), 9.02 MiB | 513 KiB/s
Writing objects: 48% (16032/33400), 9.02 MiB | 513 KiB/s
Writing objects: 49% (16366/33400), 9.02 MiB | 513 KiB/s
Writing objects: 50% (16700/33400), 9.02 MiB | 513 KiB/s
Writing objects: 51% (17034/33400), 9.27 MiB | 512 KiB/s
Writing objects: 52% (17369/33400), 9.27 MiB | 512 KiB/s
Writing objects: 53% (17703/33400), 9.27 MiB | 512 KiB/s
Writing objects: 53% (17994/33400), 9.27 MiB | 512 KiB/s
Writing objects: 54% (18036/33400), 9.27 MiB | 512 KiB/s
Writing objects: 55% (18370/33400), 9.27 MiB | 512 KiB/s
Writing objects: 56% (18704/33400), 9.27 MiB | 512 KiB/s
Writing objects: 57% (19038/33400), 9.27 MiB | 512 KiB/s
Writing objects: 58% (19372/33400), 9.27 MiB | 512 KiB/s
Writing objects: 59% (19707/33400), 9.27 MiB | 512 KiB/s
Writing objects: 60% (20040/33400), 9.64 MiB | 520 KiB/s
Writing objects: 61% (20374/33400), 9.64 MiB | 520 KiB/s
Writing objects: 62% (20708/33400), 9.64 MiB | 520 KiB/s
Writing objects: 63% (21059/33400), 9.64 MiB | 520 KiB/s
Writing objects: 64% (21376/33400), 9.64 MiB | 520 KiB/s
Writing objects: 64% (21502/33400), 9.89 MiB | 511 KiB/s
Writing objects: 65% (21710/33400), 9.89 MiB | 511 KiB/s
Writing objects: 66% (22044/33400), 9.89 MiB | 511 KiB/s
Writing objects: 67% (22379/33400), 9.89 MiB | 511 KiB/s
Writing objects: 68% (22715/33400), 9.89 MiB | 511 KiB/s
Writing objects: 69% (23046/33400), 10.27 MiB | 512 KiB/s
Writing objects: 70% (23380/33400), 10.27 MiB | 512 KiB/s
Writing objects: 71% (23714/33400), 10.27 MiB | 512 KiB/s
Writing objects: 72% (24048/33400), 10.27 MiB | 512 KiB/s
Writing objects: 72% (24108/33400), 10.27 MiB | 512 KiB/s
Writing objects: 73% (24382/33400), 10.27 MiB | 512 KiB/s
Writing objects: 74% (24717/33400), 10.27 MiB | 512 KiB/s
Writing objects: 75% (25050/33400), 10.27 MiB | 512 KiB/s
Writing objects: 76% (25384/33400), 10.64 MiB | 511 KiB/s
Writing objects: 77% (25718/33400), 10.64 MiB | 511 KiB/s
Writing objects: 78% (26052/33400), 10.64 MiB | 511 KiB/s
Writing objects: 78% (26196/33400), 10.64 MiB | 511 KiB/s
Writing objects: 79% (26386/33400), 10.64 MiB | 511 KiB/s
Writing objects: 80% (26720/33400), 11.02 MiB | 519 KiB/s
Writing objects: 81% (27055/33400), 11.02 MiB | 519 KiB/s
Writing objects: 82% (27388/33400), 11.02 MiB | 519 KiB/s
Writing objects: 83% (27722/33400), 11.02 MiB | 519 KiB/s
Writing objects: 83% (27927/33400), 11.39 MiB | 521 KiB/s
Writing objects: 84% (28056/33400), 11.39 MiB | 521 KiB/s
Writing objects: 85% (28390/33400), 11.39 MiB | 521 KiB/s
Writing objects: 86% (28724/33400), 11.39 MiB | 521 KiB/s
Writing objects: 87% (29058/33400), 11.39 MiB | 521 KiB/s
Writing objects: 88% (29392/33400), 11.39 MiB | 521 KiB/s
Writing objects: 89% (29726/33400), 11.64 MiB | 512 KiB/s
Writing objects: 90% (30068/33400), 11.64 MiB | 512 KiB/s
Writing objects: 91% (30394/33400), 11.64 MiB | 512 KiB/s
Writing objects: 92% (30728/33400), 11.64 MiB | 512 KiB/s
Writing objects: 93% (31062/33400), 11.64 MiB | 512 KiB/s
Writing objects: 93% (31259/33400), 11.64 MiB | 512 KiB/s
Writing objects: 94% (31396/33400), 11.64 MiB | 512 KiB/s
Writing objects: 95% (31730/33400), 11.64 MiB | 512 KiB/s
Writing objects: 96% (32064/33400), 11.64 MiB | 512 KiB/s
Writing objects: 97% (32398/33400), 11.64 MiB | 512 KiB/s
Writing objects: 98% (32732/33400), 12.02 MiB | 518 KiB/s
Writing objects: 99% (33066/33400), 12.02 MiB | 518 KiB/s
Writing objects: 100% (33400/33400), 12.02 MiB | 518 KiB/s
Writing objects: 100% (33400/33400), 12.13 MiB | 520 KiB/s, done.
Total 33400 (delta 27049), reused 33278 (delta 27033)
To osstest@xxxxxxxxxxxxxxxxxxxxx:/home/xen/git/qemu-upstream-unstable.git
8a4bd76..b97307e b97307ecaad98360f41ea36cd9674ef810c4f8cf -> master
_______________________________________________
Xen-devel mailing list
Xen-devel@xxxxxxxxxxxxx
http://lists.xen.org/xen-devel
_______________________________________________
Xen-devel mailing list
Xen-devel@xxxxxxxxxxxxx
http://lists.xen.org/xen-devel
_______________________________________________
Xen-devel mailing list
Xen-devel@xxxxxxxxxxxxx
http://lists.xen.org/xen-devel
|