[Date Prev][Date Next][Thread Prev][Thread Next][Date Index][Thread Index] [Xen-devel] [xen-unstable test] 10454: regressions - FAIL
flight 10454 xen-unstable real [real] http://www.chiark.greenend.org.uk/~xensrcts/logs/10454/ Regressions :-( Tests which did not succeed and are blocking: test-i386-i386-xl-winxpsp3 3 host-install(3) broken in 10446 test-amd64-i386-rhel6hvm-intel 3 host-install(3) broken in 10446 test-amd64-i386-xl-multivcpu 3 host-install(3) broken in 10446 test-amd64-amd64-xl-sedf 3 host-install(3) broken in 10446 test-amd64-amd64-xl-win 7 windows-install fail in 10446 REGR. vs. 10201 test-amd64-i386-xl-win-vcpus1 7 windows-install fail in 10446 REGR. vs. 10201 Tests which are failing intermittently (not blocking): build-amd64-oldkern 4 xen-build fail pass in 10446 build-amd64 4 xen-build fail pass in 10446 build-amd64-pvops 4 kernel-build fail pass in 10446 test-i386-i386-xl-win 7 windows-install fail in 10446 pass in 10454 Tests which did not succeed, but are not blocking, including regressions (tests previously passed) regarded as allowable: test-amd64-amd64-xl-pcipt-intel 1 xen-build-check(1) blocked n/a test-i386-i386-xl-winxpsp3 7 windows-install fail never pass test-amd64-i386-xl-winxpsp3-vcpus1 1 xen-build-check(1) blocked n/a test-amd64-i386-xl-win7-amd64 1 xen-build-check(1) blocked n/a test-amd64-i386-xend-winxpsp3 1 xen-build-check(1) blocked n/a test-amd64-amd64-xl-win7-amd64 1 xen-build-check(1) blocked n/a test-amd64-i386-rhel6hvm-intel 1 xen-build-check(1) blocked n/a test-amd64-i386-pv 1 xen-build-check(1) blocked n/a test-amd64-i386-xl-credit2 1 xen-build-check(1) blocked n/a test-amd64-i386-xl-multivcpu 1 xen-build-check(1) blocked n/a test-amd64-i386-xl 1 xen-build-check(1) blocked n/a test-amd64-i386-rhel6hvm-amd 1 xen-build-check(1) blocked n/a test-amd64-i386-pair 1 xen-build-check(1) blocked n/a test-amd64-amd64-xl-sedf 1 xen-build-check(1) blocked n/a test-amd64-amd64-xl-winxpsp3 1 xen-build-check(1) blocked n/a test-amd64-amd64-xl-sedf-pin 1 xen-build-check(1) blocked n/a test-amd64-amd64-pv 1 xen-build-check(1) blocked n/a test-amd64-amd64-xl 1 xen-build-check(1) blocked n/a test-amd64-i386-win 1 xen-build-check(1) blocked n/a test-i386-i386-win 16 leak-check/check fail never pass test-amd64-amd64-pair 1 xen-build-check(1) blocked n/a test-amd64-i386-win-vcpus1 1 xen-build-check(1) blocked n/a test-amd64-amd64-win 1 xen-build-check(1) blocked n/a test-amd64-amd64-xl-win 1 xen-build-check(1) blocked n/a test-amd64-i386-xl-win-vcpus1 1 xen-build-check(1) blocked n/a test-i386-i386-xl-win 13 guest-stop fail never pass test-amd64-amd64-xl-pcipt-intel 9 guest-start fail in 10446 never pass test-amd64-i386-xl-winxpsp3-vcpus1 7 windows-install fail in 10446 never pass test-amd64-i386-xl-win7-amd64 7 windows-install fail in 10446 never pass test-amd64-i386-xend-winxpsp3 7 windows-install fail in 10446 never pass test-amd64-amd64-xl-win7-amd64 7 windows-install fail in 10446 never pass test-amd64-i386-rhel6hvm-amd 9 guest-start.2 fail in 10446 never pass test-amd64-amd64-xl-winxpsp3 7 windows-install fail in 10446 never pass test-amd64-i386-win 16 leak-check/check fail in 10446 never pass test-amd64-i386-win-vcpus1 16 leak-check/check fail in 10446 never pass test-amd64-amd64-win 16 leak-check/check fail in 10446 never pass version targeted for testing: xen 1c58bb664d8d baseline version: xen 62ff6a318c5d ------------------------------------------------------------ People who touched revisions under test: Adin Scannell <adin@xxxxxxxxxxx> Adin Scannell <adin@xxxxxxxxxxx> Andres Lagar-Cavilla <andres@xxxxxxxxxxxxxxxx> Andres Lagar-Cavilla <andres@lagarcavilla> Andrew Cooper <andrew.cooper3@xxxxxxxxxx> Anthony PERARD <anthony.perard@xxxxxxxxxx> Brendan Cully <brendan@xxxxxxxxx> Daniel De Graaf <dgdegra@xxxxxxxxxxxxx> Haitao Shan <haitao.shan@xxxxxxxxx> Ian Campbell <ian.campbell@xxxxxxxxxx> Ian Jackson <ian.jackson.citrix.com> Ian Jackson <ian.jackson@xxxxxxxxxxxxx> Jan Beulich <jbeulich@xxxxxxxxxx> Jan Beulich <jbeulich@xxxxxxxx> Jonathan Davies <jonathan.davies@xxxxxxxxxx> juergen.gross@xxxxxxxxxxxxxx Keir Fraser <keir@xxxxxxx> Liu, Jinsong <jinsong.liu@xxxxxxxxx> Olaf Hering <olaf@xxxxxxxxx> Paul Durrant <paul.durrant@xxxxxxxxxx> Philipp Hahn <hahn@xxxxxxxxxxxxx> Shriram Rajagopalan <rshriram@xxxxxxxxx> Stefano Stabellini <stefano.stabellini@xxxxxxxxxxxxx> Tim Deegan <tim@xxxxxxx> Wei Wang2 <wei.wang2@xxxxxxx> Xudong Hao <xudong.hao@xxxxxxxxx> ------------------------------------------------------------ jobs: build-amd64 fail build-i386 pass build-amd64-oldkern fail build-i386-oldkern pass build-amd64-pvops fail build-i386-pvops pass test-amd64-amd64-xl blocked test-amd64-i386-xl blocked test-i386-i386-xl pass test-amd64-i386-rhel6hvm-amd blocked test-amd64-amd64-xl-win7-amd64 blocked test-amd64-i386-xl-win7-amd64 blocked test-amd64-i386-xl-credit2 blocked test-amd64-amd64-xl-pcipt-intel blocked test-amd64-i386-rhel6hvm-intel blocked test-amd64-i386-xl-multivcpu blocked test-amd64-amd64-pair blocked test-amd64-i386-pair blocked test-i386-i386-pair pass test-amd64-amd64-xl-sedf-pin blocked test-amd64-amd64-pv blocked test-amd64-i386-pv blocked test-i386-i386-pv pass test-amd64-amd64-xl-sedf blocked test-amd64-i386-win-vcpus1 blocked test-amd64-i386-xl-win-vcpus1 blocked test-amd64-i386-xl-winxpsp3-vcpus1 blocked test-amd64-amd64-win blocked test-amd64-i386-win blocked test-i386-i386-win fail test-amd64-amd64-xl-win blocked test-i386-i386-xl-win fail test-amd64-i386-xend-winxpsp3 blocked test-amd64-amd64-xl-winxpsp3 blocked test-i386-i386-xl-winxpsp3 fail ------------------------------------------------------------ sg-report-flight on woking.cam.xci-test.com logs: /home/xc_osstest/logs images: /home/xc_osstest/images Logs, config files, etc. are available at http://www.chiark.greenend.org.uk/~xensrcts/logs Test harness code can be found at http://xenbits.xensource.com/gitweb?p=osstest.git;a=summary Not pushing. (No revision log; it would be 1522 lines long.) _______________________________________________ Xen-devel mailing list Xen-devel@xxxxxxxxxxxxxxxxxxx http://lists.xensource.com/xen-devel
|
![]() |
Lists.xenproject.org is hosted with RackSpace, monitoring our |