[Date Prev][Date Next][Thread Prev][Thread Next][Date Index][Thread Index] Re: [Xen-devel] [xen-unstable test] 10244: regressions - FAIL
On 02/12/2011 16:17, "Ian Jackson" <Ian.Jackson@xxxxxxxxxxxxx> wrote: > flight 10244 xen-unstable real [real] > http://www.chiark.greenend.org.uk/~xensrcts/logs/10244/ > > Regressions :-( > > Tests which did not succeed and are blocking: > build-amd64 4 xen-build fail REGR. vs. > 10201 > build-i386-oldkern 4 xen-build fail REGR. vs. > 10201 > build-i386 4 xen-build fail REGR. vs. > 10201 > build-amd64-oldkern 4 xen-build fail REGR. vs. > 10201 My fault. Should be fixed now. -- Keir > Tests which did not succeed, but are not blocking, > including regressions (tests previously passed) regarded as allowable: > test-amd64-i386-xend-winxpsp3 1 xen-build-check(1) blocked n/a > test-amd64-amd64-xl-win7-amd64 1 xen-build-check(1) blocked n/a > test-amd64-amd64-xl-winxpsp3 1 xen-build-check(1) blocked n/a > test-amd64-i386-xl-winxpsp3-vcpus1 1 xen-build-check(1) blocked > n/a > test-amd64-i386-xl-win7-amd64 1 xen-build-check(1) blocked n/a > test-i386-i386-xl-winxpsp3 1 xen-build-check(1) blocked n/a > test-amd64-i386-pv 1 xen-build-check(1) blocked n/a > test-i386-i386-pv 1 xen-build-check(1) blocked n/a > test-i386-i386-xl 1 xen-build-check(1) blocked n/a > test-amd64-i386-xl-multivcpu 1 xen-build-check(1) blocked n/a > test-amd64-i386-xl 1 xen-build-check(1) blocked n/a > test-amd64-amd64-pair 1 xen-build-check(1) blocked n/a > test-amd64-i386-pair 1 xen-build-check(1) blocked n/a > test-i386-i386-pair 1 xen-build-check(1) blocked n/a > test-amd64-amd64-xl-sedf 1 xen-build-check(1) blocked n/a > test-amd64-i386-rhel6hvm-intel 1 xen-build-check(1) blocked n/a > test-amd64-i386-rhel6hvm-amd 1 xen-build-check(1) blocked n/a > test-amd64-amd64-pv 1 xen-build-check(1) blocked n/a > test-amd64-amd64-xl 1 xen-build-check(1) blocked n/a > test-amd64-amd64-xl-pcipt-intel 1 xen-build-check(1) blocked n/a > test-amd64-i386-xl-credit2 1 xen-build-check(1) blocked n/a > test-amd64-amd64-xl-win 1 xen-build-check(1) blocked n/a > test-amd64-i386-win-vcpus1 1 xen-build-check(1) blocked n/a > test-amd64-i386-win 1 xen-build-check(1) blocked n/a > test-i386-i386-win 1 xen-build-check(1) blocked n/a > test-amd64-i386-xl-win-vcpus1 1 xen-build-check(1) blocked n/a > test-i386-i386-xl-win 1 xen-build-check(1) blocked n/a > test-amd64-amd64-win 1 xen-build-check(1) blocked n/a > > version targeted for testing: > xen 72f4e4cb7440 > baseline version: > xen 62ff6a318c5d > > ------------------------------------------------------------ > People who touched revisions under test: > Adin Scannell <adin@xxxxxxxxxxx> > Andres Lagar-Cavilla <andres@xxxxxxxxxxxxxxxx> > Anthony PERARD <anthony.perard@xxxxxxxxxx> > Brendan Cully <brendan@xxxxxxxxx> > Daniel De Graaf <dgdegra@xxxxxxxxxxxxx> > Ian Campbell <ian.campbell@xxxxxxxxxx> > Ian Jackson <ian.jackson.citrix.com> > Ian Jackson <ian.jackson@xxxxxxxxxxxxx> > Jan Beulich <jbeulich@xxxxxxxxxx> > Jan Beulich <jbeulich@xxxxxxxx> > Jean Guyader <jean.guyader@xxxxxxxxxxxxx> > Jonathan Davies <jonathan.davies@xxxxxxxxxx> > juergen.gross@xxxxxxxxxxxxxx > Keir Fraser <keir@xxxxxxx> > Liu, Jinsong <jinsong.liu@xxxxxxxxx> > Olaf Hering <olaf@xxxxxxxxx> > Philipp Hahn <hahn@xxxxxxxxxxxxx> > Shriram Rajagopalan <rshriram@xxxxxxxxx> > Stefano Stabellini <stefano.stabellini@xxxxxxxxxxxxx> > Tim Deegan <tim@xxxxxxx> > Wei Wang2 <wei.wang2@xxxxxxx> > ------------------------------------------------------------ > > jobs: > build-amd64 fail > build-i386 fail > build-amd64-oldkern fail > build-i386-oldkern fail > build-amd64-pvops pass > build-i386-pvops pass > test-amd64-amd64-xl blocked > test-amd64-i386-xl blocked > test-i386-i386-xl blocked > test-amd64-i386-rhel6hvm-amd blocked > test-amd64-amd64-xl-win7-amd64 blocked > test-amd64-i386-xl-win7-amd64 blocked > test-amd64-i386-xl-credit2 blocked > test-amd64-amd64-xl-pcipt-intel blocked > test-amd64-i386-rhel6hvm-intel blocked > test-amd64-i386-xl-multivcpu blocked > test-amd64-amd64-pair blocked > test-amd64-i386-pair blocked > test-i386-i386-pair blocked > test-amd64-amd64-pv blocked > test-amd64-i386-pv blocked > test-i386-i386-pv blocked > test-amd64-amd64-xl-sedf blocked > test-amd64-i386-win-vcpus1 blocked > test-amd64-i386-xl-win-vcpus1 blocked > test-amd64-i386-xl-winxpsp3-vcpus1 blocked > test-amd64-amd64-win blocked > test-amd64-i386-win blocked > test-i386-i386-win blocked > test-amd64-amd64-xl-win blocked > test-i386-i386-xl-win blocked > test-amd64-i386-xend-winxpsp3 blocked > test-amd64-amd64-xl-winxpsp3 blocked > test-i386-i386-xl-winxpsp3 blocked > > > ------------------------------------------------------------ > sg-report-flight on woking.cam.xci-test.com > logs: /home/xc_osstest/logs > images: /home/xc_osstest/images > > Logs, config files, etc. are available at > http://www.chiark.greenend.org.uk/~xensrcts/logs > > Test harness code can be found at > http://xenbits.xensource.com/gitweb?p=osstest.git;a=summary > > > Not pushing. > > (No revision log; it would be 1123 lines long.) > > _______________________________________________ > Xen-devel mailing list > Xen-devel@xxxxxxxxxxxxxxxxxxx > http://lists.xensource.com/xen-devel _______________________________________________ Xen-devel mailing list Xen-devel@xxxxxxxxxxxxxxxxxxx http://lists.xensource.com/xen-devel
|
![]() |
Lists.xenproject.org is hosted with RackSpace, monitoring our |